CRAN Package Check Results for Package sigclust

Last updated on 2015-08-31 08:47:07.

Flavor Version Tinstall Tcheck Ttotal Status Flags
r-devel-linux-x86_64-debian-clang 1.1.0 0.54 27.72 28.25 NOTE
r-devel-linux-x86_64-debian-gcc 1.1.0 0.50 27.51 28.01 NOTE
r-devel-linux-x86_64-fedora-clang 1.1.0 57.76 NOTE
r-devel-linux-x86_64-fedora-gcc 1.1.0 54.66 NOTE
r-devel-osx-x86_64-clang 1.1.0 43.33 OK
r-devel-windows-ix86+x86_64 1.1.0 4.00 62.00 66.00 NOTE
r-patched-linux-x86_64 1.1.0 0.56 28.78 29.35 OK
r-patched-solaris-sparc 1.1.0 441.20 OK
r-patched-solaris-x86 1.1.0 88.60 OK
r-release-linux-x86_64 1.1.0 0.57 29.76 30.33 OK
r-release-osx-x86_64-mavericks 1.1.0 OK
r-release-windows-ix86+x86_64 1.1.0 4.00 55.00 59.00 OK
r-oldrel-windows-ix86+x86_64 1.1.0 3.00 52.00 55.00 OK

Check Details

Version: 1.1.0
Check: R code for possible problems
Result: NOTE
    .cluster: no visible global function definition for ‘kmeans’
    .plot.sigclust: no visible global function definition for ‘par’
    .plot.sigclust: no visible global function definition for ‘density’
    .plot.sigclust: no visible global function definition for ‘runif’
    .plot.sigclust: no visible global function definition for ‘dnorm’
    .plot.sigclust: no visible global function definition for ‘lines’
    .plot.sigclust: no visible global function definition for ‘points’
    .plot.sigclust: no visible global function definition for ‘title’
    .plot.sigclust: no visible global function definition for ‘text’
    .plot.sigclust: no visible global function definition for ‘qnorm’
    .plot.sigclust: no visible global function definition for ‘abline’
    .plot.sigclust: no visible global function definition for ‘quantile’
    .plot.sigclust: no visible global function definition for ‘legend’
    .simnull: no visible global function definition for ‘rnorm’
    .vareigen: no visible global function definition for ‘mad’
    .vareigen: no visible global function definition for ‘cov’
    sigclust: no visible global function definition for ‘sd’
    sigclust: no visible global function definition for ‘pnorm’
    Undefined global functions or variables:
     abline cov density dnorm kmeans legend lines mad par pnorm points
     qnorm quantile rnorm runif sd text title
    Consider adding
     importFrom("graphics", "abline", "legend", "lines", "par", "points",
     "text", "title")
     importFrom("stats", "cov", "density", "dnorm", "kmeans", "mad",
     "pnorm", "qnorm", "quantile", "rnorm", "runif", "sd")
    to your NAMESPACE.
Flavors: r-devel-linux-x86_64-debian-clang, r-devel-linux-x86_64-debian-gcc, r-devel-linux-x86_64-fedora-clang, r-devel-linux-x86_64-fedora-gcc, r-devel-windows-ix86+x86_64