CRAN Package Check Results for Package sigclust

Last updated on 2015-07-07 03:47:57.

Flavor Version Tinstall Tcheck Ttotal Status Flags
r-devel-linux-x86_64-debian-clang 1.1.0 0.58 29.77 30.34 NOTE
r-devel-linux-x86_64-debian-gcc 1.1.0 0.53 29.63 30.16 NOTE
r-devel-linux-x86_64-fedora-clang 1.1.0 62.00 NOTE
r-devel-linux-x86_64-fedora-gcc 1.1.0 58.72 NOTE
r-devel-osx-x86_64-clang 1.1.0 44.63 OK
r-devel-windows-ix86+x86_64 1.1.0 2.00 51.00 53.00 NOTE
r-patched-linux-x86_64 1.1.0 0.58 29.52 30.10 OK
r-patched-solaris-sparc 1.1.0 435.70 OK
r-patched-solaris-x86 1.1.0 87.90 OK
r-release-linux-x86_64 1.1.0 0.56 29.66 30.22 OK
r-release-osx-x86_64-mavericks 1.1.0 OK
r-release-windows-ix86+x86_64 1.1.0 2.00 53.00 55.00 OK
r-oldrel-windows-ix86+x86_64 1.1.0 3.00 52.00 55.00 OK

Check Details

Version: 1.1.0
Check: R code for possible problems
Result: NOTE
    .cluster: no visible global function definition for ‘kmeans’
    .plot.sigclust: no visible global function definition for ‘par’
    .plot.sigclust: no visible global function definition for ‘density’
    .plot.sigclust: no visible global function definition for ‘runif’
    .plot.sigclust: no visible global function definition for ‘dnorm’
    .plot.sigclust: no visible global function definition for ‘lines’
    .plot.sigclust: no visible global function definition for ‘points’
    .plot.sigclust: no visible global function definition for ‘title’
    .plot.sigclust: no visible global function definition for ‘text’
    .plot.sigclust: no visible global function definition for ‘qnorm’
    .plot.sigclust: no visible global function definition for ‘abline’
    .plot.sigclust: no visible global function definition for ‘quantile’
    .plot.sigclust: no visible global function definition for ‘legend’
    .simnull: no visible global function definition for ‘rnorm’
    .vareigen: no visible global function definition for ‘mad’
    .vareigen: no visible global function definition for ‘cov’
    sigclust: no visible global function definition for ‘sd’
    sigclust: no visible global function definition for ‘pnorm’
    Undefined global functions or variables:
     abline cov density dnorm kmeans legend lines mad par pnorm points
     qnorm quantile rnorm runif sd text title
Flavors: r-devel-linux-x86_64-debian-clang, r-devel-linux-x86_64-debian-gcc, r-devel-linux-x86_64-fedora-clang, r-devel-linux-x86_64-fedora-gcc, r-devel-windows-ix86+x86_64