CRAN Package Check Results for Package signal

Last updated on 2017-02-21 20:49:31.

Flavor Version Tinstall Tcheck Ttotal Status Flags
r-devel-linux-x86_64-debian-clang 0.7-6 2.21 24.73 26.94 NOTE
r-devel-linux-x86_64-debian-gcc 0.7-6 1.85 24.30 26.15 NOTE
r-devel-linux-x86_64-fedora-clang 0.7-6 44.59 NOTE --no-stop-on-test-error
r-devel-linux-x86_64-fedora-gcc 0.7-6 47.07 NOTE --no-stop-on-test-error
r-devel-macos-x86_64-clang 0.7-6 39.68 NOTE --no-stop-on-test-error
r-devel-windows-ix86+x86_64 0.7-6 13.00 121.00 134.00 OK
r-patched-linux-x86_64 0.7-6 1.71 20.88 22.58 OK
r-patched-solaris-sparc 0.7-6 243.50 OK
r-patched-solaris-x86 0.7-6 49.50 OK
r-release-linux-x86_64 0.7-6 1.86 20.51 22.37 OK
r-release-osx-x86_64-mavericks 0.7-6 OK
r-release-windows-ix86+x86_64 0.7-6 12.00 62.00 74.00 OK
r-oldrel-windows-ix86+x86_64 0.7-6 24.00 72.00 96.00 OK

Check Details

Version: 0.7-6
Check: compiled code
Result: NOTE
    File ‘signal/libs/signal.so’:
     Found no calls to: ‘R_registerRoutines’, ‘R_useDynamicSymbols’
    
    It is good practice to register native routines and to disable symbol
    search.
    
    See ‘Writing portable packages’ in the ‘Writing R Extensions’ manual.
Flavors: r-devel-linux-x86_64-debian-clang, r-devel-linux-x86_64-debian-gcc

Version: 0.7-6
Flags: --no-stop-on-test-error
Check: compiled code
Result: NOTE
    File ‘signal/libs/signal.so’:
     Found no calls to: ‘R_registerRoutines’, ‘R_useDynamicSymbols’
    
    It is good practice to register native routines and to disable symbol
    search.
    
    See ‘Writing portable packages’ in the ‘Writing R Extensions’ manual.
Flavors: r-devel-linux-x86_64-fedora-clang, r-devel-linux-x86_64-fedora-gcc, r-devel-macos-x86_64-clang