CRAN Package Check Results for Package signal

Last updated on 2015-08-02 14:47:42.

Flavor Version Tinstall Tcheck Ttotal Status Flags
r-devel-linux-x86_64-debian-clang 0.7-6 1.71 20.04 21.75 OK
r-devel-linux-x86_64-debian-gcc 0.7-6 1.66 19.22 20.88 OK
r-devel-linux-x86_64-fedora-clang 0.7-6 40.56 NOTE
r-devel-linux-x86_64-fedora-gcc 0.7-6 38.68 OK
r-devel-osx-x86_64-clang 0.7-6 38.02 OK
r-devel-windows-ix86+x86_64 0.7-6 10.00 44.00 54.00 OK
r-patched-linux-x86_64 0.7-6 1.70 19.80 21.50 OK
r-patched-solaris-sparc 0.7-6 229.80 OK
r-patched-solaris-x86 0.7-6 55.50 OK
r-release-linux-x86_64 0.7-6 1.73 19.62 21.35 OK
r-release-osx-x86_64-mavericks 0.7-6 OK
r-release-windows-ix86+x86_64 0.7-6 16.00 57.00 73.00 OK
r-oldrel-windows-ix86+x86_64 0.7-6 13.00 49.00 62.00 OK

Check Details

Version: 0.7-5
Check: R code for possible problems
Result: NOTE
    chebwin: no visible global function definition for ‘fft’
    conv: no visible global function definition for ‘fft’
    fftfilt: no visible global function definition for ‘fft’
    filter.MedianFilter: no visible global function definition for ‘runmed’
    filter.default: no visible global function definition for ‘na.omit’
    fir2: no visible global function definition for ‘approx’
    fir2: no visible global function definition for ‘fft’
    freqz.default: no visible global function definition for ‘fft’
    grpdelay.default: no visible global function definition for ‘fft’
    ifft: no visible global function definition for ‘fft’
    interp1 : lookup: no visible global function definition for ‘approx’
    interp1: no visible global function definition for ‘approx’
    interp1: no visible global function definition for ‘splinefun’
    medfilt1: no visible global function definition for ‘runmed’
    ncauer : ellip_ws: no visible global function definition for ‘optimize’
    ppval : lookup: no visible global function definition for ‘approx’
    print.grpdelay: no visible global function definition for ‘head’
    specgram: no visible global function definition for ‘mvfft’
    Undefined global functions or variables:
     approx fft head mvfft na.omit optimize runmed splinefun
    Consider adding
     importFrom("stats", "approx", "fft", "mvfft", "na.omit", "optimize",
     "runmed", "splinefun")
     importFrom("utils", "head")
    to your NAMESPACE.
Flavor: r-devel-linux-x86_64-fedora-clang