CRAN Package Check Results for Package signal

Last updated on 2018-05-22 13:46:52 CEST.

Flavor Version Tinstall Tcheck Ttotal Status Flags
r-devel-linux-x86_64-debian-clang 0.7-6 4.69 34.90 39.59 NOTE
r-devel-linux-x86_64-debian-gcc 0.7-6 3.42 27.45 30.87 NOTE
r-devel-linux-x86_64-fedora-clang 0.7-6 48.37 NOTE
r-devel-linux-x86_64-fedora-gcc 0.7-6 45.73 NOTE
r-devel-windows-ix86+x86_64 0.7-6 20.00 80.00 100.00 OK
r-patched-linux-x86_64 0.7-6 4.55 33.94 38.49 NOTE
r-patched-solaris-x86 0.7-6 66.70 OK
r-release-linux-x86_64 0.7-6 5.75 33.87 39.62 NOTE
r-release-windows-ix86+x86_64 0.7-6 19.00 72.00 91.00 OK
r-release-osx-x86_64 0.7-6 OK
r-oldrel-windows-ix86+x86_64 0.7-6 16.00 90.00 106.00 OK
r-oldrel-osx-x86_64 0.7-6 OK

Check Details

Version: 0.7-6
Check: compiled code
Result: NOTE
    File ‘signal/libs/signal.so’:
     Found no calls to: ‘R_registerRoutines’, ‘R_useDynamicSymbols’
    
    It is good practice to register native routines and to disable symbol
    search.
    
    See ‘Writing portable packages’ in the ‘Writing R Extensions’ manual.
Flavors: r-devel-linux-x86_64-debian-clang, r-devel-linux-x86_64-debian-gcc, r-devel-linux-x86_64-fedora-clang, r-devel-linux-x86_64-fedora-gcc, r-patched-linux-x86_64, r-release-linux-x86_64