CRAN Package Check Results for Package signal

Last updated on 2015-05-29 11:49:25.

Flavor Version Tinstall Tcheck Ttotal Status Flags
r-devel-linux-x86_64-debian-clang 0.7-4 1.68 20.25 21.93 NOTE
r-devel-linux-x86_64-debian-gcc 0.7-4 2.06 19.65 21.70 NOTE
r-devel-linux-x86_64-fedora-clang 0.7-4 41.07 NOTE
r-devel-linux-x86_64-fedora-gcc 0.7-4 38.75 NOTE
r-devel-osx-x86_64-clang 0.7-4 40.94 NOTE
r-devel-windows-ix86+x86_64 0.7-4 11.00 42.00 53.00 NOTE
r-patched-linux-x86_64 0.7-4 1.69 19.90 21.59 NOTE
r-patched-solaris-sparc 0.7-4 264.90 NOTE
r-patched-solaris-x86 0.7-4 54.20 NOTE
r-release-linux-x86_64 0.7-4 1.70 19.85 21.55 NOTE
r-release-osx-x86_64-mavericks 0.7-4 NOTE
r-release-osx-x86_64-snowleopard 0.7-4 NOTE
r-release-windows-ix86+x86_64 0.7-4 12.00 42.00 54.00 NOTE
r-oldrel-windows-ix86+x86_64 0.7-4 9.00 65.00 74.00 NOTE

Check Details

Version: 0.7-4
Check: dependencies in R code
Result: NOTE
    'library' or 'require' call to ‘pracma’ in package code.
     Please use :: or requireNamespace() instead.
     See section 'Suggested packages' in the 'Writing R Extensions' manual.
Flavors: r-devel-linux-x86_64-debian-clang, r-devel-linux-x86_64-debian-gcc, r-devel-linux-x86_64-fedora-clang, r-devel-linux-x86_64-fedora-gcc, r-devel-osx-x86_64-clang, r-devel-windows-ix86+x86_64, r-patched-linux-x86_64, r-patched-solaris-sparc, r-patched-solaris-x86, r-release-linux-x86_64, r-release-osx-x86_64-mavericks, r-release-osx-x86_64-snowleopard, r-release-windows-ix86+x86_64, r-oldrel-windows-ix86+x86_64