CRAN Package Check Results for Package signal

Last updated on 2017-06-26 23:52:33.

Flavor Version Tinstall Tcheck Ttotal Status Flags
r-devel-linux-x86_64-debian-clang 0.7-6 1.95 24.55 26.50 NOTE
r-devel-linux-x86_64-debian-gcc 0.7-6 1.87 24.96 26.83 NOTE
r-devel-linux-x86_64-fedora-clang 0.7-6 48.89 NOTE
r-devel-linux-x86_64-fedora-gcc 0.7-6 45.42 NOTE
r-devel-windows-ix86+x86_64 0.7-6 14.00 58.00 72.00 OK
r-patched-linux-x86_64 0.7-6 1.90 24.74 26.64 NOTE
r-patched-solaris-sparc 0.7-6 281.40 OK
r-patched-solaris-x86 0.7-6 57.40 OK
r-release-linux-x86_64 0.7-6 1.96 25.48 27.44 NOTE
r-release-windows-ix86+x86_64 0.7-6 11.00 80.00 91.00 OK
r-release-osx-x86_64 0.7-6 OK
r-oldrel-windows-ix86+x86_64 0.7-6 14.00 77.00 91.00 OK
r-oldrel-osx-x86_64 0.7-6 OK

Check Details

Version: 0.7-6
Check: compiled code
Result: NOTE
    File ‘signal/libs/signal.so’:
     Found no calls to: ‘R_registerRoutines’, ‘R_useDynamicSymbols’
    
    It is good practice to register native routines and to disable symbol
    search.
    
    See ‘Writing portable packages’ in the ‘Writing R Extensions’ manual.
Flavors: r-devel-linux-x86_64-debian-clang, r-devel-linux-x86_64-debian-gcc, r-devel-linux-x86_64-fedora-clang, r-devel-linux-x86_64-fedora-gcc, r-patched-linux-x86_64, r-release-linux-x86_64