CRAN Package Check Results for Package signal

Last updated on 2017-05-22 18:52:12.

Flavor Version Tinstall Tcheck Ttotal Status Flags
r-devel-linux-x86_64-debian-clang 0.7-6 1.92 24.98 26.91 NOTE
r-devel-linux-x86_64-debian-gcc 0.7-6 1.80 24.82 26.62 NOTE
r-devel-linux-x86_64-fedora-clang 0.7-6 46.49 NOTE --no-stop-on-test-error
r-devel-linux-x86_64-fedora-gcc 0.7-6 44.17 NOTE --no-stop-on-test-error
r-devel-windows-ix86+x86_64 0.7-6 14.00 57.00 71.00 OK
r-patched-linux-x86_64 0.7-6 1.80 24.94 26.74 NOTE
r-patched-solaris-sparc 0.7-6 281.40 OK
r-patched-solaris-x86 0.7-6 57.70 OK
r-release-linux-x86_64 0.7-6 1.82 24.14 25.96 NOTE
r-release-windows-ix86+x86_64 0.7-6 9.00 83.00 92.00 OK
r-release-osx-x86_64 0.7-6 OK
r-oldrel-windows-ix86+x86_64 0.7-6 15.00 64.00 79.00 OK
r-oldrel-osx-x86_64 0.7-6 OK

Check Details

Version: 0.7-6
Check: compiled code
Result: NOTE
    File ‘signal/libs/signal.so’:
     Found no calls to: ‘R_registerRoutines’, ‘R_useDynamicSymbols’
    
    It is good practice to register native routines and to disable symbol
    search.
    
    See ‘Writing portable packages’ in the ‘Writing R Extensions’ manual.
Flavors: r-devel-linux-x86_64-debian-clang, r-devel-linux-x86_64-debian-gcc, r-patched-linux-x86_64, r-release-linux-x86_64

Version: 0.7-6
Flags: --no-stop-on-test-error
Check: compiled code
Result: NOTE
    File ‘signal/libs/signal.so’:
     Found no calls to: ‘R_registerRoutines’, ‘R_useDynamicSymbols’
    
    It is good practice to register native routines and to disable symbol
    search.
    
    See ‘Writing portable packages’ in the ‘Writing R Extensions’ manual.
Flavors: r-devel-linux-x86_64-fedora-clang, r-devel-linux-x86_64-fedora-gcc