CRAN Package Check Results for Package signal

Last updated on 2017-08-23 09:47:38.

Flavor Version Tinstall Tcheck Ttotal Status Flags
r-devel-linux-x86_64-debian-clang 0.7-6 1.81 24.68 26.48 NOTE
r-devel-linux-x86_64-debian-gcc 0.7-6 1.72 25.34 27.06 NOTE
r-devel-linux-x86_64-fedora-clang 0.7-6 45.09 NOTE
r-devel-linux-x86_64-fedora-gcc 0.7-6 49.62 NOTE
r-devel-windows-ix86+x86_64 0.7-6 10.00 76.00 86.00 OK
r-patched-linux-x86_64 0.7-6 1.86 24.62 26.48 NOTE
r-patched-solaris-x86 0.7-6 61.90 OK
r-release-linux-x86_64 0.7-6 1.86 24.49 26.36 NOTE
r-release-windows-ix86+x86_64 0.7-6 7.00 73.00 80.00 OK
r-release-osx-x86_64 0.7-6 OK
r-oldrel-windows-ix86+x86_64 0.7-6 11.00 65.00 76.00 OK
r-oldrel-osx-x86_64 0.7-6 OK

Check Details

Version: 0.7-6
Check: compiled code
Result: NOTE
    File ‘signal/libs/signal.so’:
     Found no calls to: ‘R_registerRoutines’, ‘R_useDynamicSymbols’
    
    It is good practice to register native routines and to disable symbol
    search.
    
    See ‘Writing portable packages’ in the ‘Writing R Extensions’ manual.
Flavors: r-devel-linux-x86_64-debian-clang, r-devel-linux-x86_64-debian-gcc, r-devel-linux-x86_64-fedora-clang, r-devel-linux-x86_64-fedora-gcc, r-patched-linux-x86_64, r-release-linux-x86_64