CRAN Package Check Results for Package signal

Last updated on 2015-01-31 20:46:59.

Flavor Version Tinstall Tcheck Ttotal Status Flags
r-devel-linux-x86_64-debian-clang 0.7-4 1.67 19.95 21.62 NOTE
r-devel-linux-x86_64-debian-gcc 0.7-4 1.69 19.68 21.37 NOTE
r-devel-linux-x86_64-fedora-clang 0.7-4 46.20 NOTE
r-devel-linux-x86_64-fedora-gcc 0.7-4 42.44 NOTE
r-devel-osx-x86_64-clang 0.7-4 44.48 NOTE
r-devel-windows-ix86+x86_64 0.7-4 11.00 42.00 53.00 NOTE
r-patched-linux-x86_64 0.7-4 1.80 21.80 23.61 OK
r-patched-solaris-sparc 0.7-4 256.80 OK
r-patched-solaris-x86 0.7-4 61.60 OK
r-release-linux-ix86 0.7-4 2.45 29.22 31.67 OK
r-release-linux-x86_64 0.7-4 1.88 21.56 23.44 OK
r-release-osx-x86_64-mavericks 0.7-4 OK
r-release-osx-x86_64-snowleopard 0.7-4 OK
r-release-windows-ix86+x86_64 0.7-4 10.00 47.00 57.00 OK
r-oldrel-windows-ix86+x86_64 0.7-4 10.00 45.00 55.00 OK

Check Details

Version: 0.7-4
Check: dependencies in R code
Result: NOTE
    'library' or 'require' call to ‘pracma’ in package code.
     Please use :: or requireNamespace() instead.
     See section 'Suggested packages' in the 'Writing R Extensions' manual.
Flavors: r-devel-linux-x86_64-debian-clang, r-devel-linux-x86_64-debian-gcc, r-devel-linux-x86_64-fedora-clang, r-devel-linux-x86_64-fedora-gcc, r-devel-osx-x86_64-clang, r-devel-windows-ix86+x86_64