CRAN Package Check Results for Package signal

Last updated on 2017-10-23 14:49:02.

Flavor Version Tinstall Tcheck Ttotal Status Flags
r-devel-linux-x86_64-debian-clang 0.7-6 1.90 24.85 26.75 NOTE
r-devel-linux-x86_64-debian-gcc 0.7-6 2.89 26.27 29.16 NOTE
r-devel-linux-x86_64-fedora-clang 0.7-6 47.42 NOTE
r-devel-linux-x86_64-fedora-gcc 0.7-6 46.71 NOTE
r-devel-windows-ix86+x86_64 0.7-6 16.00 62.00 78.00 OK
r-patched-linux-x86_64 0.7-6 1.79 24.37 26.16 NOTE
r-patched-solaris-x86 0.7-6 63.80 OK
r-release-linux-x86_64 0.7-6 1.82 24.48 26.30 NOTE
r-release-windows-ix86+x86_64 0.7-6 13.00 85.00 98.00 OK
r-release-osx-x86_64 0.7-6 OK
r-oldrel-windows-ix86+x86_64 0.7-6 8.00 51.00 59.00 OK
r-oldrel-osx-x86_64 0.7-6 OK

Check Details

Version: 0.7-6
Check: compiled code
Result: NOTE
    File ‘signal/libs/signal.so’:
     Found no calls to: ‘R_registerRoutines’, ‘R_useDynamicSymbols’
    
    It is good practice to register native routines and to disable symbol
    search.
    
    See ‘Writing portable packages’ in the ‘Writing R Extensions’ manual.
Flavors: r-devel-linux-x86_64-debian-clang, r-devel-linux-x86_64-debian-gcc, r-devel-linux-x86_64-fedora-clang, r-devel-linux-x86_64-fedora-gcc, r-patched-linux-x86_64, r-release-linux-x86_64