CRAN Package Check Results for Package signalextraction

Last updated on 2014-04-24 11:48:56.

Flavor Version Tinstall Tcheck Ttotal Status Flags
r-devel-linux-x86_64-debian-clang 2.0.3 0.67 12.31 12.98 NOTE
r-devel-linux-x86_64-debian-gcc 2.0.3 0.67 12.16 12.83 NOTE
r-devel-linux-x86_64-fedora-clang 2.0.3 30.61 NOTE
r-devel-linux-x86_64-fedora-gcc 2.0.3 28.95 NOTE
r-devel-osx-x86_64-clang 2.0.3 26.69 NOTE
r-devel-osx-x86_64-gcc 2.0.3 NOTE
r-devel-windows-ix86+x86_64 2.0.3 2.00 20.00 22.00 NOTE
r-patched-linux-x86_64 2.0.3 0.64 12.30 12.94 NOTE
r-patched-solaris-sparc 2.0.3 142.60 NOTE
r-patched-solaris-x86 2.0.3 39.60 NOTE
r-release-linux-ix86 2.0.3 1.00 27.00 28.00 NOTE
r-release-linux-x86_64 2.0.3 0.68 12.27 12.96 NOTE
r-release-osx-x86_64-mavericks 2.0.3 WARN
r-release-windows-ix86+x86_64 2.0.3 5.00 22.00 27.00 NOTE
r-oldrel-windows-ix86+x86_64 2.0.3 2.00 23.00 25.00 NOTE

Check Details

Version: 2.0.3
Check: R code for possible problems
Result: NOTE
    File ‘signalextraction/R/zzz.R’:
     .onAttach calls:
     require(tcltk, quiet = TRUE)
    
    Package startup functions should not change the search path.
    See section ‘Good practice’ in '?.onAttach'.
    
    .onAttach: warning in require(tcltk, quiet = TRUE): partial argument
     match of 'quiet' to 'quietly'
    dfa: warning in complex(arg = j * (0:lsf) * 2 * pi/n.pg): partial
     argument match of 'arg' to 'argument'
    .onAttach: no visible binding for '<<-' assignment to
     ‘set.dfa.parameters’
    .onAttach : <anonymous> : OnOK: no visible binding for '<<-' assignment
     to ‘out’
    dfa: no visible binding for global variable ‘tff1’
    dfa: no visible binding for global variable ‘z’
    dfa: no visible binding for global variable ‘zbar’
    dfa: no visible binding for global variable ‘p’
    dfa: no visible binding for global variable ‘pbar’
    dfa: no visible binding for global variable ‘amp’
    dfa: no visible binding for global variable ‘pha’
    funcret: no visible binding for '<<-' assignment to ‘z’
    funcret: no visible binding for '<<-' assignment to ‘zbar’
    funcret: no visible binding for '<<-' assignment to ‘p’
    funcret: no visible binding for '<<-' assignment to ‘pbar’
    funcret: no visible binding for global variable ‘z’
    funcret: no visible binding for global variable ‘p’
    funcret: no visible binding for global variable ‘zbar’
    funcret: no visible binding for global variable ‘pbar’
    funcret: no visible binding for '<<-' assignment to ‘tff1’
    funcret: no visible binding for global variable ‘tff1’
    funcret: no visible binding for '<<-' assignment to ‘amp’
    funcret: no visible binding for global variable ‘amp’
    funcret: no visible binding for '<<-' assignment to ‘pha’
    funcret: no visible binding for global variable ‘pha’
Flavors: r-devel-linux-x86_64-debian-clang, r-devel-linux-x86_64-debian-gcc, r-devel-linux-x86_64-fedora-clang, r-devel-linux-x86_64-fedora-gcc, r-devel-osx-x86_64-clang, r-devel-osx-x86_64-gcc, r-devel-windows-ix86+x86_64, r-patched-linux-x86_64, r-patched-solaris-sparc, r-patched-solaris-x86, r-release-linux-ix86, r-release-linux-x86_64, r-release-osx-x86_64-mavericks, r-release-windows-ix86+x86_64, r-oldrel-windows-ix86+x86_64

Version: 2.0.3
Check: installed files from ‘inst/doc’
Result: NOTE
    The following files look like leftovers/mistakes:
     ‘tutorial.aux’, ‘tutorial.log’
    Please remove them from your package.
    The following files should probably not be installed:
     ‘tutorial.tex’
    
    Consider the use of a .Rinstignore file: see ‘Writing R Extensions’,
    or move the vignette sources from ‘inst/doc’ to ‘vignettes’.
Flavors: r-devel-linux-x86_64-debian-clang, r-devel-linux-x86_64-debian-gcc, r-devel-linux-x86_64-fedora-clang, r-devel-linux-x86_64-fedora-gcc, r-devel-osx-x86_64-clang, r-devel-osx-x86_64-gcc, r-devel-windows-ix86+x86_64, r-patched-linux-x86_64, r-patched-solaris-sparc, r-patched-solaris-x86, r-release-linux-ix86, r-release-linux-x86_64, r-release-osx-x86_64-mavericks, r-release-windows-ix86+x86_64, r-oldrel-windows-ix86+x86_64

Version: 2.0.3
Check: for old-style vignette sources
Result: NOTE
    Vignette sources only in ‘inst/doc’:
     ‘tutorial.Rnw’
    A ‘vignettes’ directory is required as from R 3.1.0
    and these will not be indexed nor checked
Flavors: r-devel-linux-x86_64-debian-clang, r-devel-linux-x86_64-debian-gcc, r-devel-linux-x86_64-fedora-clang, r-devel-linux-x86_64-fedora-gcc, r-devel-osx-x86_64-clang, r-devel-osx-x86_64-gcc, r-devel-windows-ix86+x86_64, r-patched-linux-x86_64, r-patched-solaris-sparc, r-patched-solaris-x86, r-release-linux-ix86, r-release-linux-x86_64, r-release-osx-x86_64-mavericks, r-release-windows-ix86+x86_64

Version: 2.0.3
Check: PDF version of manual
Result: WARNING
    LaTeX errors when creating PDF version.
    This typically indicates Rd problems.
    LaTeX errors found:
    ! LaTeX Error: File `upquote.sty' not found.
    
    Type X to quit or <RETURN> to proceed,
    or enter new name. (Default extension: sty)
    
    2e271eb9/Rd2.tex:8: ==> Fatal error occurred, no output PDF file produced!
Flavor: r-release-osx-x86_64-mavericks

Version: 2.0.3
Check: for old-style vignette sources
Result: NOTE
    Vignette sources only in 'inst/doc':
     'tutorial.Rnw'
    A 'vignettes' directory will be required as from R 3.1.0
Flavor: r-oldrel-windows-ix86+x86_64