CRAN Package Check Results for Package sim2Dpredictr

Last updated on 2022-08-12 03:53:38 CEST.

Flavor Version Tinstall Tcheck Ttotal Status Flags
r-devel-linux-x86_64-debian-clang 0.1.0 10.89 147.69 158.58 NOTE
r-devel-linux-x86_64-debian-gcc 0.1.0 9.06 107.19 116.25 NOTE
r-devel-linux-x86_64-fedora-clang 0.1.0 201.35 NOTE
r-devel-linux-x86_64-fedora-gcc 0.1.0 197.74 NOTE
r-devel-windows-x86_64 0.1.0 28.00 161.00 189.00 NOTE
r-patched-linux-x86_64 0.1.0 9.02 136.83 145.85 NOTE
r-release-linux-x86_64 0.1.0 9.31 134.67 143.98 NOTE
r-release-macos-arm64 0.1.0 35.00 NOTE
r-release-macos-x86_64 0.1.0 77.00 NOTE
r-release-windows-x86_64 0.1.0 48.00 154.00 202.00 NOTE
r-oldrel-macos-arm64 0.1.0 54.00 NOTE
r-oldrel-macos-x86_64 0.1.0 67.00 NOTE
r-oldrel-windows-ix86+x86_64 0.1.0 24.00 171.00 195.00 NOTE

Check Details

Version: 0.1.0
Check: Rd files
Result: NOTE
    checkRd: (-1) chol_s2Dp.Rd:147: Escaped LaTeX specials: \&
    checkRd: (-1) chol_s2Dp.Rd:149: Escaped LaTeX specials: \&
    checkRd: (-1) precision_builder.Rd:87: Escaped LaTeX specials: \&
    checkRd: (-1) sim2D_RandSet_HPPP.Rd:93: Escaped LaTeX specials: \&
    checkRd: (-1) sim2D_binarymap.Rd:157: Escaped LaTeX specials: \&
    checkRd: (-1) sim_MVN_X.Rd:140: Escaped LaTeX specials: \&
    checkRd: (-1) sim_Y_Binary_X.Rd:221: Escaped LaTeX specials: \&
    checkRd: (-1) sim_Y_Binary_X.Rd:223: Escaped LaTeX specials: \&
    checkRd: (-1) sim_Y_MVN_X.Rd:213: Escaped LaTeX specials: \&
Flavors: r-devel-linux-x86_64-debian-clang, r-devel-linux-x86_64-debian-gcc, r-devel-linux-x86_64-fedora-clang, r-devel-linux-x86_64-fedora-gcc, r-devel-windows-x86_64

Version: 0.1.0
Check: LazyData
Result: NOTE
     'LazyData' is specified without a 'data' directory
Flavors: r-devel-linux-x86_64-debian-clang, r-devel-linux-x86_64-debian-gcc, r-devel-linux-x86_64-fedora-clang, r-devel-linux-x86_64-fedora-gcc, r-devel-windows-x86_64, r-patched-linux-x86_64, r-release-linux-x86_64, r-release-macos-arm64, r-release-macos-x86_64, r-release-windows-x86_64, r-oldrel-macos-arm64, r-oldrel-macos-x86_64, r-oldrel-windows-ix86+x86_64

Version: 0.1.0
Check: dependencies in R code
Result: NOTE
    Namespaces in Imports field not imported from:
     ‘car’ ‘ggplot2’ ‘magrittr’ ‘tidyverse’
     All declared Imports should be used.
Flavors: r-devel-linux-x86_64-fedora-clang, r-devel-linux-x86_64-fedora-gcc, r-release-macos-arm64, r-release-macos-x86_64, r-oldrel-macos-arm64, r-oldrel-macos-x86_64