CRAN Package Check Results for Package simExam

Last updated on 2021-12-06 13:55:42 CET.

Flavor Version Tinstall Tcheck Ttotal Status Flags
r-devel-linux-x86_64-debian-clang 1.0.0 8.71 66.57 75.28 NOTE
r-devel-linux-x86_64-debian-gcc 1.0.0 5.47 52.40 57.87 NOTE
r-devel-linux-x86_64-fedora-clang 1.0.0 91.67 NOTE
r-devel-linux-x86_64-fedora-gcc 1.0.0 80.49 NOTE
r-devel-windows-x86_64-new-UL 1.0.0 14.00 94.00 108.00 NOTE
r-devel-windows-x86_64-new-TK 1.0.0 NOTE
r-devel-windows-x86_64-old 1.0.0 11.00 65.00 76.00 NOTE
r-patched-linux-x86_64 1.0.0 7.62 56.77 64.39 NOTE
r-release-linux-x86_64 1.0.0 6.43 64.79 71.22 NOTE
r-release-macos-arm64 1.0.0 NOTE
r-release-macos-x86_64 1.0.0 NOTE
r-release-windows-ix86+x86_64 1.0.0 17.00 78.00 95.00 NOTE
r-oldrel-macos-x86_64 1.0.0 OK
r-oldrel-windows-ix86+x86_64 1.0.0 16.00 79.00 95.00 OK

Check Details

Version: 1.0.0
Check: LazyData
Result: NOTE
     'LazyData' is specified without a 'data' directory
Flavors: r-devel-linux-x86_64-debian-clang, r-devel-linux-x86_64-debian-gcc, r-devel-linux-x86_64-fedora-clang, r-devel-linux-x86_64-fedora-gcc, r-devel-windows-x86_64-new-UL, r-devel-windows-x86_64-new-TK, r-devel-windows-x86_64-old, r-patched-linux-x86_64, r-release-linux-x86_64, r-release-macos-arm64, r-release-macos-x86_64, r-release-windows-ix86+x86_64