CRAN Package Check Results for Package simFrame

Last updated on 2015-04-18 10:00:43.

Flavor Version Tinstall Tcheck Ttotal Status Flags
r-devel-linux-x86_64-debian-clang 0.5.3 6.27 202.25 208.52 NOTE
r-devel-linux-x86_64-debian-gcc 0.5.3 6.29 192.19 198.48 NOTE
r-devel-linux-x86_64-fedora-clang 0.5.3 290.20 NOTE
r-devel-linux-x86_64-fedora-gcc 0.5.3 276.53 NOTE
r-devel-osx-x86_64-clang 0.5.3 382.04 NOTE
r-prerel-windows-ix86+x86_64 0.5.3 33.00 379.00 412.00 NOTE
r-prerel-linux-x86_64 0.5.3 6.22 195.24 201.45 NOTE
r-prerel-solaris-sparc 0.5.3 2174.70 NOTE --no-build-vignettes
r-prerel-solaris-x86 0.5.3 716.20 NOTE
r-release-linux-x86_64 0.5.3 7.06 247.21 254.27 NOTE
r-release-osx-x86_64-mavericks 0.5.3 NOTE
r-release-osx-x86_64-snowleopard 0.5.3 OK
r-release-windows-ix86+x86_64 0.5.3 28.00 590.00 618.00 NOTE
r-oldrel-windows-ix86+x86_64 0.5.3 27.00 560.00 587.00 OK

Check Details

Version: 0.5.3
Check: for GNU extensions in Makefiles
Result: NOTE
    GNU make is a SystemRequirements.
Flavors: r-devel-linux-x86_64-debian-clang, r-devel-linux-x86_64-debian-gcc, r-devel-linux-x86_64-fedora-clang, r-devel-linux-x86_64-fedora-gcc, r-devel-osx-x86_64-clang, r-prerel-windows-ix86+x86_64, r-prerel-linux-x86_64, r-prerel-solaris-x86, r-release-linux-x86_64, r-release-osx-x86_64-mavericks, r-release-windows-ix86+x86_64

Version: 0.5.3
Flags: --no-build-vignettes
Check: for GNU extensions in Makefiles
Result: NOTE
    GNU make is a SystemRequirements.
Flavor: r-prerel-solaris-sparc