CRAN Package Check Results for Package simFrame

Last updated on 2015-07-27 23:48:16.

Flavor Version Tinstall Tcheck Ttotal Status Flags
r-devel-linux-x86_64-debian-clang 0.5.3 7.10 190.62 197.71 NOTE
r-devel-linux-x86_64-debian-gcc 0.5.3 6.28 186.52 192.80 NOTE
r-devel-linux-x86_64-fedora-clang 0.5.3 283.95 NOTE
r-devel-linux-x86_64-fedora-gcc 0.5.3 269.09 NOTE
r-devel-osx-x86_64-clang 0.5.3 328.39 NOTE
r-devel-windows-ix86+x86_64 0.5.3 27.00 391.00 418.00 NOTE
r-patched-linux-x86_64 0.5.3 6.76 205.76 212.52 NOTE
r-patched-solaris-sparc 0.5.3 2258.60 NOTE --no-build-vignettes
r-patched-solaris-x86 0.5.3 721.80 NOTE
r-release-linux-x86_64 0.5.3 6.34 185.57 191.91 NOTE
r-release-osx-x86_64-mavericks 0.5.3 NOTE
r-release-windows-ix86+x86_64 0.5.3 32.00 358.00 390.00 NOTE
r-oldrel-windows-ix86+x86_64 0.5.3 37.00 441.00 478.00 NOTE

Check Details

Version: 0.5.3
Check: R code for possible problems
Result: NOTE
    getFormula: no visible global function definition for ‘as.formula’
    internalSimXyplot : f: no visible global function definition for
     ‘median’
    runSimulation: no visible global function definition for ‘runif’
    setup: no visible global function definition for ‘runif’
    clusterSetup,ANY-data.frame-SampleControl: no visible binding for
     global variable ‘cnam’
    clusterSetup,ANY-data.frame-TwoStageControl: no visible binding for
     global variable ‘cnam’
    initialize,DCARContControl: no visible binding for global variable
     ‘rnorm’
    initialize,DataControl: no visible binding for global variable ‘rnorm’
    Undefined global functions or variables:
     as.formula cnam median rnorm runif
    Consider adding
     importFrom("stats", "as.formula", "median", "rnorm", "runif")
    to your NAMESPACE.
Flavors: r-devel-linux-x86_64-debian-clang, r-devel-linux-x86_64-debian-gcc, r-devel-linux-x86_64-fedora-clang, r-devel-linux-x86_64-fedora-gcc, r-devel-windows-ix86+x86_64

Version: 0.5.3
Check: for GNU extensions in Makefiles
Result: NOTE
    GNU make is a SystemRequirements.
Flavors: r-devel-linux-x86_64-debian-clang, r-devel-linux-x86_64-debian-gcc, r-devel-linux-x86_64-fedora-clang, r-devel-linux-x86_64-fedora-gcc, r-devel-osx-x86_64-clang, r-devel-windows-ix86+x86_64, r-patched-linux-x86_64, r-patched-solaris-x86, r-release-linux-x86_64, r-release-osx-x86_64-mavericks, r-release-windows-ix86+x86_64, r-oldrel-windows-ix86+x86_64

Version: 0.5.3
Check: R code for possible problems
Result: NOTE
    clusterSetup,ANY-data.frame-SampleControl: no visible binding for
     global variable ‘cnam’
    clusterSetup,ANY-data.frame-TwoStageControl: no visible binding for
     global variable ‘cnam’
    Undefined global functions or variables:
     cnam
Flavor: r-devel-osx-x86_64-clang

Version: 0.5.3
Check: R code for possible problems
Result: NOTE
    clusterSetup,ANY-data.frame-SampleControl : .local: no visible binding
     for global variable ‘cnam’
    clusterSetup,ANY-data.frame-TwoStageControl : .local: no visible
     binding for global variable ‘cnam’
Flavors: r-patched-linux-x86_64, r-patched-solaris-x86, r-release-linux-x86_64, r-release-windows-ix86+x86_64, r-oldrel-windows-ix86+x86_64

Version: 0.5.3
Flags: --no-build-vignettes
Check: R code for possible problems
Result: NOTE
    clusterSetup,ANY-data.frame-SampleControl : .local: no visible binding
     for global variable ‘cnam’
    clusterSetup,ANY-data.frame-TwoStageControl : .local: no visible
     binding for global variable ‘cnam’
Flavor: r-patched-solaris-sparc

Version: 0.5.3
Flags: --no-build-vignettes
Check: for GNU extensions in Makefiles
Result: NOTE
    GNU make is a SystemRequirements.
Flavor: r-patched-solaris-sparc