CRAN Package Check Results for Package simFrame

Last updated on 2017-11-17 17:50:59.

Flavor Version Tinstall Tcheck Ttotal Status Flags
r-devel-linux-x86_64-debian-clang 0.5.3 7.15 135.49 142.64 NOTE
r-devel-linux-x86_64-debian-gcc 0.5.3 7.23 111.64 118.87 NOTE
r-devel-linux-x86_64-fedora-clang 0.5.3 196.03 NOTE
r-devel-linux-x86_64-fedora-gcc 0.5.3 237.81 NOTE
r-devel-windows-ix86+x86_64 0.5.3 42.00 408.00 450.00 NOTE
r-patched-linux-x86_64 0.5.3 7.23 138.32 145.56 NOTE
r-patched-solaris-x86 0.5.3 467.20 NOTE
r-release-linux-x86_64 0.5.3 7.29 139.16 146.45 NOTE
r-release-windows-ix86+x86_64 0.5.3 28.00 416.00 444.00 NOTE
r-release-osx-x86_64 0.5.3 NOTE
r-oldrel-windows-ix86+x86_64 0.5.3 23.00 383.00 406.00 NOTE
r-oldrel-osx-x86_64 0.5.3 NOTE

Check Details

Version: 0.5.3
Check: R code for possible problems
Result: NOTE
    getFormula: no visible global function definition for ‘as.formula’
    internalSimXyplot : f: no visible global function definition for
     ‘median’
    runSimulation: no visible global function definition for ‘runif’
    setup: no visible global function definition for ‘runif’
    clusterSetup,ANY-data.frame-SampleControl: no visible binding for
     global variable ‘cnam’
    clusterSetup,ANY-data.frame-TwoStageControl: no visible binding for
     global variable ‘cnam’
    initialize,DCARContControl: no visible binding for global variable
     ‘rnorm’
    initialize,DataControl: no visible binding for global variable ‘rnorm’
    Undefined global functions or variables:
     as.formula cnam median rnorm runif
    Consider adding
     importFrom("stats", "as.formula", "median", "rnorm", "runif")
    to your NAMESPACE file.
Flavors: r-devel-linux-x86_64-debian-clang, r-devel-linux-x86_64-debian-gcc, r-devel-linux-x86_64-fedora-clang, r-devel-linux-x86_64-fedora-gcc, r-devel-windows-ix86+x86_64, r-patched-linux-x86_64, r-patched-solaris-x86, r-release-linux-x86_64, r-release-windows-ix86+x86_64, r-release-osx-x86_64, r-oldrel-windows-ix86+x86_64, r-oldrel-osx-x86_64

Version: 0.5.3
Check: for GNU extensions in Makefiles
Result: NOTE
    GNU make is a SystemRequirements.
Flavors: r-devel-linux-x86_64-debian-clang, r-devel-linux-x86_64-debian-gcc, r-devel-linux-x86_64-fedora-clang, r-devel-linux-x86_64-fedora-gcc, r-devel-windows-ix86+x86_64, r-patched-linux-x86_64, r-patched-solaris-x86, r-release-linux-x86_64, r-release-windows-ix86+x86_64, r-release-osx-x86_64, r-oldrel-windows-ix86+x86_64, r-oldrel-osx-x86_64

Version: 0.5.3
Check: compiled code
Result: NOTE
    File ‘simFrame/libs/simFrame.so’:
     Found no calls to: ‘R_registerRoutines’, ‘R_useDynamicSymbols’
    
    It is good practice to register native routines and to disable symbol
    search.
    
    See ‘Writing portable packages’ in the ‘Writing R Extensions’ manual.
Flavors: r-devel-linux-x86_64-debian-clang, r-devel-linux-x86_64-debian-gcc, r-devel-linux-x86_64-fedora-clang, r-devel-linux-x86_64-fedora-gcc, r-patched-linux-x86_64, r-release-linux-x86_64