CRAN Package Check Results for Package simFrame

Last updated on 2015-01-28 03:49:23.

Flavor Version Tinstall Tcheck Ttotal Status Flags
r-devel-linux-x86_64-debian-clang 0.5.3 6.22 198.67 204.89 NOTE
r-devel-linux-x86_64-debian-gcc 0.5.3 6.39 193.84 200.23 NOTE
r-devel-linux-x86_64-fedora-clang 0.5.3 319.28 NOTE
r-devel-linux-x86_64-fedora-gcc 0.5.3 304.27 NOTE
r-devel-osx-x86_64-clang 0.5.3 420.29 NOTE
r-devel-windows-ix86+x86_64 0.5.3 34.00 365.00 399.00 NOTE
r-patched-linux-x86_64 0.5.3 8.17 225.57 233.74 NOTE
r-patched-solaris-sparc 0.5.3 2443.90 OK --no-build-vignettes
r-patched-solaris-x86 0.5.3 853.60 NOTE
r-release-linux-ix86 0.5.3 8.04 286.45 294.49 OK
r-release-linux-x86_64 0.5.3 6.91 242.90 249.81 OK
r-release-osx-x86_64-mavericks 0.5.3 NOTE
r-release-osx-x86_64-snowleopard 0.5.3 OK
r-release-windows-ix86+x86_64 0.5.3 25.00 436.00 461.00 OK
r-oldrel-windows-ix86+x86_64 0.5.3 27.00 432.00 459.00 OK

Check Details

Version: 0.5.3
Check: for GNU extensions in Makefiles
Result: NOTE
    GNU make is a SystemRequirements.
Flavors: r-devel-linux-x86_64-debian-clang, r-devel-linux-x86_64-debian-gcc, r-devel-linux-x86_64-fedora-clang, r-devel-linux-x86_64-fedora-gcc, r-devel-osx-x86_64-clang, r-devel-windows-ix86+x86_64, r-patched-linux-x86_64, r-patched-solaris-x86, r-release-osx-x86_64-mavericks