CRAN Package Check Results for Package simFrame

Last updated on 2017-02-22 07:48:42.

Flavor Version Tinstall Tcheck Ttotal Status Flags
r-devel-linux-x86_64-debian-clang 0.5.3 6.70 137.29 143.99 NOTE
r-devel-linux-x86_64-debian-gcc 0.5.3 6.58 138.80 145.38 NOTE
r-devel-linux-x86_64-fedora-clang 0.5.3 205.89 NOTE --no-stop-on-test-error
r-devel-linux-x86_64-fedora-gcc 0.5.3 214.95 NOTE --no-stop-on-test-error
r-devel-macos-x86_64-clang 0.5.3 158.96 NOTE --no-stop-on-test-error
r-devel-windows-ix86+x86_64 0.5.3 43.00 402.00 445.00 NOTE
r-patched-linux-x86_64 0.5.3 5.78 129.11 134.89 NOTE
r-patched-solaris-sparc 0.5.3 2265.20 NOTE --no-build-vignettes
r-patched-solaris-x86 0.5.3 440.50 NOTE
r-release-linux-x86_64 0.5.3 5.85 127.07 132.93 NOTE
r-release-osx-x86_64-mavericks 0.5.3 NOTE
r-release-windows-ix86+x86_64 0.5.3 57.00 314.00 371.00 NOTE
r-oldrel-windows-ix86+x86_64 0.5.3 55.00 586.00 641.00 NOTE

Check Details

Version: 0.5.3
Check: R code for possible problems
Result: NOTE
    getFormula: no visible global function definition for ‘as.formula’
    internalSimXyplot : f: no visible global function definition for
     ‘median’
    runSimulation: no visible global function definition for ‘runif’
    setup: no visible global function definition for ‘runif’
    clusterSetup,ANY-data.frame-SampleControl: no visible binding for
     global variable ‘cnam’
    clusterSetup,ANY-data.frame-TwoStageControl: no visible binding for
     global variable ‘cnam’
    initialize,DCARContControl: no visible binding for global variable
     ‘rnorm’
    initialize,DataControl: no visible binding for global variable ‘rnorm’
    Undefined global functions or variables:
     as.formula cnam median rnorm runif
    Consider adding
     importFrom("stats", "as.formula", "median", "rnorm", "runif")
    to your NAMESPACE file.
Flavors: r-devel-linux-x86_64-debian-clang, r-devel-linux-x86_64-debian-gcc, r-devel-windows-ix86+x86_64, r-patched-linux-x86_64, r-patched-solaris-x86, r-release-linux-x86_64, r-release-osx-x86_64-mavericks, r-release-windows-ix86+x86_64

Version: 0.5.3
Check: for GNU extensions in Makefiles
Result: NOTE
    GNU make is a SystemRequirements.
Flavors: r-devel-linux-x86_64-debian-clang, r-devel-linux-x86_64-debian-gcc, r-devel-windows-ix86+x86_64, r-patched-linux-x86_64, r-patched-solaris-x86, r-release-linux-x86_64, r-release-osx-x86_64-mavericks, r-release-windows-ix86+x86_64, r-oldrel-windows-ix86+x86_64

Version: 0.5.3
Check: compiled code
Result: NOTE
    File ‘simFrame/libs/simFrame.so’:
     Found no calls to: ‘R_registerRoutines’, ‘R_useDynamicSymbols’
    
    It is good practice to register native routines and to disable symbol
    search.
    
    See ‘Writing portable packages’ in the ‘Writing R Extensions’ manual.
Flavors: r-devel-linux-x86_64-debian-clang, r-devel-linux-x86_64-debian-gcc

Version: 0.5.3
Flags: --no-stop-on-test-error
Check: R code for possible problems
Result: NOTE
    getFormula: no visible global function definition for ‘as.formula’
    internalSimXyplot : f: no visible global function definition for
     ‘median’
    runSimulation: no visible global function definition for ‘runif’
    setup: no visible global function definition for ‘runif’
    clusterSetup,ANY-data.frame-SampleControl: no visible binding for
     global variable ‘cnam’
    clusterSetup,ANY-data.frame-TwoStageControl: no visible binding for
     global variable ‘cnam’
    initialize,DCARContControl: no visible binding for global variable
     ‘rnorm’
    initialize,DataControl: no visible binding for global variable ‘rnorm’
    Undefined global functions or variables:
     as.formula cnam median rnorm runif
    Consider adding
     importFrom("stats", "as.formula", "median", "rnorm", "runif")
    to your NAMESPACE file.
Flavors: r-devel-linux-x86_64-fedora-clang, r-devel-linux-x86_64-fedora-gcc, r-devel-macos-x86_64-clang

Version: 0.5.3
Flags: --no-stop-on-test-error
Check: for GNU extensions in Makefiles
Result: NOTE
    GNU make is a SystemRequirements.
Flavors: r-devel-linux-x86_64-fedora-clang, r-devel-linux-x86_64-fedora-gcc, r-devel-macos-x86_64-clang

Version: 0.5.3
Flags: --no-stop-on-test-error
Check: compiled code
Result: NOTE
    File ‘simFrame/libs/simFrame.so’:
     Found no calls to: ‘R_registerRoutines’, ‘R_useDynamicSymbols’
    
    It is good practice to register native routines and to disable symbol
    search.
    
    See ‘Writing portable packages’ in the ‘Writing R Extensions’ manual.
Flavors: r-devel-linux-x86_64-fedora-clang, r-devel-linux-x86_64-fedora-gcc, r-devel-macos-x86_64-clang

Version: 0.5.3
Flags: --no-build-vignettes
Check: R code for possible problems
Result: NOTE
    getFormula: no visible global function definition for ‘as.formula’
    internalSimXyplot : f: no visible global function definition for
     ‘median’
    runSimulation: no visible global function definition for ‘runif’
    setup: no visible global function definition for ‘runif’
    clusterSetup,ANY-data.frame-SampleControl: no visible binding for
     global variable ‘cnam’
    clusterSetup,ANY-data.frame-TwoStageControl: no visible binding for
     global variable ‘cnam’
    initialize,DCARContControl: no visible binding for global variable
     ‘rnorm’
    initialize,DataControl: no visible binding for global variable ‘rnorm’
    Undefined global functions or variables:
     as.formula cnam median rnorm runif
    Consider adding
     importFrom("stats", "as.formula", "median", "rnorm", "runif")
    to your NAMESPACE file.
Flavor: r-patched-solaris-sparc

Version: 0.5.3
Flags: --no-build-vignettes
Check: for GNU extensions in Makefiles
Result: NOTE
    GNU make is a SystemRequirements.
Flavor: r-patched-solaris-sparc

Version: 0.5.3
Check: R code for possible problems
Result: NOTE
    clusterSetup,ANY-data.frame-SampleControl : .local: no visible binding
     for global variable 'cnam'
    clusterSetup,ANY-data.frame-TwoStageControl : .local: no visible
     binding for global variable 'cnam'
Flavor: r-oldrel-windows-ix86+x86_64