CRAN Package Check Results for Package simFrame

Last updated on 2016-02-11 19:47:27.

Flavor Version Tinstall Tcheck Ttotal Status Flags
r-devel-linux-x86_64-debian-gcc 0.5.3 6.01 116.56 122.57 NOTE
r-devel-linux-x86_64-fedora-clang 0.5.3 191.72 NOTE
r-devel-linux-x86_64-fedora-gcc 0.5.3 179.49 NOTE
r-devel-osx-x86_64-clang 0.5.3 281.86 NOTE
r-devel-windows-ix86+x86_64 0.5.3 38.00 336.00 374.00 NOTE
r-patched-linux-x86_64 0.5.3 6.43 197.94 204.37 NOTE
r-patched-solaris-sparc 0.5.3 2133.90 NOTE --no-build-vignettes
r-patched-solaris-x86 0.5.3 739.90 NOTE
r-release-linux-x86_64 0.5.3 6.15 196.24 202.39 NOTE
r-release-osx-x86_64-mavericks 0.5.3 NOTE
r-release-windows-ix86+x86_64 0.5.3 36.00 539.00 575.00 NOTE
r-oldrel-windows-ix86+x86_64 0.5.3 42.00 647.00 689.00 NOTE

Check Details

Version: 0.5.3
Check: R code for possible problems
Result: NOTE
    getFormula: no visible global function definition for ‘as.formula’
    internalSimXyplot : f: no visible global function definition for
     ‘median’
    runSimulation: no visible global function definition for ‘runif’
    setup: no visible global function definition for ‘runif’
    clusterSetup,ANY-data.frame-SampleControl: no visible binding for
     global variable ‘cnam’
    clusterSetup,ANY-data.frame-TwoStageControl: no visible binding for
     global variable ‘cnam’
    initialize,DCARContControl: no visible binding for global variable
     ‘rnorm’
    initialize,DataControl: no visible binding for global variable ‘rnorm’
    Undefined global functions or variables:
     as.formula cnam median rnorm runif
    Consider adding
     importFrom("stats", "as.formula", "median", "rnorm", "runif")
    to your NAMESPACE file.
Flavors: r-devel-linux-x86_64-debian-gcc, r-devel-linux-x86_64-fedora-clang, r-devel-linux-x86_64-fedora-gcc, r-devel-osx-x86_64-clang, r-devel-windows-ix86+x86_64

Version: 0.5.3
Check: for GNU extensions in Makefiles
Result: NOTE
    GNU make is a SystemRequirements.
Flavors: r-devel-linux-x86_64-debian-gcc, r-devel-linux-x86_64-fedora-clang, r-devel-linux-x86_64-fedora-gcc, r-devel-osx-x86_64-clang, r-devel-windows-ix86+x86_64, r-patched-linux-x86_64, r-patched-solaris-x86, r-release-linux-x86_64, r-release-osx-x86_64-mavericks, r-release-windows-ix86+x86_64, r-oldrel-windows-ix86+x86_64

Version: 0.5.3
Check: R code for possible problems
Result: NOTE
    clusterSetup,ANY-data.frame-SampleControl : .local: no visible binding
     for global variable ‘cnam’
    clusterSetup,ANY-data.frame-TwoStageControl : .local: no visible
     binding for global variable ‘cnam’
Flavors: r-patched-linux-x86_64, r-patched-solaris-x86, r-release-linux-x86_64, r-release-windows-ix86+x86_64, r-oldrel-windows-ix86+x86_64

Version: 0.5.3
Flags: --no-build-vignettes
Check: R code for possible problems
Result: NOTE
    clusterSetup,ANY-data.frame-SampleControl : .local: no visible binding
     for global variable ‘cnam’
    clusterSetup,ANY-data.frame-TwoStageControl : .local: no visible
     binding for global variable ‘cnam’
Flavor: r-patched-solaris-sparc

Version: 0.5.3
Flags: --no-build-vignettes
Check: for GNU extensions in Makefiles
Result: NOTE
    GNU make is a SystemRequirements.
Flavor: r-patched-solaris-sparc