CRAN Package Check Results for Package simFrame

Last updated on 2015-03-30 21:49:25.

Flavor Version Tinstall Tcheck Ttotal Status Flags
r-devel-linux-x86_64-debian-clang 0.5.3 6.16 192.20 198.36 NOTE
r-devel-linux-x86_64-debian-gcc 0.5.3 6.78 190.09 196.87 NOTE
r-devel-linux-x86_64-fedora-clang 0.5.3 291.35 NOTE
r-devel-linux-x86_64-fedora-gcc 0.5.3 282.02 NOTE
r-devel-osx-x86_64-clang 0.5.3 408.90 NOTE
r-prerel-windows-ix86+x86_64 0.5.3 26.00 378.00 404.00 NOTE
r-prerel-linux-x86_64 0.5.3 8.31 196.22 204.54 NOTE
r-prerel-solaris-sparc 0.5.3 2174.70 NOTE --no-build-vignettes
r-prerel-solaris-x86 0.5.3 746.40 NOTE
r-release-linux-x86_64 0.5.3 6.68 234.88 241.56 NOTE
r-release-osx-x86_64-mavericks 0.5.3 NOTE
r-release-osx-x86_64-snowleopard 0.5.3 OK
r-release-windows-ix86+x86_64 0.5.3 25.00 448.00 473.00 NOTE
r-oldrel-windows-ix86+x86_64 0.5.3 30.00 423.00 453.00 OK

Check Details

Version: 0.5.3
Check: for GNU extensions in Makefiles
Result: NOTE
    GNU make is a SystemRequirements.
Flavors: r-devel-linux-x86_64-debian-clang, r-devel-linux-x86_64-debian-gcc, r-devel-linux-x86_64-fedora-clang, r-devel-linux-x86_64-fedora-gcc, r-devel-osx-x86_64-clang, r-prerel-windows-ix86+x86_64, r-prerel-linux-x86_64, r-prerel-solaris-x86, r-release-linux-x86_64, r-release-osx-x86_64-mavericks, r-release-windows-ix86+x86_64

Version: 0.5.3
Flags: --no-build-vignettes
Check: for GNU extensions in Makefiles
Result: NOTE
    GNU make is a SystemRequirements.
Flavor: r-prerel-solaris-sparc