CRAN Package Check Results for Package simFrame

Last updated on 2015-05-30 11:50:35.

Flavor Version Tinstall Tcheck Ttotal Status Flags
r-devel-linux-x86_64-debian-clang 0.5.3 6.24 187.72 193.95 NOTE
r-devel-linux-x86_64-debian-gcc 0.5.3 6.68 183.28 189.96 NOTE
r-devel-linux-x86_64-fedora-clang 0.5.3 284.36 NOTE
r-devel-linux-x86_64-fedora-gcc 0.5.3 270.84 NOTE
r-devel-osx-x86_64-clang 0.5.3 386.12 NOTE
r-devel-windows-ix86+x86_64 0.5.3 26.00 382.00 408.00 NOTE
r-patched-linux-x86_64 0.5.3 6.40 187.39 193.79 NOTE
r-patched-solaris-sparc 0.5.3 2171.40 NOTE --no-build-vignettes
r-patched-solaris-x86 0.5.3 716.60 NOTE
r-release-linux-x86_64 0.5.3 6.28 195.70 201.98 NOTE
r-release-osx-x86_64-mavericks 0.5.3 NOTE
r-release-osx-x86_64-snowleopard 0.5.3 WARN
r-release-windows-ix86+x86_64 0.5.3 23.00 385.00 408.00 NOTE
r-oldrel-windows-ix86+x86_64 0.5.3 26.00 545.00 571.00 NOTE

Check Details

Version: 0.5.3
Check: for GNU extensions in Makefiles
Result: NOTE
    GNU make is a SystemRequirements.
Flavors: r-devel-linux-x86_64-debian-clang, r-devel-linux-x86_64-debian-gcc, r-devel-linux-x86_64-fedora-clang, r-devel-linux-x86_64-fedora-gcc, r-devel-osx-x86_64-clang, r-devel-windows-ix86+x86_64, r-patched-linux-x86_64, r-patched-solaris-x86, r-release-linux-x86_64, r-release-osx-x86_64-mavericks, r-release-osx-x86_64-snowleopard, r-release-windows-ix86+x86_64, r-oldrel-windows-ix86+x86_64

Version: 0.5.3
Flags: --no-build-vignettes
Check: for GNU extensions in Makefiles
Result: NOTE
    GNU make is a SystemRequirements.
Flavor: r-patched-solaris-sparc

Version: 0.5.3
Check: package dependencies
Result: NOTE
    Package suggested but not available for checking: ‘robCompositions’
Flavor: r-release-osx-x86_64-snowleopard

Version: 0.5.3
Check: running R code from vignettes
Result: WARN
    Errors in running code in vignettes:
    when running code in ‘simFrame-intro.Rnw’
     ...
    
    > tv <- simSapply(eusilcP, "gender", function(x) gini(x$eqIncome)$value)
    
    > print(plot(results, true = tv, xlab = "Gini coefficient"))
    
    > library("robCompositions")
    
     When sourcing ‘simFrame-intro.R’:
    Error: there is no package called ‘robCompositions’
    Execution halted
Flavor: r-release-osx-x86_64-snowleopard

Version: 0.5.3
Check: re-building of vignette outputs
Result: NOTE
    Error in re-building vignettes:
     ...
    Loading required package: Rcpp
    Loading required package: lattice
    Loading required package: parallel
    Loading required package: boot
    
    Attaching package: ‘boot’
    
    The following object is masked from ‘package:lattice’:
    
     melanoma
    
    Loading required package: MASS
    
    Error: processing vignette 'simFrame-intro.Rnw' failed with diagnostics:
     chunk 23
    Error in library("robCompositions") :
     there is no package called ‘robCompositions’
    Execution halted
Flavor: r-release-osx-x86_64-snowleopard