CRAN Package Check Results for Package simFrame

Last updated on 2014-04-25 05:47:25.

Flavor Version Tinstall Tcheck Ttotal Status Flags
r-devel-linux-x86_64-debian-clang 0.5.3 6.65 225.77 232.42 OK
r-devel-linux-x86_64-debian-gcc 0.5.3 6.89 222.76 229.64 OK
r-devel-linux-x86_64-fedora-clang 0.5.3 362.33 OK
r-devel-linux-x86_64-fedora-gcc 0.5.3 348.14 OK
r-devel-osx-x86_64-clang 0.5.3 453.48 OK
r-devel-osx-x86_64-gcc 0.5.3 WARN
r-devel-windows-ix86+x86_64 0.5.3 24.00 451.00 475.00 OK
r-patched-linux-x86_64 0.5.3 6.98 222.28 229.26 OK
r-patched-solaris-sparc 0.5.3 2417.20 OK --no-build-vignettes
r-patched-solaris-x86 0.5.3 824.80 OK
r-release-linux-ix86 0.5.3 10.00 365.00 375.00 OK
r-release-linux-x86_64 0.5.3 7.15 229.56 236.70 OK
r-release-osx-x86_64-mavericks 0.5.3 WARN
r-release-osx-x86_64-snowleopard 0.5.3 OK
r-release-windows-ix86+x86_64 0.5.3 24.00 438.00 462.00 OK
r-oldrel-windows-ix86+x86_64 0.5.3 25.00 405.00 430.00 OK

Check Details

Version: 0.5.3
Check: package dependencies
Result: NOTE
    Package suggested but not available for checking: ‘robCompositions’
Flavors: r-devel-osx-x86_64-gcc, r-release-osx-x86_64-mavericks

Version: 0.5.3
Check: running R code from vignettes
Result: WARNING
    Errors in running code in vignettes:
    when running code in ‘simFrame-intro.Rnw’
     ...
    
    > tv <- simSapply(eusilcP, "gender", function(x) gini(x$eqIncome)$value)
    
    > print(plot(results, true = tv, xlab = "Gini coefficient"))
    
    > library("robCompositions")
    
     When sourcing ‘simFrame-intro.R’:
    Error: there is no package called ‘robCompositions’
    Execution halted
Flavors: r-devel-osx-x86_64-gcc, r-release-osx-x86_64-mavericks

Version: 0.5.3
Check: re-building of vignette outputs
Result: NOTE
    Error in re-building vignettes:
     ...
    Loading required package: Rcpp
    Loading required package: lattice
    Loading required package: parallel
    Loading required package: boot
    
    Attaching package: ‘boot’
    
    The following object is masked from ‘package:lattice’:
    
     melanoma
    
    Loading required package: MASS
    
    Error: processing vignette 'simFrame-intro.Rnw' failed with diagnostics:
     chunk 23
    Error in library("robCompositions") :
     there is no package called ‘robCompositions’
    Execution halted
Flavors: r-devel-osx-x86_64-gcc, r-release-osx-x86_64-mavericks

Version: 0.5.3
Check: PDF version of manual
Result: WARNING
    LaTeX errors when creating PDF version.
    This typically indicates Rd problems.
    LaTeX errors found:
    ! LaTeX Error: File `upquote.sty' not found.
    
    Type X to quit or <RETURN> to proceed,
    or enter new name. (Default extension: sty)
    
    605b0e02/Rd2.tex:8: ==> Fatal error occurred, no output PDF file produced!
Flavor: r-release-osx-x86_64-mavericks