CRAN Package Check Results for Package simPop

Last updated on 2020-09-26 00:50:23 CEST.

Flavor Version Tinstall Tcheck Ttotal Status Flags
r-devel-linux-x86_64-debian-clang 1.2.0 85.81 189.40 275.21 NOTE
r-devel-linux-x86_64-debian-gcc 1.2.0 62.97 141.88 204.85 NOTE
r-devel-linux-x86_64-fedora-clang 1.2.0 329.04 NOTE
r-devel-linux-x86_64-fedora-gcc 1.2.0 347.58 NOTE
r-devel-windows-ix86+x86_64 1.2.0 195.00 339.00 534.00 NOTE
r-patched-linux-x86_64 1.2.0 69.00 176.00 245.00 OK
r-patched-solaris-x86 1.2.0 418.60 OK
r-release-linux-x86_64 1.2.0 65.95 178.75 244.70 OK
r-release-macos-x86_64 1.2.0 NOTE
r-release-windows-ix86+x86_64 1.2.0 193.00 342.00 535.00 NOTE
r-oldrel-macos-x86_64 1.2.0 OK
r-oldrel-windows-ix86+x86_64 1.2.0 172.00 310.00 482.00 OK

Check Details

Version: 1.2.0
Check: R code for possible problems
Result: NOTE
    Possibly missing '()' after 'return' in the following functions:
     'gpdmle' 'gpdmple'
Flavors: r-devel-linux-x86_64-debian-clang, r-devel-linux-x86_64-debian-gcc, r-devel-linux-x86_64-fedora-clang, r-devel-linux-x86_64-fedora-gcc

Version: 1.2.0
Check: installed package size
Result: NOTE
     installed size is 5.4Mb
     sub-directories of 1Mb or more:
     data 2.0Mb
     libs 2.5Mb
Flavors: r-devel-linux-x86_64-fedora-clang, r-devel-windows-ix86+x86_64, r-release-macos-x86_64, r-release-windows-ix86+x86_64

Version: 1.2.0
Check: Rd cross-references
Result: NOTE
    Undeclared package ‘sampling’ in Rd xrefs
Flavor: r-devel-linux-x86_64-fedora-clang