CRAN Package Check Results for Package simSummary

Last updated on 2014-07-26 19:50:29.

Flavor Version Tinstall Tcheck Ttotal Status Flags
r-devel-linux-x86_64-debian-clang 0.1.0 0.70 12.86 13.56 NOTE
r-devel-linux-x86_64-debian-gcc 0.1.0 0.69 12.80 13.49 NOTE
r-devel-linux-x86_64-fedora-clang 0.1.0 29.81 NOTE
r-devel-linux-x86_64-fedora-gcc 0.1.0 27.21 NOTE
r-devel-osx-x86_64-clang 0.1.0 31.19 NOTE
r-devel-windows-ix86+x86_64 0.1.0 3.00 27.00 30.00 NOTE
r-patched-linux-x86_64 0.1.0 0.74 12.90 13.64 NOTE
r-patched-solaris-sparc 0.1.0 158.40 NOTE
r-patched-solaris-x86 0.1.0 40.90 NOTE
r-release-linux-ix86 0.1.0 1.11 21.09 22.20 NOTE
r-release-linux-x86_64 0.1.0 0.77 13.29 14.06 NOTE
r-release-osx-x86_64-mavericks 0.1.0 NOTE
r-release-osx-x86_64-snowleopard 0.1.0 NOTE
r-release-windows-ix86+x86_64 0.1.0 3.00 34.00 37.00 NOTE
r-oldrel-windows-ix86+x86_64 0.1.0 5.00 34.00 39.00 NOTE

Check Details

Version: 0.1.0
Check: for hidden files and directories
Result: NOTE
    Found the following hidden files and directories:
     vignettes/.Rhistory
    These were most likely included in error. See section ‘Package
    structure’ in the ‘Writing R Extensions’ manual.
Flavors: r-devel-linux-x86_64-debian-clang, r-devel-linux-x86_64-debian-gcc, r-devel-linux-x86_64-fedora-clang, r-devel-linux-x86_64-fedora-gcc, r-devel-osx-x86_64-clang, r-devel-windows-ix86+x86_64, r-patched-linux-x86_64, r-patched-solaris-sparc, r-patched-solaris-x86, r-release-linux-ix86, r-release-linux-x86_64, r-release-osx-x86_64-mavericks, r-release-osx-x86_64-snowleopard, r-release-windows-ix86+x86_64, r-oldrel-windows-ix86+x86_64

Version: 0.1.0
Check: dependencies in R code
Result: NOTE
    Packages in Depends field not imported from:
     ‘abind’ ‘svUnit’
     These packages need to be imported from (in the NAMESPACE file)
     for when this namespace is loaded but not attached.
    See the information on DESCRIPTION files in the chapter ‘Creating R
    packages’ of the ‘Writing R Extensions’ manual.
Flavors: r-devel-linux-x86_64-debian-clang, r-devel-linux-x86_64-debian-gcc, r-devel-linux-x86_64-fedora-clang, r-devel-linux-x86_64-fedora-gcc, r-devel-osx-x86_64-clang, r-devel-windows-ix86+x86_64, r-patched-linux-x86_64, r-patched-solaris-sparc, r-patched-solaris-x86, r-release-linux-ix86, r-release-linux-x86_64, r-release-osx-x86_64-mavericks, r-release-windows-ix86+x86_64, r-oldrel-windows-ix86+x86_64

Version: 0.1.0
Check: dependencies in R code
Result: NOTE
    Packages in Depends field not imported from:
     'abind' 'svUnit'
     These packages need to be imported from for the case when
     this namespace is loaded but not attached.
    See the information on DESCRIPTION files in the chapter 'Creating R
    packages' of the 'Writing R Extensions' manual.
Flavor: r-release-osx-x86_64-snowleopard