CRAN Package Check Results for Package simSummary

Last updated on 2015-09-01 21:47:18.

Flavor Version Tinstall Tcheck Ttotal Status Flags
r-devel-linux-x86_64-debian-clang 0.1.0 0.57 12.70 13.27 NOTE
r-devel-linux-x86_64-debian-gcc 0.1.0 0.60 12.04 12.64 NOTE
r-devel-linux-x86_64-fedora-clang 0.1.0 25.66 NOTE
r-devel-linux-x86_64-fedora-gcc 0.1.0 23.68 NOTE
r-devel-osx-x86_64-clang 0.1.0 24.10 NOTE
r-devel-windows-ix86+x86_64 0.1.0 3.00 27.00 30.00 NOTE
r-patched-linux-x86_64 0.1.0 0.74 12.80 13.54 NOTE
r-patched-solaris-sparc 0.1.0 158.50 NOTE
r-patched-solaris-x86 0.1.0 39.30 NOTE
r-release-linux-x86_64 0.1.0 0.61 12.78 13.40 NOTE
r-release-osx-x86_64-mavericks 0.1.0 NOTE
r-release-windows-ix86+x86_64 0.1.0 4.00 25.00 29.00 NOTE
r-oldrel-windows-ix86+x86_64 0.1.0 6.00 33.00 39.00 NOTE

Check Details

Version: 0.1.0
Check: for hidden files and directories
Result: NOTE
    Found the following hidden files and directories:
     vignettes/.Rhistory
    These were most likely included in error. See section ‘Package
    structure’ in the ‘Writing R Extensions’ manual.
Flavors: r-devel-linux-x86_64-debian-clang, r-devel-linux-x86_64-debian-gcc, r-devel-linux-x86_64-fedora-clang, r-devel-linux-x86_64-fedora-gcc, r-devel-osx-x86_64-clang, r-devel-windows-ix86+x86_64, r-patched-linux-x86_64, r-patched-solaris-sparc, r-patched-solaris-x86, r-release-linux-x86_64, r-release-osx-x86_64-mavericks, r-release-windows-ix86+x86_64, r-oldrel-windows-ix86+x86_64

Version: 0.1.0
Check: dependencies in R code
Result: NOTE
    Packages in Depends field not imported from:
     ‘abind’ ‘svUnit’
     These packages need to be imported from (in the NAMESPACE file)
     for when this namespace is loaded but not attached.
Flavors: r-devel-linux-x86_64-debian-clang, r-devel-linux-x86_64-debian-gcc, r-devel-linux-x86_64-fedora-clang, r-devel-linux-x86_64-fedora-gcc, r-devel-osx-x86_64-clang, r-devel-windows-ix86+x86_64, r-patched-linux-x86_64, r-patched-solaris-sparc, r-patched-solaris-x86, r-release-linux-x86_64, r-release-osx-x86_64-mavericks, r-release-windows-ix86+x86_64, r-oldrel-windows-ix86+x86_64

Version: 0.1.0
Check: R code for possible problems
Result: NOTE
    simSummary: no visible global function definition for ‘abind’
    simSummary_unitTests: no visible global function definition for
     ‘clearLog’
    simSummary_unitTests: no visible global function definition for
     ‘runTest’
    simSummary_unitTests: no visible global function definition for
     ‘svSuite’
    simSummary_unitTests: no visible global function definition for ‘Log’
    simSummary_unitTests: no visible global function definition for ‘stats’
    simSummary_unitTests: no visible global function definition for
     ‘metadata’
    simSummary_unitTests: no visible global function definition for
     ‘errorLog’
    Undefined global functions or variables:
     Log abind clearLog errorLog metadata runTest stats svSuite
Flavors: r-devel-linux-x86_64-debian-clang, r-devel-linux-x86_64-debian-gcc, r-devel-linux-x86_64-fedora-clang, r-devel-linux-x86_64-fedora-gcc, r-devel-osx-x86_64-clang, r-devel-windows-ix86+x86_64

Version: 0.1.0
Check: R code for possible problems
Result: NOTE
    simSummary: no visible global function definition for ‘abind’
    simSummary_unitTests: no visible global function definition for
     ‘clearLog’
    simSummary_unitTests: no visible global function definition for
     ‘runTest’
    simSummary_unitTests: no visible global function definition for
     ‘svSuite’
    simSummary_unitTests: no visible global function definition for ‘Log’
    simSummary_unitTests: no visible global function definition for ‘stats’
    simSummary_unitTests: no visible global function definition for
     ‘metadata’
    simSummary_unitTests: no visible global function definition for
     ‘errorLog’
Flavors: r-patched-linux-x86_64, r-patched-solaris-sparc, r-patched-solaris-x86, r-release-linux-x86_64, r-release-osx-x86_64-mavericks, r-release-windows-ix86+x86_64, r-oldrel-windows-ix86+x86_64