CRAN Package Check Results for Package simSummary

Last updated on 2015-01-31 08:49:54.

Flavor Version Tinstall Tcheck Ttotal Status Flags
r-devel-linux-x86_64-debian-clang 0.1.0 0.66 12.10 12.76 NOTE
r-devel-linux-x86_64-debian-gcc 0.1.0 0.66 11.82 12.47 NOTE
r-devel-linux-x86_64-fedora-clang 0.1.0 28.66 NOTE
r-devel-linux-x86_64-fedora-gcc 0.1.0 26.67 NOTE
r-devel-osx-x86_64-clang 0.1.0 35.61 NOTE
r-devel-windows-ix86+x86_64 0.1.0 4.00 27.00 31.00 NOTE
r-patched-linux-x86_64 0.1.0 0.75 15.06 15.82 NOTE
r-patched-solaris-sparc 0.1.0 164.50 NOTE
r-patched-solaris-x86 0.1.0 42.90 NOTE
r-release-linux-ix86 0.1.0 1.14 22.49 23.63 NOTE
r-release-linux-x86_64 0.1.0 0.74 14.82 15.56 NOTE
r-release-osx-x86_64-mavericks 0.1.0 NOTE
r-release-osx-x86_64-snowleopard 0.1.0 NOTE
r-release-windows-ix86+x86_64 0.1.0 4.00 26.00 30.00 NOTE
r-oldrel-windows-ix86+x86_64 0.1.0 4.00 28.00 32.00 NOTE

Check Details

Version: 0.1.0
Check: for hidden files and directories
Result: NOTE
    Found the following hidden files and directories:
     vignettes/.Rhistory
    These were most likely included in error. See section ‘Package
    structure’ in the ‘Writing R Extensions’ manual.
Flavors: r-devel-linux-x86_64-debian-clang, r-devel-linux-x86_64-debian-gcc, r-devel-linux-x86_64-fedora-clang, r-devel-linux-x86_64-fedora-gcc, r-devel-osx-x86_64-clang, r-devel-windows-ix86+x86_64, r-patched-linux-x86_64, r-patched-solaris-sparc, r-patched-solaris-x86, r-release-linux-ix86, r-release-linux-x86_64, r-release-osx-x86_64-mavericks, r-release-osx-x86_64-snowleopard, r-release-windows-ix86+x86_64, r-oldrel-windows-ix86+x86_64

Version: 0.1.0
Check: dependencies in R code
Result: NOTE
    Packages in Depends field not imported from:
     ‘abind’ ‘svUnit’
     These packages need to be imported from (in the NAMESPACE file)
     for when this namespace is loaded but not attached.
Flavors: r-devel-linux-x86_64-debian-clang, r-devel-linux-x86_64-debian-gcc, r-devel-linux-x86_64-fedora-clang, r-devel-linux-x86_64-fedora-gcc, r-devel-osx-x86_64-clang, r-devel-windows-ix86+x86_64

Version: 0.1.0
Check: R code for possible problems
Result: NOTE
    simSummary: no visible global function definition for ‘abind’
    simSummary_unitTests: no visible global function definition for
     ‘clearLog’
    simSummary_unitTests: no visible global function definition for
     ‘runTest’
    simSummary_unitTests: no visible global function definition for
     ‘svSuite’
    simSummary_unitTests: no visible global function definition for ‘Log’
    simSummary_unitTests: no visible global function definition for ‘stats’
    simSummary_unitTests: no visible global function definition for
     ‘metadata’
    simSummary_unitTests: no visible global function definition for
     ‘errorLog’
Flavors: r-devel-linux-x86_64-debian-clang, r-devel-linux-x86_64-debian-gcc, r-devel-linux-x86_64-fedora-clang, r-devel-linux-x86_64-fedora-gcc, r-devel-osx-x86_64-clang, r-devel-windows-ix86+x86_64, r-patched-linux-x86_64, r-patched-solaris-sparc, r-patched-solaris-x86, r-release-linux-ix86, r-release-linux-x86_64, r-release-osx-x86_64-mavericks, r-release-windows-ix86+x86_64

Version: 0.1.0
Check: dependencies in R code
Result: NOTE
    Packages in Depends field not imported from:
     ‘abind’ ‘svUnit’
     These packages need to be imported from (in the NAMESPACE file)
     for when this namespace is loaded but not attached.
    See the information on DESCRIPTION files in the chapter ‘Creating R
    packages’ of the ‘Writing R Extensions’ manual.
Flavors: r-patched-linux-x86_64, r-patched-solaris-sparc, r-patched-solaris-x86, r-release-linux-ix86, r-release-linux-x86_64, r-release-osx-x86_64-mavericks, r-release-windows-ix86+x86_64, r-oldrel-windows-ix86+x86_64

Version: 0.1.0
Check: dependencies in R code
Result: NOTE
    Packages in Depends field not imported from:
     'abind' 'svUnit'
     These packages need to be imported from for the case when
     this namespace is loaded but not attached.
    See the information on DESCRIPTION files in the chapter 'Creating R
    packages' of the 'Writing R Extensions' manual.
Flavor: r-release-osx-x86_64-snowleopard