CRAN Package Check Results for Package simSummary

Last updated on 2020-07-04 14:48:40 CEST.

Flavor Version Tinstall Tcheck Ttotal Status Flags
r-devel-linux-x86_64-debian-clang 0.1.0 2.30 26.69 28.99 NOTE
r-devel-linux-x86_64-debian-gcc 0.1.0 1.89 21.54 23.43 NOTE
r-devel-linux-x86_64-fedora-clang 0.1.0 43.82 NOTE
r-devel-linux-x86_64-fedora-gcc 0.1.0 34.89 NOTE
r-devel-windows-ix86+x86_64 0.1.0 7.00 46.00 53.00 NOTE
r-patched-linux-x86_64 0.1.0 2.41 27.15 29.56 NOTE
r-patched-solaris-x86 0.1.0 53.40 NOTE
r-release-linux-x86_64 0.1.0 2.09 26.84 28.93 NOTE
r-release-osx-x86_64 0.1.0 NOTE
r-release-windows-ix86+x86_64 0.1.0 5.00 45.00 50.00 NOTE
r-oldrel-osx-x86_64 0.1.0 NOTE
r-oldrel-windows-ix86+x86_64 0.1.0 5.00 58.00 63.00 NOTE

Check Details

Version: 0.1.0
Check: for hidden files and directories
Result: NOTE
    Found the following hidden files and directories:
     vignettes/.Rhistory
    These were most likely included in error. See section 'Package
    structure' in the 'Writing R Extensions' manual.
Flavors: r-devel-linux-x86_64-debian-clang, r-devel-linux-x86_64-debian-gcc, r-devel-linux-x86_64-fedora-clang, r-devel-linux-x86_64-fedora-gcc, r-devel-windows-ix86+x86_64, r-patched-linux-x86_64, r-patched-solaris-x86, r-release-linux-x86_64, r-release-osx-x86_64, r-release-windows-ix86+x86_64, r-oldrel-osx-x86_64, r-oldrel-windows-ix86+x86_64

Version: 0.1.0
Check: dependencies in R code
Result: NOTE
    Packages in Depends field not imported from:
     'abind' 'svUnit'
     These packages need to be imported from (in the NAMESPACE file)
     for when this namespace is loaded but not attached.
Flavors: r-devel-linux-x86_64-debian-clang, r-devel-linux-x86_64-debian-gcc, r-devel-linux-x86_64-fedora-clang, r-devel-linux-x86_64-fedora-gcc, r-devel-windows-ix86+x86_64, r-patched-linux-x86_64, r-patched-solaris-x86, r-release-linux-x86_64, r-release-osx-x86_64, r-release-windows-ix86+x86_64, r-oldrel-osx-x86_64, r-oldrel-windows-ix86+x86_64

Version: 0.1.0
Check: R code for possible problems
Result: NOTE
    simSummary: no visible global function definition for 'abind'
    simSummary_unitTests: no visible global function definition for
     'clearLog'
    simSummary_unitTests: no visible global function definition for
     'runTest'
    simSummary_unitTests: no visible global function definition for
     'svSuite'
    simSummary_unitTests: no visible global function definition for 'Log'
    simSummary_unitTests: no visible global function definition for 'stats'
    simSummary_unitTests: no visible global function definition for
     'metadata'
    simSummary_unitTests: no visible global function definition for
     'errorLog'
    Undefined global functions or variables:
     Log abind clearLog errorLog metadata runTest stats svSuite
Flavors: r-devel-linux-x86_64-debian-clang, r-devel-linux-x86_64-debian-gcc, r-devel-linux-x86_64-fedora-clang, r-devel-linux-x86_64-fedora-gcc, r-devel-windows-ix86+x86_64, r-patched-linux-x86_64, r-patched-solaris-x86, r-release-linux-x86_64, r-release-osx-x86_64, r-release-windows-ix86+x86_64, r-oldrel-osx-x86_64, r-oldrel-windows-ix86+x86_64