CRAN Package Check Results for Package simSummary

Last updated on 2015-04-26 12:46:41.

Flavor Version Tinstall Tcheck Ttotal Status Flags
r-devel-linux-x86_64-debian-clang 0.1.0 0.60 12.33 12.93 NOTE
r-devel-linux-x86_64-debian-gcc 0.1.0 0.63 12.30 12.93 NOTE
r-devel-linux-x86_64-fedora-clang 0.1.0 25.62 NOTE
r-devel-linux-x86_64-fedora-gcc 0.1.0 24.61 NOTE
r-devel-osx-x86_64-clang 0.1.0 32.18 NOTE
r-devel-windows-ix86+x86_64 0.1.0 4.00 24.00 28.00 NOTE
r-patched-linux-x86_64 0.1.0 0.60 12.15 12.75 NOTE
r-patched-solaris-sparc 0.1.0 150.00 NOTE
r-patched-solaris-x86 0.1.0 35.30 NOTE
r-release-linux-x86_64 0.1.0 0.66 12.06 12.72 NOTE
r-release-osx-x86_64-mavericks 0.1.0 NOTE
r-release-osx-x86_64-snowleopard 0.1.0 NOTE
r-release-windows-ix86+x86_64 0.1.0 3.00 25.00 28.00 NOTE
r-oldrel-windows-ix86+x86_64 0.1.0 5.00 28.00 33.00 NOTE

Check Details

Version: 0.1.0
Check: for hidden files and directories
Result: NOTE
    Found the following hidden files and directories:
     vignettes/.Rhistory
    These were most likely included in error. See section ‘Package
    structure’ in the ‘Writing R Extensions’ manual.
Flavors: r-devel-linux-x86_64-fedora-clang, r-devel-linux-x86_64-fedora-gcc, r-devel-osx-x86_64-clang, r-devel-windows-ix86+x86_64, r-patched-solaris-sparc, r-patched-solaris-x86, r-release-osx-x86_64-mavericks, r-release-windows-ix86+x86_64, r-oldrel-windows-ix86+x86_64

Version: 0.1.0
Check: dependencies in R code
Result: NOTE
    Packages in Depends field not imported from:
     ‘abind’ ‘svUnit’
     These packages need to be imported from (in the NAMESPACE file)
     for when this namespace is loaded but not attached.
Flavors: r-devel-linux-x86_64-fedora-clang, r-devel-linux-x86_64-fedora-gcc, r-devel-osx-x86_64-clang, r-devel-windows-ix86+x86_64, r-patched-solaris-sparc, r-patched-solaris-x86, r-release-osx-x86_64-mavericks, r-release-windows-ix86+x86_64, r-oldrel-windows-ix86+x86_64

Version: 0.1.0
Check: R code for possible problems
Result: NOTE
    simSummary: no visible global function definition for ‘abind’
    simSummary_unitTests: no visible global function definition for
     ‘clearLog’
    simSummary_unitTests: no visible global function definition for
     ‘runTest’
    simSummary_unitTests: no visible global function definition for
     ‘svSuite’
    simSummary_unitTests: no visible global function definition for ‘Log’
    simSummary_unitTests: no visible global function definition for ‘stats’
    simSummary_unitTests: no visible global function definition for
     ‘metadata’
    simSummary_unitTests: no visible global function definition for
     ‘errorLog’
Flavors: r-devel-linux-x86_64-fedora-clang, r-devel-linux-x86_64-fedora-gcc, r-devel-osx-x86_64-clang, r-devel-windows-ix86+x86_64, r-patched-solaris-sparc, r-patched-solaris-x86, r-release-osx-x86_64-mavericks, r-release-windows-ix86+x86_64, r-oldrel-windows-ix86+x86_64