CRAN Package Check Results for Package simSummary

Last updated on 2017-04-28 17:48:00.

Flavor Version Tinstall Tcheck Ttotal Status Flags
r-devel-linux-x86_64-debian-clang 0.1.0 0.85 16.07 16.92 NOTE
r-devel-linux-x86_64-debian-gcc 0.1.0 0.81 16.17 16.98 NOTE
r-devel-linux-x86_64-fedora-clang 0.1.0 32.07 NOTE --no-stop-on-test-error
r-devel-linux-x86_64-fedora-gcc 0.1.0 27.56 NOTE --no-stop-on-test-error
r-devel-windows-ix86+x86_64 0.1.0 5.00 43.00 48.00 NOTE
r-patched-linux-x86_64 0.1.0 0.89 15.82 16.71 NOTE
r-patched-solaris-sparc 0.1.0 167.80 NOTE
r-patched-solaris-x86 0.1.0 39.30 NOTE
r-release-linux-x86_64 0.1.0 0.72 15.94 16.66 NOTE
r-release-windows-ix86+x86_64 0.1.0 3.00 38.00 41.00 NOTE
r-release-osx-x86_64 0.1.0 NOTE
r-oldrel-windows-ix86+x86_64 0.1.0 8.00 47.00 55.00 NOTE
r-oldrel-osx-x86_64 0.1.0 NOTE

Check Details

Version: 0.1.0
Check: for hidden files and directories
Result: NOTE
    Found the following hidden files and directories:
     vignettes/.Rhistory
    These were most likely included in error. See section ‘Package
    structure’ in the ‘Writing R Extensions’ manual.
Flavors: r-devel-linux-x86_64-debian-clang, r-devel-linux-x86_64-debian-gcc, r-devel-windows-ix86+x86_64, r-patched-linux-x86_64, r-patched-solaris-sparc, r-patched-solaris-x86, r-release-linux-x86_64, r-release-windows-ix86+x86_64, r-release-osx-x86_64, r-oldrel-windows-ix86+x86_64, r-oldrel-osx-x86_64

Version: 0.1.0
Check: dependencies in R code
Result: NOTE
    Packages in Depends field not imported from:
     ‘abind’ ‘svUnit’
     These packages need to be imported from (in the NAMESPACE file)
     for when this namespace is loaded but not attached.
Flavors: r-devel-linux-x86_64-debian-clang, r-devel-linux-x86_64-debian-gcc, r-devel-windows-ix86+x86_64, r-patched-linux-x86_64, r-patched-solaris-sparc, r-patched-solaris-x86, r-release-linux-x86_64, r-release-windows-ix86+x86_64, r-release-osx-x86_64, r-oldrel-windows-ix86+x86_64, r-oldrel-osx-x86_64

Version: 0.1.0
Check: R code for possible problems
Result: NOTE
    simSummary: no visible global function definition for ‘abind’
    simSummary_unitTests: no visible global function definition for
     ‘clearLog’
    simSummary_unitTests: no visible global function definition for
     ‘runTest’
    simSummary_unitTests: no visible global function definition for
     ‘svSuite’
    simSummary_unitTests: no visible global function definition for ‘Log’
    simSummary_unitTests: no visible global function definition for ‘stats’
    simSummary_unitTests: no visible global function definition for
     ‘metadata’
    simSummary_unitTests: no visible global function definition for
     ‘errorLog’
    Undefined global functions or variables:
     Log abind clearLog errorLog metadata runTest stats svSuite
Flavors: r-devel-linux-x86_64-debian-clang, r-devel-linux-x86_64-debian-gcc, r-devel-windows-ix86+x86_64, r-patched-linux-x86_64, r-patched-solaris-sparc, r-patched-solaris-x86, r-release-linux-x86_64, r-release-windows-ix86+x86_64, r-release-osx-x86_64, r-oldrel-windows-ix86+x86_64, r-oldrel-osx-x86_64

Version: 0.1.0
Flags: --no-stop-on-test-error
Check: for hidden files and directories
Result: NOTE
    Found the following hidden files and directories:
     vignettes/.Rhistory
    These were most likely included in error. See section ‘Package
    structure’ in the ‘Writing R Extensions’ manual.
Flavors: r-devel-linux-x86_64-fedora-clang, r-devel-linux-x86_64-fedora-gcc

Version: 0.1.0
Flags: --no-stop-on-test-error
Check: dependencies in R code
Result: NOTE
    Packages in Depends field not imported from:
     ‘abind’ ‘svUnit’
     These packages need to be imported from (in the NAMESPACE file)
     for when this namespace is loaded but not attached.
Flavors: r-devel-linux-x86_64-fedora-clang, r-devel-linux-x86_64-fedora-gcc

Version: 0.1.0
Flags: --no-stop-on-test-error
Check: R code for possible problems
Result: NOTE
    simSummary: no visible global function definition for ‘abind’
    simSummary_unitTests: no visible global function definition for
     ‘clearLog’
    simSummary_unitTests: no visible global function definition for
     ‘runTest’
    simSummary_unitTests: no visible global function definition for
     ‘svSuite’
    simSummary_unitTests: no visible global function definition for ‘Log’
    simSummary_unitTests: no visible global function definition for ‘stats’
    simSummary_unitTests: no visible global function definition for
     ‘metadata’
    simSummary_unitTests: no visible global function definition for
     ‘errorLog’
    Undefined global functions or variables:
     Log abind clearLog errorLog metadata runTest stats svSuite
Flavors: r-devel-linux-x86_64-fedora-clang, r-devel-linux-x86_64-fedora-gcc