CRAN Package Check Results for Package simSummary

Last updated on 2014-04-24 11:48:56.

Flavor Version Tinstall Tcheck Ttotal Status Flags
r-devel-linux-x86_64-debian-clang 0.1.0 0.78 13.96 14.75 NOTE
r-devel-linux-x86_64-debian-gcc 0.1.0 0.79 13.68 14.47 NOTE
r-devel-linux-x86_64-fedora-clang 0.1.0 29.52 NOTE
r-devel-linux-x86_64-fedora-gcc 0.1.0 28.59 NOTE
r-devel-osx-x86_64-clang 0.1.0 33.90 NOTE
r-devel-osx-x86_64-gcc 0.1.0 NOTE
r-devel-windows-ix86+x86_64 0.1.0 3.00 26.00 29.00 NOTE
r-patched-linux-x86_64 0.1.0 0.77 14.04 14.82 NOTE
r-patched-solaris-sparc 0.1.0 158.40 NOTE
r-patched-solaris-x86 0.1.0 41.30 NOTE
r-release-linux-ix86 0.1.0 2.00 85.00 87.00 NOTE
r-release-linux-x86_64 0.1.0 0.78 13.86 14.64 NOTE
r-release-osx-x86_64-mavericks 0.1.0 WARN
r-release-osx-x86_64-snowleopard 0.1.0 NOTE
r-release-windows-ix86+x86_64 0.1.0 4.00 26.00 30.00 NOTE
r-oldrel-windows-ix86+x86_64 0.1.0 4.00 26.00 30.00 NOTE

Check Details

Version: 0.1.0
Check: for hidden files and directories
Result: NOTE
    Found the following hidden files and directories:
     vignettes/.Rhistory
    These were most likely included in error. See section ‘Package
    structure’ in the ‘Writing R Extensions’ manual.
Flavors: r-devel-linux-x86_64-debian-clang, r-devel-linux-x86_64-debian-gcc, r-devel-linux-x86_64-fedora-clang, r-devel-linux-x86_64-fedora-gcc, r-devel-osx-x86_64-clang, r-devel-osx-x86_64-gcc, r-devel-windows-ix86+x86_64, r-patched-linux-x86_64, r-patched-solaris-sparc, r-patched-solaris-x86, r-release-linux-ix86, r-release-linux-x86_64, r-release-osx-x86_64-mavericks, r-release-osx-x86_64-snowleopard, r-release-windows-ix86+x86_64, r-oldrel-windows-ix86+x86_64

Version: 0.1.0
Check: dependencies in R code
Result: NOTE
    Packages in Depends field not imported from:
     ‘abind’ ‘svUnit’
     These packages need to be imported from (in the NAMESPACE file)
     for when this namespace is loaded but not attached.
    See the information on DESCRIPTION files in the chapter ‘Creating R
    packages’ of the ‘Writing R Extensions’ manual.
Flavors: r-devel-linux-x86_64-debian-clang, r-devel-linux-x86_64-debian-gcc, r-devel-linux-x86_64-fedora-clang, r-devel-linux-x86_64-fedora-gcc, r-devel-osx-x86_64-clang, r-devel-osx-x86_64-gcc, r-devel-windows-ix86+x86_64, r-patched-linux-x86_64, r-patched-solaris-sparc, r-patched-solaris-x86, r-release-linux-ix86, r-release-linux-x86_64, r-release-osx-x86_64-mavericks, r-release-windows-ix86+x86_64, r-oldrel-windows-ix86+x86_64

Version: 0.1.0
Check: PDF version of manual
Result: WARNING
    LaTeX errors when creating PDF version.
    This typically indicates Rd problems.
    LaTeX errors found:
    ! LaTeX Error: File `upquote.sty' not found.
    
    Type X to quit or <RETURN> to proceed,
    or enter new name. (Default extension: sty)
    
    7a005030/Rd2.tex:8: ==> Fatal error occurred, no output PDF file produced!
Flavor: r-release-osx-x86_64-mavericks

Version: 0.1.0
Check: dependencies in R code
Result: NOTE
    Packages in Depends field not imported from:
     'abind' 'svUnit'
     These packages need to be imported from for the case when
     this namespace is loaded but not attached.
    See the information on DESCRIPTION files in the chapter 'Creating R
    packages' of the 'Writing R Extensions' manual.
Flavor: r-release-osx-x86_64-snowleopard