CRAN Package Check Results for Package simTool

Last updated on 2020-08-13 02:51:05 CEST.

Flavor Version Tinstall Tcheck Ttotal Status Flags
r-devel-linux-x86_64-debian-clang 1.1.6 0.55 2.49 3.04 ERROR
r-devel-linux-x86_64-debian-gcc 1.1.6 3.41 41.50 44.91 OK
r-devel-linux-x86_64-fedora-clang 1.1.6 76.54 OK
r-devel-linux-x86_64-fedora-gcc 1.1.6 67.70 OK
r-devel-windows-ix86+x86_64 1.1.6 11.00 132.00 143.00 OK
r-patched-linux-x86_64 1.1.6 3.62 53.98 57.60 OK
r-patched-solaris-x86 1.1.6 195.40 OK
r-release-linux-x86_64 1.1.6 0.48 2.57 3.05 ERROR
r-release-macos-x86_64 1.1.6 OK
r-release-windows-ix86+x86_64 1.1.6 18.00 88.00 106.00 OK
r-oldrel-macos-x86_64 1.1.6 OK
r-oldrel-windows-ix86+x86_64 1.1.6 9.00 96.00 105.00 OK

Check Details

Version: 1.1.6
Check: package dependencies
Result: ERROR
    Package required but not available: 'tidyr'
    
    Package suggested but not available for checking: 'broom'
    
    See section 'The DESCRIPTION file' in the 'Writing R Extensions'
    manual.
Flavors: r-devel-linux-x86_64-debian-clang, r-release-linux-x86_64