CRAN Package Check Results for Package simba

Last updated on 2017-01-22 03:47:27.

Flavor Version Tinstall Tcheck Ttotal Status Flags
r-devel-linux-x86_64-debian-clang 0.3-5 3.39 64.41 67.81 OK
r-devel-linux-x86_64-debian-gcc 0.3-5 3.01 63.20 66.20 OK
r-devel-linux-x86_64-fedora-clang 0.3-5 139.00 OK --no-stop-on-test-error
r-devel-linux-x86_64-fedora-gcc 0.3-5 126.29 OK --no-stop-on-test-error
r-devel-macos-x86_64-clang 0.3-5 102.65 OK --no-stop-on-test-error
r-devel-windows-ix86+x86_64 0.3-5 12.00 138.00 150.00 OK
r-patched-linux-x86_64 0.3-5 2.92 60.08 63.00 OK
r-patched-solaris-sparc 0.3-5 674.90 ERROR
r-patched-solaris-x86 0.3-5 137.80 ERROR
r-release-linux-x86_64 0.3-5 3.15 59.42 62.57 OK
r-release-osx-x86_64-mavericks 0.3-5 OK
r-release-windows-ix86+x86_64 0.3-5 18.00 103.00 121.00 OK
r-oldrel-windows-ix86+x86_64 0.3-5 18.00 133.00 151.00 OK

Check Details

Version: 0.3-5
Check: package dependencies
Result: NOTE
    Package suggested but not available for checking: ‘geoR’
Flavors: r-patched-solaris-sparc, r-patched-solaris-x86

Version: 0.3-5
Check: examples
Result: ERROR
    Running examples in ‘simba-Ex.R’ failed
    The error most likely occurred in:
    
    > ### Name: hexgrid
    > ### Title: Produces the nodes of an equidistant grid.
    > ### Aliases: hexgrid
    > ### Keywords: methods datagen
    >
    > ### ** Examples
    >
    > ## produces a grid with r=400:
    > test.grd <- hexgrid(456000, 7356700, r=400)
    > ## for plotting the following is recommended as it preserves
    > ## real positions:
    > library(geoR)
    Error in library(geoR) : there is no package called ‘geoR’
    Execution halted
Flavors: r-patched-solaris-sparc, r-patched-solaris-x86