CRAN Package Check Results for Package simba

Last updated on 2016-12-03 23:47:57.

Flavor Version Tinstall Tcheck Ttotal Status Flags
r-devel-linux-x86_64-debian-clang 0.3-5 3.00 65.51 68.51 OK
r-devel-linux-x86_64-debian-gcc 0.3-5 2.95 62.62 65.57 OK
r-devel-linux-x86_64-fedora-clang 0.3-5 143.10 OK
r-devel-linux-x86_64-fedora-gcc 0.3-5 139.48 OK
r-devel-macos-x86_64-clang 0.3-5 104.58 OK
r-devel-windows-ix86+x86_64 0.3-5 8.00 136.00 144.00 OK
r-patched-linux-x86_64 0.3-5 2.91 58.43 61.34 OK
r-patched-solaris-sparc 0.3-5 642.40 ERROR
r-patched-solaris-x86 0.3-5 142.30 ERROR
r-release-linux-x86_64 0.3-5 3.02 57.70 60.72 OK
r-release-osx-x86_64-mavericks 0.3-5 OK
r-release-windows-ix86+x86_64 0.3-5 11.00 99.00 110.00 OK
r-oldrel-windows-ix86+x86_64 0.3-5 11.00 141.00 152.00 OK

Check Details

Version: 0.3-5
Check: package dependencies
Result: NOTE
    Package suggested but not available for checking: ‘geoR’
Flavors: r-patched-solaris-sparc, r-patched-solaris-x86

Version: 0.3-5
Check: examples
Result: ERROR
    Running examples in ‘simba-Ex.R’ failed
    The error most likely occurred in:
    
    > ### Name: hexgrid
    > ### Title: Produces the nodes of an equidistant grid.
    > ### Aliases: hexgrid
    > ### Keywords: methods datagen
    >
    > ### ** Examples
    >
    > ## produces a grid with r=400:
    > test.grd <- hexgrid(456000, 7356700, r=400)
    > ## for plotting the following is recommended as it preserves
    > ## real positions:
    > library(geoR)
    Error in library(geoR) : there is no package called ‘geoR’
    Execution halted
Flavors: r-patched-solaris-sparc, r-patched-solaris-x86