CRAN Package Check Results for Package simba

Last updated on 2015-04-27 15:46:46.

Flavor Version Tinstall Tcheck Ttotal Status Flags
r-devel-linux-x86_64-debian-clang 0.3-5 3.25 64.18 67.43 OK
r-devel-linux-x86_64-debian-gcc 0.3-5 3.21 62.32 65.52 OK
r-devel-linux-x86_64-fedora-clang 0.3-5 137.38 OK
r-devel-linux-x86_64-fedora-gcc 0.3-5 128.55 OK
r-devel-osx-x86_64-clang 0.3-5 109.06 OK
r-devel-windows-ix86+x86_64 0.3-5 10.00 97.00 107.00 OK
r-patched-linux-x86_64 0.3-5 3.26 61.94 65.20 OK
r-patched-solaris-sparc 0.3-5 779.00 OK
r-patched-solaris-x86 0.3-5 169.00 OK
r-release-linux-x86_64 0.3-5 3.19 61.90 65.10 OK
r-release-osx-x86_64-mavericks 0.3-5 OK
r-release-osx-x86_64-snowleopard 0.3-5 ERROR
r-release-windows-ix86+x86_64 0.3-5 15.00 127.00 142.00 OK
r-oldrel-windows-ix86+x86_64 0.3-5 11.00 102.00 113.00 OK

Check Details

Version: 0.3-5
Check: package dependencies
Result: ERROR
    Package required but not available: ‘vegan’
    
    See section ‘The DESCRIPTION file’ in the ‘Writing R Extensions’
    manual.
Flavor: r-release-osx-x86_64-snowleopard