CRAN Package Check Results for Package simba

Last updated on 2017-02-24 11:48:39.

Flavor Version Tinstall Tcheck Ttotal Status Flags
r-devel-linux-x86_64-debian-clang 0.3-5 3.22 63.71 66.93 OK
r-devel-linux-x86_64-debian-gcc 0.3-5 2.94 63.33 66.27 OK
r-devel-linux-x86_64-fedora-clang 0.3-5 138.69 OK --no-stop-on-test-error
r-devel-linux-x86_64-fedora-gcc 0.3-5 148.21 OK --no-stop-on-test-error
r-devel-macos-x86_64-clang 0.3-5 103.78 OK --no-stop-on-test-error
r-devel-windows-ix86+x86_64 0.3-5 21.00 102.00 123.00 OK
r-patched-linux-x86_64 0.3-5 3.20 58.58 61.78 OK
r-patched-solaris-sparc 0.3-5 674.90 ERROR
r-patched-solaris-x86 0.3-5 143.30 ERROR
r-release-linux-x86_64 0.3-5 3.16 59.99 63.14 OK
r-release-osx-x86_64-mavericks 0.3-5 OK
r-release-windows-ix86+x86_64 0.3-5 11.00 126.00 137.00 OK
r-oldrel-windows-ix86+x86_64 0.3-5 13.00 188.00 201.00 OK

Check Details

Version: 0.3-5
Check: package dependencies
Result: NOTE
    Package suggested but not available for checking: ‘geoR’
Flavors: r-patched-solaris-sparc, r-patched-solaris-x86

Version: 0.3-5
Check: examples
Result: ERROR
    Running examples in ‘simba-Ex.R’ failed
    The error most likely occurred in:
    
    > ### Name: hexgrid
    > ### Title: Produces the nodes of an equidistant grid.
    > ### Aliases: hexgrid
    > ### Keywords: methods datagen
    >
    > ### ** Examples
    >
    > ## produces a grid with r=400:
    > test.grd <- hexgrid(456000, 7356700, r=400)
    > ## for plotting the following is recommended as it preserves
    > ## real positions:
    > library(geoR)
    Error in library(geoR) : there is no package called ‘geoR’
    Execution halted
Flavors: r-patched-solaris-sparc, r-patched-solaris-x86