CRAN Package Check Results for Package simba

Last updated on 2014-04-23 20:47:22.

Flavor Version Tinstall Tcheck Ttotal Status Flags
r-devel-linux-x86_64-debian-clang 0.3-5 1.45 47.16 48.61 OK
r-devel-linux-x86_64-debian-gcc 0.3-5 1.44 47.49 48.92 OK
r-devel-linux-x86_64-fedora-clang 0.3-5 108.15 OK
r-devel-linux-x86_64-fedora-gcc 0.3-5 106.19 OK
r-devel-osx-x86_64-clang 0.3-5 83.25 OK
r-devel-osx-x86_64-gcc 0.3-5 ERROR
r-devel-windows-ix86+x86_64 0.3-5 4.00 65.00 69.00 OK
r-patched-linux-x86_64 0.3-5 1.54 49.48 51.02 OK
r-patched-solaris-sparc 0.3-5 523.80 OK
r-patched-solaris-x86 0.3-5 113.10 OK
r-release-linux-ix86 0.3-5 3.00 89.00 92.00 OK
r-release-linux-x86_64 0.3-5 1.48 47.90 49.37 OK
r-release-osx-x86_64-mavericks 0.3-5 ERROR
r-release-osx-x86_64-snowleopard 0.3-5 OK
r-release-windows-ix86+x86_64 0.3-5 4.00 75.00 79.00 OK
r-oldrel-windows-ix86+x86_64 0.3-5 5.00 69.00 74.00 OK

Check Details

Version: 0.3-5
Check: package dependencies
Result: ERROR
    Package required but not available: ‘vegan’
    
    Package suggested but not available for checking: ‘geoR’
    
    See the information on DESCRIPTION files in the chapter ‘Creating R
    packages’ of the ‘Writing R Extensions’ manual.
Flavor: r-devel-osx-x86_64-gcc

Version: 0.3-5
Check: package dependencies
Result: NOTE
    Package suggested but not available for checking: ‘geoR’
Flavor: r-release-osx-x86_64-mavericks

Version: 0.3-5
Check: examples
Result: ERROR
    Running examples in ‘simba-Ex.R’ failed
    The error most likely occurred in:
    
    > ### Name: hexgrid
    > ### Title: Produces the nodes of an equidistant grid.
    > ### Aliases: hexgrid
    > ### Keywords: methods datagen
    >
    > ### ** Examples
    >
    > ## produces a grid with r=400:
    > test.grd <- hexgrid(456000, 7356700, r=400)
    > ## for plotting the following is recommended as it preserves
    > ## real positions:
    > library(geoR)
    Error in library(geoR) : there is no package called ‘geoR’
    Execution halted
Flavor: r-release-osx-x86_64-mavericks