CRAN Package Check Results for Package simba

Last updated on 2015-05-29 15:47:10.

Flavor Version Tinstall Tcheck Ttotal Status Flags
r-devel-linux-x86_64-debian-clang 0.3-5 3.32 64.32 67.64 OK
r-devel-linux-x86_64-debian-gcc 0.3-5 3.25 64.33 67.58 OK
r-devel-linux-x86_64-fedora-clang 0.3-5 137.45 OK
r-devel-linux-x86_64-fedora-gcc 0.3-5 127.55 OK
r-devel-osx-x86_64-clang 0.3-5 109.75 OK
r-devel-windows-ix86+x86_64 0.3-5 9.00 97.00 106.00 OK
r-patched-linux-x86_64 0.3-5 3.22 62.40 65.62 OK
r-patched-solaris-sparc 0.3-5 785.20 OK
r-patched-solaris-x86 0.3-5 167.30 OK
r-release-linux-x86_64 0.3-5 3.22 61.55 64.77 OK
r-release-osx-x86_64-mavericks 0.3-5 OK
r-release-osx-x86_64-snowleopard 0.3-5 ERROR
r-release-windows-ix86+x86_64 0.3-5 9.00 106.00 115.00 OK
r-oldrel-windows-ix86+x86_64 0.3-5 13.00 151.00 164.00 OK

Check Details

Version: 0.3-5
Check: package dependencies
Result: ERROR
    Package required but not available: ‘vegan’
    
    See section ‘The DESCRIPTION file’ in the ‘Writing R Extensions’
    manual.
Flavor: r-release-osx-x86_64-snowleopard