CRAN Package Check Results for Package simba

Last updated on 2017-03-29 18:47:36.

Flavor Version Tinstall Tcheck Ttotal Status Flags
r-devel-linux-x86_64-debian-clang 0.3-5 3.12 65.83 68.95 OK
r-devel-linux-x86_64-debian-gcc 0.3-5 3.17 62.55 65.72 OK
r-devel-linux-x86_64-fedora-clang 0.3-5 148.25 OK --no-stop-on-test-error
r-devel-linux-x86_64-fedora-gcc 0.3-5 138.16 OK --no-stop-on-test-error
r-devel-macos-x86_64-clang 0.3-5 102.38 OK --no-stop-on-test-error
r-devel-windows-ix86+x86_64 0.3-5 10.00 144.00 154.00 OK
r-patched-linux-x86_64 0.3-5 3.03 63.07 66.10 OK
r-patched-solaris-sparc 0.3-5 716.20 ERROR
r-patched-solaris-x86 0.3-5 160.70 ERROR
r-release-linux-x86_64 0.3-5 2.88 59.49 62.37 OK
r-release-osx-x86_64-mavericks 0.3-5 OK
r-release-windows-ix86+x86_64 0.3-5 12.00 132.00 144.00 OK
r-oldrel-windows-ix86+x86_64 0.3-5 18.00 119.00 137.00 OK

Check Details

Version: 0.3-5
Check: package dependencies
Result: NOTE
    Package suggested but not available for checking: ‘geoR’
Flavors: r-patched-solaris-sparc, r-patched-solaris-x86

Version: 0.3-5
Check: examples
Result: ERROR
    Running examples in ‘simba-Ex.R’ failed
    The error most likely occurred in:
    
    > ### Name: hexgrid
    > ### Title: Produces the nodes of an equidistant grid.
    > ### Aliases: hexgrid
    > ### Keywords: methods datagen
    >
    > ### ** Examples
    >
    > ## produces a grid with r=400:
    > test.grd <- hexgrid(456000, 7356700, r=400)
    > ## for plotting the following is recommended as it preserves
    > ## real positions:
    > library(geoR)
    Error in library(geoR) : there is no package called ‘geoR’
    Execution halted
Flavors: r-patched-solaris-sparc, r-patched-solaris-x86