CRAN Package Check Results for Package simba

Last updated on 2016-09-30 23:48:12.

Flavor Version Tinstall Tcheck Ttotal Status Flags
r-devel-linux-x86_64-debian-clang 0.3-5 2.92 63.47 66.39 OK
r-devel-linux-x86_64-debian-gcc 0.3-5 2.93 60.70 63.63 OK
r-devel-linux-x86_64-fedora-clang 0.3-5 135.84 OK
r-devel-linux-x86_64-fedora-gcc 0.3-5 120.40 OK
r-devel-macos-x86_64-clang 0.3-5 90.75 OK
r-devel-windows-ix86+x86_64 0.3-5 13.00 123.00 136.00 OK
r-patched-linux-x86_64 0.3-5 2.82 58.06 60.88 OK
r-patched-solaris-sparc 0.3-5 642.40 ERROR
r-patched-solaris-x86 0.3-5 136.00 ERROR
r-release-linux-x86_64 0.3-5 2.95 61.10 64.05 OK
r-release-osx-x86_64-mavericks 0.3-5 OK
r-release-windows-ix86+x86_64 0.3-5 7.00 102.00 109.00 OK
r-oldrel-windows-ix86+x86_64 0.3-5 12.00 100.00 112.00 OK

Check Details

Version: 0.3-5
Check: package dependencies
Result: NOTE
    Package suggested but not available for checking: ‘geoR’
Flavors: r-patched-solaris-sparc, r-patched-solaris-x86

Version: 0.3-5
Check: examples
Result: ERROR
    Running examples in ‘simba-Ex.R’ failed
    The error most likely occurred in:
    
    > ### Name: hexgrid
    > ### Title: Produces the nodes of an equidistant grid.
    > ### Aliases: hexgrid
    > ### Keywords: methods datagen
    >
    > ### ** Examples
    >
    > ## produces a grid with r=400:
    > test.grd <- hexgrid(456000, 7356700, r=400)
    > ## for plotting the following is recommended as it preserves
    > ## real positions:
    > library(geoR)
    Error in library(geoR) : there is no package called ‘geoR’
    Execution halted
Flavors: r-patched-solaris-sparc, r-patched-solaris-x86