CRAN Package Check Results for Package simboot

Last updated on 2015-09-03 14:48:36.

Flavor Version Tinstall Tcheck Ttotal Status Flags
r-devel-linux-x86_64-debian-clang 0.2-5 0.68 16.03 16.70 NOTE
r-devel-linux-x86_64-debian-gcc 0.2-5 0.65 15.70 16.34 NOTE
r-devel-linux-x86_64-fedora-clang 0.2-5 32.69 NOTE
r-devel-linux-x86_64-fedora-gcc 0.2-5 28.99 NOTE
r-devel-osx-x86_64-clang 0.2-5 28.48 NOTE
r-devel-windows-ix86+x86_64 0.2-5 6.00 45.00 51.00 NOTE
r-patched-linux-x86_64 0.2-5 0.76 16.14 16.90 NOTE
r-patched-solaris-sparc 0.2-5 193.80 NOTE
r-patched-solaris-x86 0.2-5 44.50 NOTE
r-release-linux-x86_64 0.2-5 0.76 16.60 17.36 NOTE
r-release-osx-x86_64-mavericks 0.2-5 NOTE
r-release-windows-ix86+x86_64 0.2-5 4.00 31.00 35.00 NOTE
r-oldrel-windows-ix86+x86_64 0.2-5 6.00 36.00 42.00 OK

Check Details

Version: 0.2-5
Check: DESCRIPTION meta-information
Result: NOTE
    Malformed Title field: should not end in a period.
Flavors: r-devel-linux-x86_64-debian-clang, r-devel-linux-x86_64-debian-gcc, r-devel-linux-x86_64-fedora-clang, r-devel-linux-x86_64-fedora-gcc, r-devel-osx-x86_64-clang, r-devel-windows-ix86+x86_64, r-patched-linux-x86_64, r-patched-solaris-sparc, r-patched-solaris-x86, r-release-linux-x86_64, r-release-osx-x86_64-mavericks, r-release-windows-ix86+x86_64

Version: 0.2-5
Check: R code for possible problems
Result: NOTE
    SCIrp: no visible binding for global variable ‘median’
    WYht: no visible global function definition for ‘lm’
    WYht: no visible global function definition for ‘residuals’
    WYht: no visible global function definition for ‘coefficients’
    WYht: no visible global function definition for ‘quantile’
    mcpHill : alignfunc: no visible global function definition for ‘lm’
    mcpHill : alignfunc: no visible global function definition for
     ‘predict’
    mcpHill : funcA: no visible global function definition for ‘lm’
    mcpHill : funcA: no visible global function definition for ‘residuals’
    mcpHill : tstatshort: no visible global function definition for ‘lm’
    mcpHill : tstatshort: no visible global function definition for
     ‘coefficients’
    mcpHill : tstatshort: no visible global function definition for
     ‘residuals’
    tsht: no visible global function definition for ‘quantile’
    Undefined global functions or variables:
     coefficients lm median predict quantile residuals
    Consider adding
     importFrom("stats", "coefficients", "lm", "median", "predict",
     "quantile", "residuals")
    to your NAMESPACE.
Flavors: r-devel-linux-x86_64-debian-clang, r-devel-linux-x86_64-debian-gcc, r-devel-linux-x86_64-fedora-clang, r-devel-linux-x86_64-fedora-gcc, r-devel-windows-ix86+x86_64