CRAN Package Check Results for Package simboot

Last updated on 2015-07-29 19:50:09.

Flavor Version Tinstall Tcheck Ttotal Status Flags
r-devel-linux-x86_64-debian-clang 0.2-5 0.75 16.02 16.77 NOTE
r-devel-linux-x86_64-debian-gcc 0.2-5 0.77 15.99 16.76 NOTE
r-devel-linux-x86_64-fedora-clang 0.2-5 32.53 NOTE
r-devel-linux-x86_64-fedora-gcc 0.2-5 31.77 NOTE
r-devel-osx-x86_64-clang 0.2-5 28.90 NOTE
r-devel-windows-ix86+x86_64 0.2-5 5.00 44.00 49.00 NOTE
r-patched-linux-x86_64 0.2-5 0.75 16.29 17.04 NOTE
r-patched-solaris-sparc 0.2-5 193.80 NOTE
r-patched-solaris-x86 0.2-5 45.10 NOTE
r-release-linux-x86_64 0.2-5 0.73 16.64 17.36 NOTE
r-release-osx-x86_64-mavericks 0.2-5 NOTE
r-release-windows-ix86+x86_64 0.2-5 5.00 45.00 50.00 NOTE
r-oldrel-windows-ix86+x86_64 0.2-5 6.00 33.00 39.00 OK

Check Details

Version: 0.2-5
Check: DESCRIPTION meta-information
Result: NOTE
    Malformed Title field: should not end in a period.
Flavors: r-devel-linux-x86_64-debian-clang, r-devel-linux-x86_64-debian-gcc, r-devel-linux-x86_64-fedora-clang, r-devel-linux-x86_64-fedora-gcc, r-devel-osx-x86_64-clang, r-devel-windows-ix86+x86_64, r-patched-linux-x86_64, r-patched-solaris-sparc, r-patched-solaris-x86, r-release-linux-x86_64, r-release-osx-x86_64-mavericks, r-release-windows-ix86+x86_64

Version: 0.2-5
Check: R code for possible problems
Result: NOTE
    SCIrp: no visible binding for global variable ‘median’
    WYht: no visible global function definition for ‘lm’
    WYht: no visible global function definition for ‘residuals’
    WYht: no visible global function definition for ‘coefficients’
    WYht: no visible global function definition for ‘quantile’
    mcpHill : alignfunc: no visible global function definition for ‘lm’
    mcpHill : alignfunc: no visible global function definition for
     ‘predict’
    mcpHill : funcA: no visible global function definition for ‘lm’
    mcpHill : funcA: no visible global function definition for ‘residuals’
    mcpHill : tstatshort: no visible global function definition for ‘lm’
    mcpHill : tstatshort: no visible global function definition for
     ‘coefficients’
    mcpHill : tstatshort: no visible global function definition for
     ‘residuals’
    tsht: no visible global function definition for ‘quantile’
    Undefined global functions or variables:
     coefficients lm median predict quantile residuals
    Consider adding
     importFrom("stats", "coefficients", "lm", "median", "predict",
     "quantile", "residuals")
    to your NAMESPACE.
Flavors: r-devel-linux-x86_64-debian-clang, r-devel-linux-x86_64-debian-gcc, r-devel-linux-x86_64-fedora-clang, r-devel-linux-x86_64-fedora-gcc, r-devel-windows-ix86+x86_64