CRAN Package Check Results for Package simboot

Last updated on 2016-12-11 14:47:53.

Flavor Version Tinstall Tcheck Ttotal Status Flags
r-devel-linux-x86_64-debian-clang 0.2-5 0.84 19.69 20.52 NOTE
r-devel-linux-x86_64-debian-gcc 0.2-5 0.77 19.57 20.35 NOTE
r-devel-linux-x86_64-fedora-clang 0.2-5 36.82 NOTE --no-stop-on-test-error
r-devel-linux-x86_64-fedora-gcc 0.2-5 33.63 NOTE --no-stop-on-test-error
r-devel-macos-x86_64-clang 0.2-5 31.27 NOTE --no-stop-on-test-error
r-devel-windows-ix86+x86_64 0.2-5 2.00 53.00 55.00 NOTE
r-patched-linux-x86_64 0.2-5 0.68 16.76 17.43 NOTE
r-patched-solaris-sparc 0.2-5 192.30 NOTE
r-patched-solaris-x86 0.2-5 40.00 NOTE
r-release-linux-x86_64 0.2-5 0.72 16.48 17.20 NOTE
r-release-osx-x86_64-mavericks 0.2-5 NOTE
r-release-windows-ix86+x86_64 0.2-5 5.00 37.00 42.00 NOTE
r-oldrel-windows-ix86+x86_64 0.2-5 6.00 36.00 42.00 NOTE

Check Details

Version: 0.2-5
Check: DESCRIPTION meta-information
Result: NOTE
    Malformed Title field: should not end in a period.
Flavors: r-devel-linux-x86_64-debian-clang, r-devel-linux-x86_64-debian-gcc, r-devel-windows-ix86+x86_64, r-patched-linux-x86_64, r-patched-solaris-sparc, r-patched-solaris-x86, r-release-linux-x86_64, r-release-osx-x86_64-mavericks, r-release-windows-ix86+x86_64, r-oldrel-windows-ix86+x86_64

Version: 0.2-5
Check: R code for possible problems
Result: NOTE
    SCIrp: no visible binding for global variable ‘median’
    WYht: no visible global function definition for ‘lm’
    WYht: no visible global function definition for ‘residuals’
    WYht: no visible global function definition for ‘coefficients’
    WYht: no visible global function definition for ‘quantile’
    mcpHill : alignfunc: no visible global function definition for ‘lm’
    mcpHill : alignfunc: no visible global function definition for
     ‘predict’
    mcpHill : funcA: no visible global function definition for ‘lm’
    mcpHill : funcA: no visible global function definition for ‘residuals’
    mcpHill : tstatshort: no visible global function definition for ‘lm’
    mcpHill : tstatshort: no visible global function definition for
     ‘coefficients’
    mcpHill : tstatshort: no visible global function definition for
     ‘residuals’
    tsht: no visible global function definition for ‘quantile’
    Undefined global functions or variables:
     coefficients lm median predict quantile residuals
    Consider adding
     importFrom("stats", "coefficients", "lm", "median", "predict",
     "quantile", "residuals")
    to your NAMESPACE file.
Flavors: r-devel-linux-x86_64-debian-clang, r-devel-linux-x86_64-debian-gcc, r-devel-windows-ix86+x86_64, r-patched-linux-x86_64, r-patched-solaris-sparc, r-patched-solaris-x86, r-release-linux-x86_64, r-release-osx-x86_64-mavericks, r-release-windows-ix86+x86_64

Version: 0.2-5
Flags: --no-stop-on-test-error
Check: DESCRIPTION meta-information
Result: NOTE
    Malformed Title field: should not end in a period.
Flavors: r-devel-linux-x86_64-fedora-clang, r-devel-linux-x86_64-fedora-gcc, r-devel-macos-x86_64-clang

Version: 0.2-5
Flags: --no-stop-on-test-error
Check: R code for possible problems
Result: NOTE
    SCIrp: no visible binding for global variable ‘median’
    WYht: no visible global function definition for ‘lm’
    WYht: no visible global function definition for ‘residuals’
    WYht: no visible global function definition for ‘coefficients’
    WYht: no visible global function definition for ‘quantile’
    mcpHill : alignfunc: no visible global function definition for ‘lm’
    mcpHill : alignfunc: no visible global function definition for
     ‘predict’
    mcpHill : funcA: no visible global function definition for ‘lm’
    mcpHill : funcA: no visible global function definition for ‘residuals’
    mcpHill : tstatshort: no visible global function definition for ‘lm’
    mcpHill : tstatshort: no visible global function definition for
     ‘coefficients’
    mcpHill : tstatshort: no visible global function definition for
     ‘residuals’
    tsht: no visible global function definition for ‘quantile’
    Undefined global functions or variables:
     coefficients lm median predict quantile residuals
    Consider adding
     importFrom("stats", "coefficients", "lm", "median", "predict",
     "quantile", "residuals")
    to your NAMESPACE file.
Flavors: r-devel-linux-x86_64-fedora-clang, r-devel-linux-x86_64-fedora-gcc, r-devel-macos-x86_64-clang