CRAN Package Check Results for Package simboot

Last updated on 2015-04-19 03:49:51.

Flavor Version Tinstall Tcheck Ttotal Status Flags
r-devel-linux-x86_64-debian-clang 0.2-5 0.78 16.19 16.97 NOTE
r-devel-linux-x86_64-debian-gcc 0.2-5 0.74 15.58 16.32 NOTE
r-devel-linux-x86_64-fedora-clang 0.2-5 32.79 NOTE
r-devel-linux-x86_64-fedora-gcc 0.2-5 31.66 NOTE
r-devel-osx-x86_64-clang 0.2-5 35.46 NOTE
r-patched-linux-x86_64 0.2-5 0.72 15.88 16.60 NOTE
r-patched-solaris-sparc 0.2-5 206.70 NOTE
r-patched-solaris-x86 0.2-5 42.10 NOTE
r-release-linux-x86_64 0.2-5 0.71 14.44 15.15 NOTE
r-release-osx-x86_64-mavericks 0.2-5 NOTE
r-release-osx-x86_64-snowleopard 0.2-5 NOTE
r-release-windows-ix86+x86_64 0.2-5 2.00 31.00 33.00 NOTE
r-oldrel-windows-ix86+x86_64 0.2-5 3.00 36.00 39.00 OK

Check Details

Version: 0.2-5
Check: DESCRIPTION meta-information
Result: NOTE
    Malformed Title field: should not end in a period.
Flavors: r-devel-linux-x86_64-debian-clang, r-devel-linux-x86_64-debian-gcc, r-devel-linux-x86_64-fedora-clang, r-devel-linux-x86_64-fedora-gcc, r-devel-osx-x86_64-clang, r-patched-linux-x86_64, r-patched-solaris-sparc, r-patched-solaris-x86, r-release-linux-x86_64, r-release-osx-x86_64-mavericks, r-release-osx-x86_64-snowleopard, r-release-windows-ix86+x86_64