CRAN Package Check Results for Package simboot

Last updated on 2015-03-31 03:48:42.

Flavor Version Tinstall Tcheck Ttotal Status Flags
r-devel-linux-x86_64-debian-clang 0.2-5 0.73 15.52 16.25 NOTE
r-devel-linux-x86_64-debian-gcc 0.2-5 0.71 15.76 16.46 NOTE
r-devel-linux-x86_64-fedora-clang 0.2-5 33.05 NOTE
r-devel-linux-x86_64-fedora-gcc 0.2-5 32.71 NOTE
r-devel-osx-x86_64-clang 0.2-5 39.20 NOTE
r-prerel-windows-ix86+x86_64 0.2-5 4.00 28.00 32.00 NOTE
r-prerel-linux-x86_64 0.2-5 0.72 15.69 16.40 NOTE
r-prerel-solaris-sparc 0.2-5 206.70 NOTE
r-prerel-solaris-x86 0.2-5 42.80 NOTE
r-release-linux-x86_64 0.2-5 0.84 17.83 18.66 OK
r-release-osx-x86_64-mavericks 0.2-5 OK
r-release-osx-x86_64-snowleopard 0.2-5 OK
r-release-windows-ix86+x86_64 0.2-5 4.00 30.00 34.00 OK
r-oldrel-windows-ix86+x86_64 0.2-5 4.00 44.00 48.00 OK

Check Details

Version: 0.2-5
Check: DESCRIPTION meta-information
Result: NOTE
    Malformed Title field: should not end in a period.
Flavors: r-devel-linux-x86_64-debian-clang, r-devel-linux-x86_64-debian-gcc, r-devel-linux-x86_64-fedora-clang, r-devel-linux-x86_64-fedora-gcc, r-devel-osx-x86_64-clang, r-prerel-windows-ix86+x86_64, r-prerel-linux-x86_64, r-prerel-solaris-sparc, r-prerel-solaris-x86