CRAN Package Check Results for Package simboot

Last updated on 2014-04-18 03:47:24.

Flavor Version Tinstall Tcheck Ttotal Status Flags
r-devel-linux-x86_64-debian-clang 0.2-5 0.84 17.77 18.61 OK
r-devel-linux-x86_64-debian-gcc OK
r-devel-linux-x86_64-fedora-clang 0.2-5 21.89 OK
r-devel-linux-x86_64-fedora-gcc 0.2-5 21.70 OK
r-devel-macosx-x86_64-clang 0.2-5 33.05 OK
r-devel-macosx-x86_64-gcc 0.2-5 OK
r-devel-windows-ix86+x86_64 0.2-5 4.00 28.00 32.00 OK
r-patched-linux-x86_64 0.2-5 0.86 18.04 18.91 OK
r-patched-solaris-sparc 0.2-5 193.30 OK
r-patched-solaris-x86 0.2-5 40.70 OK
r-release-linux-ix86 0.2-4 3.00 33.00 36.00 NOTE
r-release-linux-x86_64 0.2-5 1.00 17.61 18.61 OK
r-release-macosx-x86_64 0.2-5 OK
r-release-windows-ix86+x86_64 0.2-5 3.00 26.00 29.00 OK
r-oldrel-windows-ix86+x86_64 0.2-5 3.00 28.00 31.00 OK

Check Details

Version: 0.2-4
Check: dependencies in R code
Result: NOTE
    'library' or 'require' call to ‘boot’ which was already attached by Depends.
     Please remove these calls from your code.
    Packages in Depends field not imported from:
     ‘boot’ ‘mvtnorm’
     These packages need to be imported from (in the NAMESPACE file)
     for when this namespace is loaded but not attached.
    See the information on DESCRIPTION files in the chapter ‘Creating R
    packages’ of the ‘Writing R Extensions’ manual.
Flavor: r-release-linux-ix86