CRAN Package Check Results for Package simctest

Last updated on 2017-01-20 19:47:23.

Flavor Version Tinstall Tcheck Ttotal Status Flags
r-devel-linux-x86_64-debian-clang 2.4.1 1.50 75.52 77.03 NOTE
r-devel-linux-x86_64-debian-gcc 2.4.1 1.44 72.64 74.08 NOTE
r-devel-linux-x86_64-fedora-clang 2.4.1 142.31 NOTE --no-stop-on-test-error
r-devel-linux-x86_64-fedora-gcc 2.4.1 128.86 NOTE --no-stop-on-test-error
r-devel-macos-x86_64-clang 2.4.1 105.77 NOTE --no-stop-on-test-error
r-devel-windows-ix86+x86_64 2.4.1 11.00 201.00 212.00 NOTE
r-patched-linux-x86_64 2.4.1 1.31 72.11 73.42 NOTE
r-patched-solaris-sparc 2.4.1 939.10 NOTE
r-patched-solaris-x86 2.4.1 140.90 NOTE
r-release-linux-x86_64 2.4.1 1.32 74.21 75.54 NOTE
r-release-osx-x86_64-mavericks 2.4.1 NOTE
r-release-windows-ix86+x86_64 2.4.1 5.00 160.00 165.00 NOTE
r-oldrel-windows-ix86+x86_64 2.4.1 7.00 242.00 249.00 OK

Check Details

Version: 2.4.1
Check: R code for possible problems
Result: NOTE
    mainalg,mmctestres: no visible global function definition for ‘hist’
    Undefined global functions or variables:
     hist
    Consider adding
     importFrom("graphics", "hist")
    to your NAMESPACE file.
Flavors: r-devel-linux-x86_64-debian-clang, r-devel-linux-x86_64-debian-gcc, r-devel-windows-ix86+x86_64, r-patched-linux-x86_64, r-patched-solaris-sparc, r-patched-solaris-x86, r-release-linux-x86_64, r-release-osx-x86_64-mavericks, r-release-windows-ix86+x86_64

Version: 2.4.1
Flags: --no-stop-on-test-error
Check: R code for possible problems
Result: NOTE
    mainalg,mmctestres: no visible global function definition for ‘hist’
    Undefined global functions or variables:
     hist
    Consider adding
     importFrom("graphics", "hist")
    to your NAMESPACE file.
Flavors: r-devel-linux-x86_64-fedora-clang, r-devel-linux-x86_64-fedora-gcc, r-devel-macos-x86_64-clang