CRAN Package Check Results for Package simctest

Last updated on 2016-07-27 14:49:00.

Flavor Version Tinstall Tcheck Ttotal Status Flags
r-devel-linux-x86_64-debian-clang 2.4.1 1.75 87.70 89.46 NOTE
r-devel-linux-x86_64-debian-gcc 2.4.1 1.67 90.22 91.89 NOTE
r-devel-linux-x86_64-fedora-clang 2.4.1 141.51 NOTE
r-devel-linux-x86_64-fedora-gcc 2.4.1 139.41 NOTE
r-devel-osx-x86_64-clang 2.4.1 106.37 NOTE
r-devel-windows-ix86+x86_64 2.4.1 5.00 152.00 157.00 NOTE
r-patched-linux-x86_64 2.4.1 1.77 83.84 85.60 NOTE
r-patched-solaris-sparc 2.4.1 937.30 NOTE
r-patched-solaris-x86 2.4.1 142.20 NOTE
r-release-linux-x86_64 2.4.1 1.52 78.56 80.08 NOTE
r-release-osx-x86_64-mavericks 2.4.1 NOTE
r-release-windows-ix86+x86_64 2.4.1 6.00 195.00 201.00 NOTE
r-oldrel-windows-ix86+x86_64 2.4.1 7.00 295.00 302.00 OK

Check Details

Version: 2.4.1
Check: R code for possible problems
Result: NOTE
    mainalg,mmctestres: no visible global function definition for ‘hist’
    Undefined global functions or variables:
     hist
    Consider adding
     importFrom("graphics", "hist")
    to your NAMESPACE file.
Flavors: r-devel-linux-x86_64-debian-clang, r-devel-linux-x86_64-debian-gcc, r-devel-linux-x86_64-fedora-clang, r-devel-linux-x86_64-fedora-gcc, r-devel-osx-x86_64-clang, r-devel-windows-ix86+x86_64, r-patched-linux-x86_64, r-patched-solaris-sparc, r-patched-solaris-x86, r-release-linux-x86_64, r-release-osx-x86_64-mavericks, r-release-windows-ix86+x86_64