CRAN Package Check Results for Package simctest

Last updated on 2014-07-22 11:51:25.

Flavor Version Tinstall Tcheck Ttotal Status Flags
r-devel-linux-x86_64-debian-clang 2.4 1.49 135.61 137.10 OK
r-devel-linux-x86_64-debian-gcc 2.4 1.37 137.09 138.46 OK
r-devel-linux-x86_64-fedora-clang 2.4 295.01 OK
r-devel-linux-x86_64-fedora-gcc 2.4 269.37 OK
r-devel-osx-x86_64-clang 2.4 230.70 OK
r-devel-windows-ix86+x86_64 2.4 6.00 222.00 228.00 OK
r-patched-linux-x86_64 2.4 1.42 129.90 131.32 OK
r-patched-solaris-sparc 2.4 1819.50 OK
r-patched-solaris-x86 2.4 277.30 OK
r-release-linux-ix86 2.4 2.02 171.10 173.11 OK
r-release-linux-x86_64 2.4 1.44 139.67 141.11 OK
r-release-osx-x86_64-mavericks 2.4 NOTE
r-release-osx-x86_64-snowleopard 2.4 NOTE
r-release-windows-ix86+x86_64 2.4 8.00 294.00 302.00 OK
r-oldrel-windows-ix86+x86_64 2.4 7.00 207.00 214.00 OK

Check Details

Version: 2.4
Check: re-building of vignette outputs
Result: NOTE
    Error in re-building vignettes:
     ...
    Error in texi2dvi(file = file, pdf = TRUE, clean = clean, quiet = quiet, :
     Running 'texi2dvi' on 'simctest-intro.tex' failed.
    LaTeX errors:
    ! LaTeX Error: File `vmargin.sty' not found.
    
    Type X to quit or <RETURN> to proceed,
    or enter new name. (Default extension: sty)
    
    n_test/simctest/vignettes/simctest-intro.tex:4: ==> Fatal error occurred, no o
    utput PDF file produced!
    Calls: buildVignettes -> texi2pdf -> texi2dvi
    Execution halted
Flavor: r-release-osx-x86_64-mavericks

Version: 2.4
Check: re-building of vignette outputs
Result: NOTE
    Error in re-building vignettes:
     ...
    Error in texi2dvi(file = file, pdf = TRUE, clean = clean, quiet = quiet, :
     Running 'texi2dvi' on 'simctest-intro.tex' failed.
    LaTeX errors:
    ! LaTeX Error: File `vmargin.sty' not found.
    
    Type X to quit or <RETURN> to proceed,
    or enter new name. (Default extension: sty)
    Calls: buildVignettes -> texi2pdf -> texi2dvi
    Execution halted
Flavor: r-release-osx-x86_64-snowleopard