CRAN Package Check Results for Package simctest

Last updated on 2014-10-22 01:47:37.

Flavor Version Tinstall Tcheck Ttotal Status Flags
r-devel-linux-x86_64-debian-clang 2.4 1.42 133.63 135.06 OK
r-devel-linux-x86_64-debian-gcc 2.4 1.37 124.21 125.58 OK
r-devel-linux-x86_64-fedora-clang 2.4 277.75 OK
r-devel-linux-x86_64-fedora-gcc 2.4 293.43 OK
r-devel-osx-x86_64-clang 2.4 229.75 OK
r-devel-windows-ix86+x86_64 2.4 6.00 203.00 209.00 OK
r-patched-linux-x86_64 2.4 1.42 135.06 136.48 OK
r-patched-solaris-sparc 2.4 2033.20 OK
r-patched-solaris-x86 2.4 279.50 OK
r-release-linux-ix86 2.4 2.02 169.10 171.12 OK
r-release-linux-x86_64 2.4 1.43 137.34 138.77 OK
r-release-osx-x86_64-mavericks 2.4 NOTE
r-release-osx-x86_64-snowleopard 2.4 NOTE
r-release-windows-ix86+x86_64 2.4 8.00 294.00 302.00 OK
r-oldrel-windows-ix86+x86_64 2.4 7.00 207.00 214.00 OK

Check Details

Version: 2.4
Check: re-building of vignette outputs
Result: NOTE
    Error in re-building vignettes:
     ...
    Error in texi2dvi(file = file, pdf = TRUE, clean = clean, quiet = quiet, :
     Running 'texi2dvi' on 'simctest-intro.tex' failed.
    LaTeX errors:
    ! LaTeX Error: File `vmargin.sty' not found.
    
    Type X to quit or <RETURN> to proceed,
    or enter new name. (Default extension: sty)
    
    n_test/simctest/vignettes/simctest-intro.tex:4: ==> Fatal error occurred, no o
    utput PDF file produced!
    Calls: buildVignettes -> texi2pdf -> texi2dvi
    Execution halted
Flavor: r-release-osx-x86_64-mavericks

Version: 2.4
Check: re-building of vignette outputs
Result: NOTE
    Error in re-building vignettes:
     ...
    Error in texi2dvi(file = file, pdf = TRUE, clean = clean, quiet = quiet, :
     Running 'texi2dvi' on 'simctest-intro.tex' failed.
    LaTeX errors:
    ! LaTeX Error: File `vmargin.sty' not found.
    
    Type X to quit or <RETURN> to proceed,
    or enter new name. (Default extension: sty)
    Calls: buildVignettes -> texi2pdf -> texi2dvi
    Execution halted
Flavor: r-release-osx-x86_64-snowleopard