CRAN Package Check Results for Package simctest

Last updated on 2015-07-30 03:48:35.

Flavor Version Tinstall Tcheck Ttotal Status Flags
r-devel-linux-x86_64-debian-clang 2.4.1 1.58 126.11 127.70 NOTE
r-devel-linux-x86_64-debian-gcc 2.4.1 1.37 122.53 123.90 NOTE
r-devel-linux-x86_64-fedora-clang 2.4.1 261.68 NOTE
r-devel-linux-x86_64-fedora-gcc 2.4.1 249.71 NOTE
r-devel-osx-x86_64-clang 2.4.1 196.77 OK
r-devel-windows-ix86+x86_64 2.4.1 7.00 234.00 241.00 NOTE
r-patched-linux-x86_64 2.4.1 1.39 136.54 137.92 OK
r-patched-solaris-sparc 2.4.1 1835.20 OK
r-patched-solaris-x86 2.4.1 255.10 OK
r-release-linux-x86_64 2.4.1 1.34 136.10 137.44 OK
r-release-osx-x86_64-mavericks 2.4.1 OK
r-release-windows-ix86+x86_64 2.4.1 7.00 210.00 217.00 OK
r-oldrel-windows-ix86+x86_64 2.4.1 9.00 246.00 255.00 OK

Check Details

Version: 2.4.1
Check: R code for possible problems
Result: NOTE
    mainalg,mmctestres: no visible global function definition for ‘hist’
    Undefined global functions or variables:
     hist
    Consider adding
     importFrom("graphics", "hist")
    to your NAMESPACE.
Flavors: r-devel-linux-x86_64-debian-clang, r-devel-linux-x86_64-debian-gcc, r-devel-linux-x86_64-fedora-clang, r-devel-linux-x86_64-fedora-gcc, r-devel-windows-ix86+x86_64