CRAN Package Check Results for Package simctest

Last updated on 2016-12-04 18:47:46.

Flavor Version Tinstall Tcheck Ttotal Status Flags
r-devel-linux-x86_64-debian-clang 2.4.1 1.51 75.83 77.34 NOTE
r-devel-linux-x86_64-debian-gcc 2.4.1 1.46 82.28 83.75 NOTE
r-devel-linux-x86_64-fedora-clang 2.4.1 147.04 NOTE --no-stop-on-test-error
r-devel-linux-x86_64-fedora-gcc 2.4.1 137.07 NOTE
r-devel-macos-x86_64-clang 2.4.1 108.28 NOTE
r-devel-windows-ix86+x86_64 2.4.1 11.00 145.00 156.00 NOTE
r-patched-linux-x86_64 2.4.1 1.28 73.70 74.98 NOTE
r-patched-solaris-sparc 2.4.1 937.30 NOTE
r-patched-solaris-x86 2.4.1 144.50 NOTE
r-release-linux-x86_64 2.4.1 1.37 77.92 79.29 NOTE
r-release-osx-x86_64-mavericks 2.4.1 NOTE
r-release-windows-ix86+x86_64 2.4.1 5.00 160.00 165.00 NOTE
r-oldrel-windows-ix86+x86_64 2.4.1 7.00 242.00 249.00 OK

Check Details

Version: 2.4.1
Check: R code for possible problems
Result: NOTE
    mainalg,mmctestres: no visible global function definition for ‘hist’
    Undefined global functions or variables:
     hist
    Consider adding
     importFrom("graphics", "hist")
    to your NAMESPACE file.
Flavors: r-devel-linux-x86_64-debian-clang, r-devel-linux-x86_64-debian-gcc, r-devel-linux-x86_64-fedora-gcc, r-devel-macos-x86_64-clang, r-devel-windows-ix86+x86_64, r-patched-linux-x86_64, r-patched-solaris-sparc, r-patched-solaris-x86, r-release-linux-x86_64, r-release-osx-x86_64-mavericks, r-release-windows-ix86+x86_64

Version: 2.4.1
Flags: --no-stop-on-test-error
Check: R code for possible problems
Result: NOTE
    mainalg,mmctestres: no visible global function definition for ‘hist’
    Undefined global functions or variables:
     hist
    Consider adding
     importFrom("graphics", "hist")
    to your NAMESPACE file.
Flavor: r-devel-linux-x86_64-fedora-clang