CRAN Package Check Results for Package simctest

Last updated on 2016-05-05 20:48:08.

Flavor Version Tinstall Tcheck Ttotal Status Flags
r-devel-linux-x86_64-debian-gcc 2.4.1 1.32 76.13 77.44 NOTE
r-devel-linux-x86_64-fedora-clang 2.4.1 145.65 NOTE
r-devel-linux-x86_64-fedora-gcc 2.4.1 133.79 NOTE
r-devel-osx-x86_64-clang 2.4.1 145.94 NOTE
r-devel-windows-ix86+x86_64 2.4.1 6.00 195.00 201.00 NOTE
r-patched-linux-x86_64 2.4.1 1.28 71.96 73.24 NOTE
r-patched-solaris-sparc 2.4.1 921.20 NOTE
r-patched-solaris-x86 2.4.1 146.70 NOTE
r-release-linux-x86_64 2.4.1 1.35 69.52 70.87 NOTE
r-release-osx-x86_64-mavericks 2.4.1 OK
r-release-windows-ix86+x86_64 2.4.1 6.00 195.00 201.00 NOTE
r-oldrel-windows-ix86+x86_64 2.4.1 7.00 295.00 302.00 OK

Check Details

Version: 2.4.1
Check: R code for possible problems
Result: NOTE
    mainalg,mmctestres: no visible global function definition for ‘hist’
    Undefined global functions or variables:
     hist
    Consider adding
     importFrom("graphics", "hist")
    to your NAMESPACE file.
Flavors: r-devel-linux-x86_64-debian-gcc, r-devel-linux-x86_64-fedora-clang, r-devel-linux-x86_64-fedora-gcc, r-devel-osx-x86_64-clang, r-devel-windows-ix86+x86_64, r-patched-linux-x86_64, r-patched-solaris-sparc, r-patched-solaris-x86, r-release-linux-x86_64, r-release-windows-ix86+x86_64