CRAN Package Check Results for Package simctest

Last updated on 2017-02-20 13:51:18.

Flavor Version Tinstall Tcheck Ttotal Status Flags
r-devel-linux-x86_64-debian-clang 2.4.1 1.42 72.71 74.13 NOTE
r-devel-linux-x86_64-debian-gcc 2.4.1 1.44 72.45 73.89 NOTE
r-devel-linux-x86_64-fedora-clang 2.4.1 134.89 NOTE --no-stop-on-test-error
r-devel-linux-x86_64-fedora-gcc 2.4.1 133.43 NOTE --no-stop-on-test-error
r-devel-macos-x86_64-clang 2.4.1 106.72 NOTE --no-stop-on-test-error
r-devel-windows-ix86+x86_64 2.4.1 6.00 163.00 169.00 NOTE
r-patched-linux-x86_64 2.4.1 1.37 70.87 72.24 NOTE
r-patched-solaris-sparc 2.4.1 939.10 NOTE
r-patched-solaris-x86 2.4.1 149.70 NOTE
r-release-linux-x86_64 2.4.1 1.38 76.25 77.63 NOTE
r-release-osx-x86_64-mavericks 2.4.1 NOTE
r-release-windows-ix86+x86_64 2.4.1 5.00 160.00 165.00 NOTE
r-oldrel-windows-ix86+x86_64 2.4.1 7.00 242.00 249.00 OK

Check Details

Version: 2.4.1
Check: R code for possible problems
Result: NOTE
    mainalg,mmctestres: no visible global function definition for ‘hist’
    Undefined global functions or variables:
     hist
    Consider adding
     importFrom("graphics", "hist")
    to your NAMESPACE file.
Flavors: r-devel-linux-x86_64-debian-clang, r-devel-linux-x86_64-debian-gcc, r-devel-windows-ix86+x86_64, r-patched-linux-x86_64, r-patched-solaris-sparc, r-patched-solaris-x86, r-release-linux-x86_64, r-release-osx-x86_64-mavericks, r-release-windows-ix86+x86_64

Version: 2.4.1
Check: compiled code
Result: NOTE
    File ‘simctest/libs/simctest.so’:
     Found no calls to: ‘R_registerRoutines’, ‘R_useDynamicSymbols’
    
    It is good practice to register native routines and to disable symbol
    search.
    
    See ‘Writing portable packages’ in the ‘Writing R Extensions’ manual.
Flavors: r-devel-linux-x86_64-debian-clang, r-devel-linux-x86_64-debian-gcc

Version: 2.4.1
Flags: --no-stop-on-test-error
Check: R code for possible problems
Result: NOTE
    mainalg,mmctestres: no visible global function definition for ‘hist’
    Undefined global functions or variables:
     hist
    Consider adding
     importFrom("graphics", "hist")
    to your NAMESPACE file.
Flavors: r-devel-linux-x86_64-fedora-clang, r-devel-linux-x86_64-fedora-gcc, r-devel-macos-x86_64-clang

Version: 2.4.1
Flags: --no-stop-on-test-error
Check: compiled code
Result: NOTE
    File ‘simctest/libs/simctest.so’:
     Found no calls to: ‘R_registerRoutines’, ‘R_useDynamicSymbols’
    
    It is good practice to register native routines and to disable symbol
    search.
    
    See ‘Writing portable packages’ in the ‘Writing R Extensions’ manual.
Flavors: r-devel-linux-x86_64-fedora-clang, r-devel-linux-x86_64-fedora-gcc, r-devel-macos-x86_64-clang