CRAN Package Check Results for Package simctest

Last updated on 2015-08-30 23:47:59.

Flavor Version Tinstall Tcheck Ttotal Status Flags
r-devel-linux-x86_64-debian-clang 2.4.1 1.29 137.12 138.41 NOTE
r-devel-linux-x86_64-debian-gcc 2.4.1 1.30 121.61 122.91 NOTE
r-devel-linux-x86_64-fedora-clang 2.4.1 261.80 NOTE
r-devel-linux-x86_64-fedora-gcc 2.4.1 256.36 NOTE
r-devel-osx-x86_64-clang 2.4.1 181.79 OK
r-devel-windows-ix86+x86_64 2.4.1 15.00 293.00 308.00 NOTE
r-patched-linux-x86_64 2.4.1 1.34 126.91 128.25 OK
r-patched-solaris-sparc 2.4.1 1835.20 OK
r-patched-solaris-x86 2.4.1 257.50 OK
r-release-linux-x86_64 2.4.1 1.36 125.66 127.02 OK
r-release-osx-x86_64-mavericks 2.4.1 OK
r-release-windows-ix86+x86_64 2.4.1 12.00 245.00 257.00 OK
r-oldrel-windows-ix86+x86_64 2.4.1 9.00 246.00 255.00 OK

Check Details

Version: 2.4.1
Check: R code for possible problems
Result: NOTE
    mainalg,mmctestres: no visible global function definition for ‘hist’
    Undefined global functions or variables:
     hist
    Consider adding
     importFrom("graphics", "hist")
    to your NAMESPACE.
Flavors: r-devel-linux-x86_64-debian-clang, r-devel-linux-x86_64-debian-gcc, r-devel-linux-x86_64-fedora-clang, r-devel-linux-x86_64-fedora-gcc, r-devel-windows-ix86+x86_64