CRAN Package Check Results for Package simctest

Last updated on 2016-02-09 12:47:54.

Flavor Version Tinstall Tcheck Ttotal Status Flags
r-devel-linux-x86_64-debian-gcc 2.4.1 1.30 72.83 74.13 NOTE
r-devel-linux-x86_64-fedora-clang 2.4.1 141.27 NOTE
r-devel-linux-x86_64-fedora-gcc 2.4.1 135.98 NOTE
r-devel-osx-x86_64-clang 2.4.1 146.95 NOTE
r-devel-windows-ix86+x86_64 2.4.1 12.00 178.00 190.00 NOTE
r-patched-linux-x86_64 2.4.1 1.50 131.51 133.01 OK
r-patched-solaris-sparc 2.4.1 3335.20 OK
r-patched-solaris-x86 2.4.1 259.00 OK
r-release-linux-x86_64 2.4.1 1.47 135.08 136.55 OK
r-release-osx-x86_64-mavericks 2.4.1 OK
r-release-windows-ix86+x86_64 2.4.1 7.00 295.00 302.00 OK
r-oldrel-windows-ix86+x86_64 2.4.1 9.00 246.00 255.00 OK

Check Details

Version: 2.4.1
Check: R code for possible problems
Result: NOTE
    mainalg,mmctestres: no visible global function definition for ‘hist’
    Undefined global functions or variables:
     hist
    Consider adding
     importFrom("graphics", "hist")
    to your NAMESPACE file.
Flavors: r-devel-linux-x86_64-debian-gcc, r-devel-linux-x86_64-fedora-clang, r-devel-linux-x86_64-fedora-gcc, r-devel-osx-x86_64-clang, r-devel-windows-ix86+x86_64