CRAN Package Check Results for Package simctest

Last updated on 2016-09-28 04:48:59.

Flavor Version Tinstall Tcheck Ttotal Status Flags
r-devel-linux-x86_64-debian-clang 2.4.1 1.33 86.51 87.84 NOTE
r-devel-linux-x86_64-debian-gcc 2.4.1 1.47 76.69 78.16 NOTE
r-devel-linux-x86_64-fedora-clang 2.4.1 148.30 NOTE
r-devel-linux-x86_64-fedora-gcc 2.4.1 137.60 NOTE
r-devel-macos-x86_64-clang 2.4.1 103.73 NOTE
r-devel-windows-ix86+x86_64 2.4.1 9.00 255.00 264.00 NOTE
r-patched-linux-x86_64 2.4.1 1.36 773.05 774.41 NOTE
r-patched-solaris-sparc 2.4.1 937.30 NOTE
r-patched-solaris-x86 2.4.1 148.80 NOTE
r-release-linux-x86_64 2.4.1 1.34 73.83 75.17 NOTE
r-release-osx-x86_64-mavericks 2.4.1 NOTE
r-release-windows-ix86+x86_64 2.4.1 6.00 148.00 154.00 NOTE
r-oldrel-windows-ix86+x86_64 2.4.1 7.00 295.00 302.00 OK

Check Details

Version: 2.4.1
Check: R code for possible problems
Result: NOTE
    mainalg,mmctestres: no visible global function definition for ‘hist’
    Undefined global functions or variables:
     hist
    Consider adding
     importFrom("graphics", "hist")
    to your NAMESPACE file.
Flavors: r-devel-linux-x86_64-debian-clang, r-devel-linux-x86_64-debian-gcc, r-devel-linux-x86_64-fedora-clang, r-devel-linux-x86_64-fedora-gcc, r-devel-macos-x86_64-clang, r-devel-windows-ix86+x86_64, r-patched-linux-x86_64, r-patched-solaris-sparc, r-patched-solaris-x86, r-release-linux-x86_64, r-release-osx-x86_64-mavericks, r-release-windows-ix86+x86_64