CRAN Package Check Results for Package simctest

Last updated on 2017-12-13 23:14:45 CET.

Flavor Version Tinstall Tcheck Ttotal Status Flags
r-devel-linux-x86_64-debian-clang 2.5 2.05 22.21 24.26 FAIL
r-devel-linux-x86_64-debian-gcc 2.5 1.74 19.44 21.18 FAIL
r-devel-linux-x86_64-fedora-clang 2.5 160.13 OK
r-devel-linux-x86_64-fedora-gcc 2.5 152.88 OK
r-devel-windows-ix86+x86_64 2.5 11.00 172.00 183.00 OK
r-patched-linux-x86_64 2.5 2.12 145.71 147.83 OK
r-patched-solaris-x86 2.5 179.80 OK
r-release-linux-x86_64 2.5 1.84 135.45 137.29 OK
r-release-windows-ix86+x86_64 2.5 8.00 197.00 205.00 OK
r-release-osx-x86_64 2.5 OK
r-oldrel-windows-ix86+x86_64 2.5 10.00 220.00 230.00 OK
r-oldrel-osx-x86_64 2.5 OK

Check Details

Version: 2.5
Check: pragmas in C/C++ headers and code
Result: FAIL
    
Flavors: r-devel-linux-x86_64-debian-clang, r-devel-linux-x86_64-debian-gcc