CRAN Package Check Results for Package simctest

Last updated on 2016-08-29 06:47:24.

Flavor Version Tinstall Tcheck Ttotal Status Flags
r-devel-linux-x86_64-debian-clang 2.4.1 1.37 78.92 80.30 NOTE
r-devel-linux-x86_64-debian-gcc 2.4.1 1.30 77.84 79.14 NOTE
r-devel-linux-x86_64-fedora-clang 2.4.1 147.73 NOTE
r-devel-linux-x86_64-fedora-gcc 2.4.1 136.83 NOTE
r-devel-osx-x86_64-clang 2.4.1 128.20 NOTE
r-devel-windows-ix86+x86_64 2.4.1 9.00 247.00 256.00 NOTE
r-patched-linux-x86_64 2.4.1 1.40 78.65 80.05 NOTE
r-patched-solaris-sparc 2.4.1 937.30 NOTE
r-patched-solaris-x86 2.4.1 144.70 NOTE
r-release-linux-x86_64 2.4.1 1.30 72.92 74.22 NOTE
r-release-osx-x86_64-mavericks 2.4.1 NOTE
r-release-windows-ix86+x86_64 2.4.1 6.00 195.00 201.00 NOTE
r-oldrel-windows-ix86+x86_64 2.4.1 7.00 295.00 302.00 OK

Check Details

Version: 2.4.1
Check: R code for possible problems
Result: NOTE
    mainalg,mmctestres: no visible global function definition for ‘hist’
    Undefined global functions or variables:
     hist
    Consider adding
     importFrom("graphics", "hist")
    to your NAMESPACE file.
Flavors: r-devel-linux-x86_64-debian-clang, r-devel-linux-x86_64-debian-gcc, r-devel-linux-x86_64-fedora-clang, r-devel-linux-x86_64-fedora-gcc, r-devel-osx-x86_64-clang, r-devel-windows-ix86+x86_64, r-patched-linux-x86_64, r-patched-solaris-sparc, r-patched-solaris-x86, r-release-linux-x86_64, r-release-osx-x86_64-mavericks, r-release-windows-ix86+x86_64