CRAN Package Check Results for Package simctest

Last updated on 2017-03-24 06:48:39.

Flavor Version Tinstall Tcheck Ttotal Status Flags
r-devel-linux-x86_64-debian-clang 2.4.1 1.55 73.87 75.43 NOTE
r-devel-linux-x86_64-debian-gcc 2.5 1.57 115.80 117.37 OK
r-devel-linux-x86_64-fedora-clang 2.5 110.83 OK --no-stop-on-test-error
r-devel-linux-x86_64-fedora-gcc 2.5 106.46 OK --no-stop-on-test-error
r-devel-macos-x86_64-clang 2.5 126.72 OK --no-stop-on-test-error
r-devel-windows-ix86+x86_64 2.4.1 6.00 147.00 153.00 NOTE
r-patched-linux-x86_64 2.4.1 1.29 71.51 72.80 NOTE
r-patched-solaris-sparc 2.5 987.60 OK
r-patched-solaris-x86 2.5 161.90 OK
r-release-linux-x86_64 2.4.1 1.32 76.52 77.84 NOTE
r-release-osx-x86_64-mavericks 2.4.1 NOTE
r-release-windows-ix86+x86_64 2.5 10.00 220.00 230.00 OK
r-oldrel-windows-ix86+x86_64 2.5 7.00 240.00 247.00 OK

Check Details

Version: 2.4.1
Check: R code for possible problems
Result: NOTE
    mainalg,mmctestres: no visible global function definition for ‘hist’
    Undefined global functions or variables:
     hist
    Consider adding
     importFrom("graphics", "hist")
    to your NAMESPACE file.
Flavors: r-devel-linux-x86_64-debian-clang, r-devel-windows-ix86+x86_64, r-patched-linux-x86_64, r-release-linux-x86_64, r-release-osx-x86_64-mavericks

Version: 2.4.1
Check: compiled code
Result: NOTE
    File ‘simctest/libs/simctest.so’:
     Found no calls to: ‘R_registerRoutines’, ‘R_useDynamicSymbols’
    
    It is good practice to register native routines and to disable symbol
    search.
    
    See ‘Writing portable packages’ in the ‘Writing R Extensions’ manual.
Flavor: r-devel-linux-x86_64-debian-clang