CRAN Package Check Results for Package simctest

Last updated on 2015-01-29 10:48:23.

Flavor Version Tinstall Tcheck Ttotal Status Flags
r-devel-linux-x86_64-debian-clang 2.4 1.32 126.79 128.11 NOTE
r-devel-linux-x86_64-debian-gcc 2.4 1.31 119.72 121.02 NOTE
r-devel-linux-x86_64-fedora-clang 2.4 263.55 NOTE
r-devel-linux-x86_64-fedora-gcc 2.4 256.91 NOTE
r-devel-osx-x86_64-clang 2.4 254.96 NOTE
r-devel-windows-ix86+x86_64 2.4 7.00 211.00 218.00 OK
r-patched-linux-x86_64 2.4 1.41 131.00 132.41 OK
r-patched-solaris-sparc 2.4 1859.80 OK
r-patched-solaris-x86 2.4 270.00 OK
r-release-linux-ix86 2.4 1.90 154.94 156.85 OK
r-release-linux-x86_64 2.4 1.46 145.70 147.15 OK
r-release-osx-x86_64-mavericks 2.4 OK
r-release-osx-x86_64-snowleopard 2.4 NOTE
r-release-windows-ix86+x86_64 2.4 6.00 283.00 289.00 OK
r-oldrel-windows-ix86+x86_64 2.4 7.00 207.00 214.00 OK

Check Details

Version: 2.4
Check: S3 generic/method consistency
Result: NOTE
    Found the following apparent S3 methods exported but not registered:
     summary.mmctestres
    See section ‘Registering S3 methods’ in the ‘Writing R Extensions’
    manual.
Flavors: r-devel-linux-x86_64-debian-clang, r-devel-linux-x86_64-debian-gcc, r-devel-linux-x86_64-fedora-clang, r-devel-linux-x86_64-fedora-gcc, r-devel-osx-x86_64-clang

Version: 2.4
Check: re-building of vignette outputs
Result: NOTE
    Error in re-building vignettes:
     ...
    Error in texi2dvi(file = file, pdf = TRUE, clean = clean, quiet = quiet, :
     Running 'texi2dvi' on 'simctest-intro.tex' failed.
    LaTeX errors:
    ! LaTeX Error: File `vmargin.sty' not found.
    
    Type X to quit or <RETURN> to proceed,
    or enter new name. (Default extension: sty)
    Calls: buildVignettes -> texi2pdf -> texi2dvi
    Execution halted
Flavor: r-release-osx-x86_64-snowleopard