CRAN Package Check Results for Package simctest

Last updated on 2014-04-23 07:55:09.

Flavor Version Tinstall Tcheck Ttotal Status Flags
r-devel-linux-x86_64-debian-clang 2.4 1.56 143.35 144.91 OK
r-devel-linux-x86_64-debian-gcc 2.4 1.48 135.10 136.58 OK
r-devel-linux-x86_64-fedora-clang 2.4 287.84 OK
r-devel-linux-x86_64-fedora-gcc 2.4 287.41 OK
r-devel-osx-x86_64-clang 2.4 231.19 OK
r-devel-osx-x86_64-gcc 2.4 OK
r-devel-windows-ix86+x86_64 2.4 6.00 237.00 243.00 OK
r-patched-linux-x86_64 2.4 1.49 143.45 144.94 OK
r-patched-solaris-sparc 2.4 1819.50 OK
r-patched-solaris-x86 2.4 280.10 OK
r-release-linux-ix86 2.4 2.00 208.00 210.00 OK
r-release-linux-x86_64 2.4 1.56 153.18 154.74 OK
r-release-osx-x86_64-mavericks 2.4 WARN
r-release-osx-x86_64-snowleopard 2.4 NOTE
r-release-windows-ix86+x86_64 2.4 12.00 261.00 273.00 OK
r-oldrel-windows-ix86+x86_64 2.4 7.00 207.00 214.00 OK

Check Details

Version: 2.4
Check: re-building of vignette outputs
Result: NOTE
    Error in re-building vignettes:
     ...
    Error in texi2dvi(file = file, pdf = TRUE, clean = clean, quiet = quiet, :
     Running 'texi2dvi' on 'simctest-intro.tex' failed.
    LaTeX errors:
    ! LaTeX Error: File `vmargin.sty' not found.
    
    Type X to quit or <RETURN> to proceed,
    or enter new name. (Default extension: sty)
    
    n_test/simctest/vignettes/simctest-intro.tex:4: ==> Fatal error occurred, no o
    utput PDF file produced!
    Calls: buildVignettes -> texi2pdf -> texi2dvi
    Execution halted
Flavor: r-release-osx-x86_64-mavericks

Version: 2.4
Check: PDF version of manual
Result: WARNING
    LaTeX errors when creating PDF version.
    This typically indicates Rd problems.
    LaTeX errors found:
    ! LaTeX Error: File `upquote.sty' not found.
    
    Type X to quit or <RETURN> to proceed,
    or enter new name. (Default extension: sty)
    
    7276d446/Rd2.tex:8: ==> Fatal error occurred, no output PDF file produced!
Flavor: r-release-osx-x86_64-mavericks

Version: 2.4
Check: re-building of vignette outputs
Result: NOTE
    Error in re-building vignettes:
     ...
    Error in texi2dvi(file = file, pdf = TRUE, clean = clean, quiet = quiet, :
     Running 'texi2dvi' on 'simctest-intro.tex' failed.
    LaTeX errors:
    ! LaTeX Error: File `vmargin.sty' not found.
    
    Type X to quit or <RETURN> to proceed,
    or enter new name. (Default extension: sty)
    Calls: buildVignettes -> texi2pdf -> texi2dvi
    Execution halted
Flavor: r-release-osx-x86_64-snowleopard