CRAN Package Check Results for Package simecol

Last updated on 2014-07-30 01:47:56.

Flavor Version Tinstall Tcheck Ttotal Status Flags
r-devel-linux-x86_64-debian-clang 0.8-4 1.97 66.23 68.20 NOTE
r-devel-linux-x86_64-debian-gcc 0.8-4 2.06 63.53 65.58 NOTE
r-devel-linux-x86_64-fedora-clang 0.8-4 140.38 NOTE
r-devel-linux-x86_64-fedora-gcc 0.8-4 137.97 OK
r-devel-osx-x86_64-clang 0.8-4 123.28 NOTE
r-devel-windows-ix86+x86_64 0.8-4 8.00 119.00 127.00 OK
r-patched-linux-x86_64 0.8-4 2.13 70.09 72.22 NOTE
r-patched-solaris-sparc 0.8-4 784.10 OK
r-patched-solaris-x86 0.8-4 170.80 OK
r-release-linux-ix86 0.8-4 2.80 83.63 86.43 NOTE
r-release-linux-x86_64 0.8-4 2.03 70.72 72.75 NOTE
r-release-osx-x86_64-mavericks 0.8-4 OK
r-release-osx-x86_64-snowleopard 0.8-4 OK
r-release-windows-ix86+x86_64 0.8-4 8.00 131.00 139.00 OK
r-oldrel-windows-ix86+x86_64 0.8-4 8.00 131.00 139.00 OK

Check Details

Version: 0.8-4
Check: R code for possible problems
Result: NOTE
    Found the following assignments to the global environment:
    File simecol/R/sEdit.R :
     assign(subx, x, envir = .GlobalEnv)
     assign(subx, x, envir = .GlobalEnv)
     assign(subx, x, envir = .GlobalEnv)
Flavors: r-devel-linux-x86_64-debian-clang, r-devel-linux-x86_64-debian-gcc, r-devel-linux-x86_64-fedora-clang, r-devel-osx-x86_64-clang, r-patched-linux-x86_64, r-release-linux-ix86, r-release-linux-x86_64