CRAN Package Check Results for Package simecol

Last updated on 2015-07-29 21:47:06.

Flavor Version Tinstall Tcheck Ttotal Status Flags
r-devel-linux-x86_64-debian-clang 0.8-6 1.82 62.53 64.35 NOTE
r-devel-linux-x86_64-debian-gcc 0.8-6 1.77 58.52 60.29 NOTE
r-devel-linux-x86_64-fedora-clang 0.8-6 117.56 NOTE
r-devel-linux-x86_64-fedora-gcc 0.8-6 112.23 NOTE
r-devel-osx-x86_64-clang 0.8-6 96.55 NOTE
r-devel-windows-ix86+x86_64 0.8-6 13.00 161.00 174.00 NOTE
r-patched-linux-x86_64 0.8-6 1.91 60.84 62.75 NOTE
r-patched-solaris-sparc 0.8-6 684.30 OK
r-patched-solaris-x86 0.8-6 135.10 OK
r-release-linux-x86_64 0.8-6 2.18 59.75 61.93 NOTE
r-release-osx-x86_64-mavericks 0.8-6 OK
r-release-windows-ix86+x86_64 0.8-6 13.00 169.00 182.00 OK
r-oldrel-windows-ix86+x86_64 0.8-6 14.00 130.00 144.00 OK

Check Details

Version: 0.8-6
Check: R code for possible problems
Result: NOTE
    approxTime: no visible global function definition for ‘approx’
    fitOdeModel: no visible binding for global variable ‘sd’
    fitOdeModel: no visible global function definition for ‘nlminb’
    fitOdeModel: no visible global function definition for ‘optim’
    pcu: no visible global function definition for ‘runif’
    pcuseries: no visible global function definition for ‘runif’
    peaks: no visible global function definition for ‘xy.coords’
    rho2alpha: no visible global function definition for ‘optimize’
    sEdit : chrToNum: no visible global function definition for
     ‘type.convert’
    sEdit : listToNum: no visible global function definition for
     ‘type.convert’
    sEdit: no visible global function definition for ‘edit’
    ssqOdeModel: no visible binding for global variable ‘sd’
    ssqOdeModel: no visible global function definition for ‘na.omit’
    fixTimes,simObj: no visible global function definition for ‘edit’
    iteration,numeric: no visible global function definition for ‘dev.hold’
    iteration,numeric: no visible global function definition for
     ‘dev.flush’
    iteration,odeModel: no visible global function definition for
     ‘dev.hold’
    iteration,odeModel: no visible global function definition for
     ‘dev.flush’
    iteration,simObj: no visible global function definition for ‘dev.hold’
    iteration,simObj: no visible global function definition for ‘dev.flush’
    plot,gridModel-missing: no visible global function definition for ‘par’
    plot,gridModel-missing: no visible global function definition for
     ‘dev.hold’
    plot,gridModel-missing: no visible global function definition for
     ‘image’
    plot,gridModel-missing: no visible global function definition for
     ‘dev.flush’
    plot,rwalkModel-missing: no visible global function definition for
     ‘par’
    plot,rwalkModel-missing: no visible global function definition for
     ‘dev.hold’
    plot,rwalkModel-missing: no visible global function definition for
     ‘dev.flush’
    Undefined global functions or variables:
     approx dev.flush dev.hold edit image na.omit nlminb optim optimize
     par runif sd type.convert xy.coords
    Consider adding
     importFrom("grDevices", "dev.flush", "dev.hold", "xy.coords")
     importFrom("graphics", "image", "par")
     importFrom("stats", "approx", "na.omit", "nlminb", "optim", "optimize",
     "runif", "sd")
     importFrom("utils", "edit", "type.convert")
    to your NAMESPACE.
    
    Found the following assignments to the global environment:
    File ‘simecol/R/sEdit.R’:
     assign(subx, x, envir = .GlobalEnv)
     assign(subx, x, envir = .GlobalEnv)
     assign(subx, x, envir = .GlobalEnv)
Flavors: r-devel-linux-x86_64-debian-clang, r-devel-linux-x86_64-debian-gcc, r-devel-linux-x86_64-fedora-clang

Version: 0.8-6
Check: R code for possible problems
Result: NOTE
    approxTime: no visible global function definition for ‘approx’
    fitOdeModel: no visible binding for global variable ‘sd’
    fitOdeModel: no visible global function definition for ‘nlminb’
    fitOdeModel: no visible global function definition for ‘optim’
    pcu: no visible global function definition for ‘runif’
    pcuseries: no visible global function definition for ‘runif’
    peaks: no visible global function definition for ‘xy.coords’
    rho2alpha: no visible global function definition for ‘optimize’
    sEdit : chrToNum: no visible global function definition for
     ‘type.convert’
    sEdit : listToNum: no visible global function definition for
     ‘type.convert’
    sEdit: no visible global function definition for ‘edit’
    ssqOdeModel: no visible binding for global variable ‘sd’
    ssqOdeModel: no visible global function definition for ‘na.omit’
    fixTimes,simObj: no visible global function definition for ‘edit’
    iteration,numeric: no visible global function definition for ‘dev.hold’
    iteration,numeric: no visible global function definition for
     ‘dev.flush’
    iteration,odeModel: no visible global function definition for
     ‘dev.hold’
    iteration,odeModel: no visible global function definition for
     ‘dev.flush’
    iteration,simObj: no visible global function definition for ‘dev.hold’
    iteration,simObj: no visible global function definition for ‘dev.flush’
    plot,gridModel-missing: no visible global function definition for ‘par’
    plot,gridModel-missing: no visible global function definition for
     ‘dev.hold’
    plot,gridModel-missing: no visible global function definition for
     ‘image’
    plot,gridModel-missing: no visible global function definition for
     ‘dev.flush’
    plot,rwalkModel-missing: no visible global function definition for
     ‘par’
    plot,rwalkModel-missing: no visible global function definition for
     ‘dev.hold’
    plot,rwalkModel-missing: no visible global function definition for
     ‘dev.flush’
    Undefined global functions or variables:
     approx dev.flush dev.hold edit image na.omit nlminb optim optimize
     par runif sd type.convert xy.coords
    Consider adding
     importFrom("grDevices", "dev.flush", "dev.hold", "xy.coords")
     importFrom("graphics", "image", "par")
     importFrom("stats", "approx", "na.omit", "nlminb", "optim", "optimize",
     "runif", "sd")
     importFrom("utils", "edit", "type.convert")
    to your NAMESPACE.
Flavors: r-devel-linux-x86_64-fedora-gcc, r-devel-windows-ix86+x86_64

Version: 0.8-6
Check: R code for possible problems
Result: NOTE
    Found the following assignments to the global environment:
    File ‘simecol/R/sEdit.R’:
     assign(subx, x, envir = .GlobalEnv)
     assign(subx, x, envir = .GlobalEnv)
     assign(subx, x, envir = .GlobalEnv)
Flavors: r-devel-osx-x86_64-clang, r-patched-linux-x86_64, r-release-linux-x86_64