CRAN Package Check Results for Package simecol

Last updated on 2017-05-30 02:46:54.

Flavor Version Tinstall Tcheck Ttotal Status Flags
r-devel-linux-x86_64-debian-clang 0.8-7 2.41 55.82 58.23 NOTE
r-devel-linux-x86_64-debian-gcc 0.8-7 2.15 56.73 58.88 NOTE
r-devel-linux-x86_64-fedora-clang 0.8-7 105.19 NOTE
r-devel-linux-x86_64-fedora-gcc 0.8-7 99.23 NOTE
r-devel-windows-ix86+x86_64 0.8-7 10.00 175.00 185.00 OK
r-patched-linux-x86_64 0.8-7 2.32 56.69 59.01 NOTE
r-patched-solaris-sparc 0.8-7 591.90 OK
r-patched-solaris-x86 0.8-7 119.10 OK
r-release-linux-x86_64 0.8-7 2.68 60.83 63.51 NOTE
r-release-windows-ix86+x86_64 0.8-7 12.00 134.00 146.00 OK
r-release-osx-x86_64 0.8-7 OK
r-oldrel-windows-ix86+x86_64 0.8-7 7.00 130.00 137.00 OK
r-oldrel-osx-x86_64 0.8-7 NOTE

Check Details

Version: 0.8-7
Check: R code for possible problems
Result: NOTE
    Found the following assignments to the global environment:
    File ‘simecol/R/sEdit.R’:
     assign(subx, x, envir = .GlobalEnv)
     assign(subx, x, envir = .GlobalEnv)
     assign(subx, x, envir = .GlobalEnv)
Flavors: r-devel-linux-x86_64-debian-clang, r-devel-linux-x86_64-debian-gcc, r-devel-linux-x86_64-fedora-clang, r-patched-linux-x86_64, r-release-linux-x86_64

Version: 0.8-7
Check: compiled code
Result: NOTE
    File ‘simecol/libs/simecol.so’:
     Found no calls to: ‘R_registerRoutines’, ‘R_useDynamicSymbols’
    
    It is good practice to register native routines and to disable symbol
    search.
    
    See ‘Writing portable packages’ in the ‘Writing R Extensions’ manual.
Flavors: r-devel-linux-x86_64-debian-clang, r-devel-linux-x86_64-debian-gcc, r-devel-linux-x86_64-fedora-clang, r-devel-linux-x86_64-fedora-gcc, r-patched-linux-x86_64, r-release-linux-x86_64

Version: 0.8-7
Check: dependencies in R code
Result: NOTE
    Invalid MIT-MAGIC-COOKIE-1 key
Flavor: r-oldrel-osx-x86_64