CRAN Package Check Results for Package simecol

Last updated on 2016-08-30 12:47:14.

Flavor Version Tinstall Tcheck Ttotal Status Flags
r-devel-linux-x86_64-debian-clang 0.8-7 2.08 53.07 55.15 NOTE
r-devel-linux-x86_64-debian-gcc 0.8-7 2.14 52.52 54.66 NOTE
r-devel-linux-x86_64-fedora-clang 0.8-7 96.23 NOTE
r-devel-linux-x86_64-fedora-gcc 0.8-7 91.38 OK
r-devel-osx-x86_64-clang 0.8-7 76.26 NOTE
r-devel-windows-ix86+x86_64 0.8-7 14.00 157.00 171.00 OK
r-patched-linux-x86_64 0.8-7 1.91 49.53 51.44 NOTE
r-patched-solaris-sparc 0.8-7 524.70 OK
r-patched-solaris-x86 0.8-7 103.10 OK
r-release-linux-x86_64 0.8-7 1.93 50.39 52.32 NOTE
r-release-osx-x86_64-mavericks 0.8-7 NOTE
r-release-windows-ix86+x86_64 0.8-7 9.00 173.00 182.00 OK
r-oldrel-windows-ix86+x86_64 0.8-7 15.00 205.00 220.00 OK

Check Details

Version: 0.8-7
Check: R code for possible problems
Result: NOTE
    Found the following assignments to the global environment:
    File ‘simecol/R/sEdit.R’:
     assign(subx, x, envir = .GlobalEnv)
     assign(subx, x, envir = .GlobalEnv)
     assign(subx, x, envir = .GlobalEnv)
Flavors: r-devel-linux-x86_64-debian-clang, r-devel-linux-x86_64-debian-gcc, r-devel-linux-x86_64-fedora-clang, r-devel-osx-x86_64-clang, r-patched-linux-x86_64, r-release-linux-x86_64

Version: 0.8-7
Check: dependencies in R code
Result: NOTE
    Invalid MIT-MAGIC-COOKIE-1 key
Flavor: r-release-osx-x86_64-mavericks