CRAN Package Check Results for Package simecol

Last updated on 2016-02-10 11:55:29.

Flavor Version Tinstall Tcheck Ttotal Status Flags
r-devel-linux-x86_64-debian-gcc 0.8-7 2.06 48.44 50.50 NOTE
r-devel-linux-x86_64-fedora-clang 0.8-7 93.54 NOTE
r-devel-linux-x86_64-fedora-gcc 0.8-7 88.26 OK
r-devel-osx-x86_64-clang 0.8-7 101.82 NOTE
r-devel-windows-ix86+x86_64 0.8-7 11.00 113.00 124.00 OK
r-patched-linux-x86_64 0.8-7 2.18 66.23 68.41 NOTE
r-patched-solaris-sparc 0.8-7 706.50 OK
r-patched-solaris-x86 0.8-7 135.20 OK
r-release-linux-x86_64 0.8-7 2.20 64.23 66.43 NOTE
r-release-osx-x86_64-mavericks 0.8-7 OK
r-release-windows-ix86+x86_64 0.8-7 12.00 136.00 148.00 OK
r-oldrel-windows-ix86+x86_64 0.8-7 14.00 161.00 175.00 OK

Check Details

Version: 0.8-7
Check: R code for possible problems
Result: NOTE
    Found the following assignments to the global environment:
    File ‘simecol/R/sEdit.R’:
     assign(subx, x, envir = .GlobalEnv)
     assign(subx, x, envir = .GlobalEnv)
     assign(subx, x, envir = .GlobalEnv)
Flavors: r-devel-linux-x86_64-debian-gcc, r-devel-linux-x86_64-fedora-clang, r-devel-osx-x86_64-clang, r-patched-linux-x86_64, r-release-linux-x86_64