CRAN Package Check Results for Package simecol

Last updated on 2016-09-26 15:48:27.

Flavor Version Tinstall Tcheck Ttotal Status Flags
r-devel-linux-x86_64-debian-clang 0.8-7 2.16 51.13 53.29 NOTE
r-devel-linux-x86_64-debian-gcc 0.8-7 2.03 52.44 54.47 NOTE
r-devel-linux-x86_64-fedora-clang 0.8-7 93.49 NOTE
r-devel-linux-x86_64-fedora-gcc 0.8-7 88.53 OK
r-devel-macos-x86_64-clang 0.8-7 73.74 NOTE
r-devel-windows-ix86+x86_64 0.8-7 10.00 163.00 173.00 OK
r-patched-linux-x86_64 0.8-7 1.91 50.42 52.33 NOTE
r-patched-solaris-sparc 0.8-7 524.70 OK
r-patched-solaris-x86 0.8-7 100.60 OK
r-release-linux-x86_64 0.8-7 1.89 50.77 52.66 NOTE
r-release-osx-x86_64-mavericks 0.8-7 NOTE
r-release-windows-ix86+x86_64 0.8-7 22.00 164.00 186.00 OK
r-oldrel-windows-ix86+x86_64 0.8-7 12.00 189.00 201.00 OK

Check Details

Version: 0.8-7
Check: R code for possible problems
Result: NOTE
    Found the following assignments to the global environment:
    File ‘simecol/R/sEdit.R’:
     assign(subx, x, envir = .GlobalEnv)
     assign(subx, x, envir = .GlobalEnv)
     assign(subx, x, envir = .GlobalEnv)
Flavors: r-devel-linux-x86_64-debian-clang, r-devel-linux-x86_64-debian-gcc, r-devel-linux-x86_64-fedora-clang, r-devel-macos-x86_64-clang, r-patched-linux-x86_64, r-release-linux-x86_64

Version: 0.8-7
Check: dependencies in R code
Result: NOTE
    Invalid MIT-MAGIC-COOKIE-1 key
Flavor: r-release-osx-x86_64-mavericks