CRAN Package Check Results for Package simecol

Last updated on 2018-04-21 05:49:23 CEST.

Flavor Version Tinstall Tcheck Ttotal Status Flags
r-devel-linux-x86_64-debian-clang 0.8-10 6.21 80.87 87.08 OK
r-devel-linux-x86_64-debian-gcc 0.8-10 5.68 61.70 67.38 OK
r-devel-linux-x86_64-fedora-clang 0.8-10 106.16 OK
r-devel-linux-x86_64-fedora-gcc 0.8-10 100.79 OK
r-devel-windows-ix86+x86_64 0.8-10 19.00 146.00 165.00 OK
r-devel-osx-x86_64 0.8-10 OK
r-patched-linux-x86_64 0.8-10 7.78 81.61 89.39 OK
r-patched-solaris-x86 0.8-10 136.00 OK
r-release-linux-x86_64 0.8-10 3.43 81.31 84.74 OK
r-release-windows-ix86+x86_64 0.8-10 14.00 181.00 195.00 OK
r-release-osx-x86_64 0.8-10 NOTE
r-oldrel-windows-ix86+x86_64 0.8-10 11.00 120.00 131.00 OK

Check Details

Version: 0.8-10
Check: re-building of vignette outputs
Result: NOTE
    Error in re-building vignettes:
     ...
    Found more than one class "indbasedModel" in cache; using the first, from namespace 'simecol'
    Also defined by ‘.GlobalEnv’
    Found more than one class "indbasedModel" in cache; using the first, from namespace 'simecol'
    Also defined by ‘.GlobalEnv’
    Found more than one class "indbasedModel" in cache; using the first, from namespace 'simecol'
    Also defined by ‘.GlobalEnv’
    Loading required package: FME
    Loading required package: rootSolve
    Loading required package: coda
    Error in texi2dvi(file = file, pdf = TRUE, clean = clean, quiet = quiet, :
     Running 'texi2dvi' on 'b-simecol-howtos.tex' failed.
    LaTeX errors:
    ! LaTeX Error: File `a4wide.sty' not found.
    
    Type X to quit or <RETURN> to proceed,
    or enter new name. (Default extension: sty)
    
    ! Emergency stop.
    <read *>
    
    l.58 \RequirePackage
     [T1]{fontenc}^^M
    ! ==> Fatal error occurred, no output PDF file produced!
    Calls: buildVignettes -> texi2pdf -> texi2dvi
    Execution halted
Flavor: r-release-osx-x86_64