CRAN Package Check Results for Package simecol

Last updated on 2014-09-20 03:48:53.

Flavor Version Tinstall Tcheck Ttotal Status Flags
r-devel-linux-x86_64-debian-clang 0.8-4 1.91 62.58 64.49 NOTE
r-devel-linux-x86_64-debian-gcc 0.8-4 2.03 64.88 66.91 NOTE
r-devel-linux-x86_64-fedora-clang 0.8-4 134.20 NOTE
r-devel-linux-x86_64-fedora-gcc 0.8-4 127.15 NOTE
r-devel-osx-x86_64-clang 0.8-4 117.45 NOTE
r-devel-windows-ix86+x86_64 0.8-4 8.00 108.00 116.00 NOTE
r-patched-linux-x86_64 0.8-4 2.00 77.43 79.42 NOTE
r-patched-solaris-sparc 0.8-4 815.80 OK
r-patched-solaris-x86 0.8-4 155.60 OK
r-release-linux-ix86 0.8-4 2.79 85.40 88.19 NOTE
r-release-linux-x86_64 0.8-4 2.01 74.50 76.51 NOTE
r-release-osx-x86_64-mavericks 0.8-4 OK
r-release-osx-x86_64-snowleopard 0.8-4 OK
r-release-windows-ix86+x86_64 0.8-4 8.00 124.00 132.00 OK
r-oldrel-windows-ix86+x86_64 0.8-4 8.00 136.00 144.00 OK

Check Details

Version: 0.8-4
Check: R code for possible problems
Result: NOTE
    sEdit : editVec : build: no visible global function definition for
     ‘tclvalue’
    sEdit : editVec : reset: no visible global function definition for
     ‘tclvalue<-’
    sEdit : editVec: no visible global function definition for ‘tktoplevel’
    sEdit : editVec: no visible global function definition for ‘tkwm.title’
    sEdit : editVec: no visible global function definition for ‘tkentry’
    sEdit : editVec: no visible global function definition for ‘tkgrid’
    sEdit : editVec: no visible global function definition for ‘tklabel’
    sEdit : editVec: no visible global function definition for ‘tkbutton’
    sEdit : editVec : <anonymous>: no visible global function definition
     for ‘tclvalue<-’
    sEdit : editVec: no visible global function definition for ‘tclVar’
    sEdit : editVec: no visible global function definition for ‘tkbind’
    sEdit : editVec: no visible global function definition for
     ‘tkwm.deiconify’
    sEdit : editVec: no visible global function definition for
     ‘tkwait.variable’
    sEdit : editVec: no visible global function definition for ‘tclvalue’
    sEdit : editVec: no visible global function definition for ‘tkdestroy’
    
    Found the following assignments to the global environment:
    File ‘simecol/R/sEdit.R’:
     assign(subx, x, envir = .GlobalEnv)
     assign(subx, x, envir = .GlobalEnv)
     assign(subx, x, envir = .GlobalEnv)
Flavors: r-devel-linux-x86_64-debian-clang, r-devel-linux-x86_64-debian-gcc, r-devel-linux-x86_64-fedora-clang, r-devel-osx-x86_64-clang

Version: 0.8-4
Check: R code for possible problems
Result: NOTE
    sEdit : editVec : build: no visible global function definition for
     ‘tclvalue’
    sEdit : editVec : reset: no visible global function definition for
     ‘tclvalue<-’
    sEdit : editVec: no visible global function definition for ‘tktoplevel’
    sEdit : editVec: no visible global function definition for ‘tkwm.title’
    sEdit : editVec: no visible global function definition for ‘tkentry’
    sEdit : editVec: no visible global function definition for ‘tkgrid’
    sEdit : editVec: no visible global function definition for ‘tklabel’
    sEdit : editVec: no visible global function definition for ‘tkbutton’
    sEdit : editVec : <anonymous>: no visible global function definition
     for ‘tclvalue<-’
    sEdit : editVec: no visible global function definition for ‘tclVar’
    sEdit : editVec: no visible global function definition for ‘tkbind’
    sEdit : editVec: no visible global function definition for
     ‘tkwm.deiconify’
    sEdit : editVec: no visible global function definition for
     ‘tkwait.variable’
    sEdit : editVec: no visible global function definition for ‘tclvalue’
    sEdit : editVec: no visible global function definition for ‘tkdestroy’
Flavors: r-devel-linux-x86_64-fedora-gcc, r-devel-windows-ix86+x86_64

Version: 0.8-4
Check: R code for possible problems
Result: NOTE
    Found the following assignments to the global environment:
    File ‘simecol/R/sEdit.R’:
     assign(subx, x, envir = .GlobalEnv)
     assign(subx, x, envir = .GlobalEnv)
     assign(subx, x, envir = .GlobalEnv)
Flavors: r-patched-linux-x86_64, r-release-linux-ix86, r-release-linux-x86_64