CRAN Package Check Results for Package simecol

Last updated on 2016-12-07 19:48:49.

Flavor Version Tinstall Tcheck Ttotal Status Flags
r-devel-linux-x86_64-debian-clang 0.8-7 2.37 59.74 62.11 NOTE
r-devel-linux-x86_64-debian-gcc 0.8-7 2.29 57.45 59.74 NOTE
r-devel-linux-x86_64-fedora-clang 0.8-7 105.44 NOTE --no-stop-on-test-error
r-devel-linux-x86_64-fedora-gcc 0.8-7 103.09 OK --no-stop-on-test-error
r-devel-macos-x86_64-clang 0.8-7 82.85 NOTE
r-devel-windows-ix86+x86_64 0.8-7 17.00 176.00 193.00 OK
r-patched-linux-x86_64 0.8-7 1.95 50.68 52.63 NOTE
r-patched-solaris-sparc 0.8-7 524.70 OK
r-patched-solaris-x86 0.8-7 103.30 OK
r-release-linux-x86_64 0.8-7 2.12 52.70 54.83 NOTE
r-release-osx-x86_64-mavericks 0.8-7 NOTE
r-release-windows-ix86+x86_64 0.8-7 8.00 168.00 176.00 OK
r-oldrel-windows-ix86+x86_64 0.8-7 17.00 187.00 204.00 OK

Check Details

Version: 0.8-7
Check: R code for possible problems
Result: NOTE
    Found the following assignments to the global environment:
    File ‘simecol/R/sEdit.R’:
     assign(subx, x, envir = .GlobalEnv)
     assign(subx, x, envir = .GlobalEnv)
     assign(subx, x, envir = .GlobalEnv)
Flavors: r-devel-linux-x86_64-debian-clang, r-devel-linux-x86_64-debian-gcc, r-devel-macos-x86_64-clang, r-patched-linux-x86_64, r-release-linux-x86_64

Version: 0.8-7
Flags: --no-stop-on-test-error
Check: R code for possible problems
Result: NOTE
    Found the following assignments to the global environment:
    File ‘simecol/R/sEdit.R’:
     assign(subx, x, envir = .GlobalEnv)
     assign(subx, x, envir = .GlobalEnv)
     assign(subx, x, envir = .GlobalEnv)
Flavor: r-devel-linux-x86_64-fedora-clang

Version: 0.8-7
Check: dependencies in R code
Result: NOTE
    Invalid MIT-MAGIC-COOKIE-1 key
Flavor: r-release-osx-x86_64-mavericks