CRAN Package Check Results for Package simecol

Last updated on 2014-04-24 23:48:13.

Flavor Version Tinstall Tcheck Ttotal Status Flags
r-devel-linux-x86_64-debian-clang 0.8-4 2.16 71.20 73.36 NOTE
r-devel-linux-x86_64-debian-gcc 0.8-4 2.15 72.65 74.80 NOTE
r-devel-linux-x86_64-fedora-clang 0.8-4 156.80 NOTE
r-devel-linux-x86_64-fedora-gcc 0.8-4 150.93 OK
r-devel-osx-x86_64-clang 0.8-4 130.03 NOTE
r-devel-osx-x86_64-gcc 0.8-4 OK
r-devel-windows-ix86+x86_64 0.8-4 8.00 128.00 136.00 OK
r-patched-linux-x86_64 0.8-4 2.16 70.76 72.92 NOTE
r-patched-solaris-sparc 0.8-4 784.10 OK
r-patched-solaris-x86 0.8-4 159.30 OK
r-release-linux-ix86 0.8-4 4.00 112.00 116.00 NOTE
r-release-linux-x86_64 0.8-4 2.10 72.81 74.91 NOTE
r-release-osx-x86_64-mavericks 0.8-4 WARN
r-release-osx-x86_64-snowleopard 0.8-4 OK
r-release-windows-ix86+x86_64 0.8-4 8.00 126.00 134.00 OK
r-oldrel-windows-ix86+x86_64 0.8-4 9.00 131.00 140.00 OK

Check Details

Version: 0.8-4
Check: R code for possible problems
Result: NOTE
    Found the following assignments to the global environment:
    File ‘simecol/R/sEdit.R’:
     assign(subx, x, envir = .GlobalEnv)
     assign(subx, x, envir = .GlobalEnv)
     assign(subx, x, envir = .GlobalEnv)
Flavors: r-devel-linux-x86_64-debian-clang, r-devel-linux-x86_64-debian-gcc, r-devel-linux-x86_64-fedora-clang, r-devel-osx-x86_64-clang, r-patched-linux-x86_64, r-release-linux-ix86, r-release-linux-x86_64

Version: 0.8-4
Check: PDF version of manual
Result: WARNING
    LaTeX errors when creating PDF version.
    This typically indicates Rd problems.
    LaTeX errors found:
    ! LaTeX Error: File `upquote.sty' not found.
    
    Type X to quit or <RETURN> to proceed,
    or enter new name. (Default extension: sty)
    
    adad107/Rd2.tex:8: ==> Fatal error occurred, no output PDF file produced!
Flavor: r-release-osx-x86_64-mavericks