CRAN Package Check Results for Package simecol

Last updated on 2016-06-26 00:47:21.

Flavor Version Tinstall Tcheck Ttotal Status Flags
r-devel-linux-x86_64-debian-gcc 0.8-7 2.08 51.56 53.64 NOTE
r-devel-linux-x86_64-fedora-clang 0.8-7 95.18 NOTE
r-devel-linux-x86_64-fedora-gcc 0.8-7 88.17 OK
r-devel-osx-x86_64-clang 0.8-7 60.85 NOTE
r-devel-windows-ix86+x86_64 0.8-7 10.00 160.00 170.00 OK
r-patched-linux-x86_64 0.8-7 2.23 52.50 54.72 NOTE
r-patched-solaris-sparc 0.8-7 524.70 OK
r-patched-solaris-x86 0.8-7 105.50 OK
r-release-linux-x86_64 0.8-7 2.31 54.21 56.52 NOTE
r-release-osx-x86_64-mavericks 0.8-7 NOTE
r-release-windows-ix86+x86_64 0.8-7 11.00 121.00 132.00 OK
r-oldrel-windows-ix86+x86_64 0.8-7 11.00 196.00 207.00 OK

Check Details

Version: 0.8-7
Check: R code for possible problems
Result: NOTE
    Found the following assignments to the global environment:
    File ‘simecol/R/sEdit.R’:
     assign(subx, x, envir = .GlobalEnv)
     assign(subx, x, envir = .GlobalEnv)
     assign(subx, x, envir = .GlobalEnv)
Flavors: r-devel-linux-x86_64-debian-gcc, r-devel-linux-x86_64-fedora-clang, r-devel-osx-x86_64-clang, r-patched-linux-x86_64, r-release-linux-x86_64

Version: 0.8-7
Check: dependencies in R code
Result: NOTE
    Invalid MIT-MAGIC-COOKIE-1 key
Flavor: r-release-osx-x86_64-mavericks