CRAN Package Check Results for Package simecol

Last updated on 2014-12-20 14:48:04.

Flavor Version Tinstall Tcheck Ttotal Status Flags
r-devel-linux-x86_64-debian-clang 0.8-4 2.08 61.27 63.34 NOTE
r-devel-linux-x86_64-debian-gcc 0.8-4 1.84 60.05 61.90 NOTE
r-devel-linux-x86_64-fedora-clang 0.8-4 127.83 NOTE
r-devel-linux-x86_64-fedora-gcc 0.8-4 116.52 NOTE
r-devel-osx-x86_64-clang 0.8-4 121.49 NOTE
r-devel-windows-ix86+x86_64 0.8-4 9.00 121.00 130.00 NOTE
r-patched-linux-x86_64 0.8-4 1.96 67.42 69.39 NOTE
r-patched-solaris-sparc 0.8-4 782.20 NOTE
r-patched-solaris-x86 0.8-4 154.90 NOTE
r-release-linux-ix86 0.8-4 2.62 80.56 83.18 NOTE
r-release-linux-x86_64 0.8-4 1.90 74.78 76.68 NOTE
r-release-osx-x86_64-mavericks 0.8-4 OK
r-release-osx-x86_64-snowleopard 0.8-4 OK
r-release-windows-ix86+x86_64 0.8-4 10.00 148.00 158.00 NOTE
r-oldrel-windows-ix86+x86_64 0.8-4 10.00 140.00 150.00 OK

Check Details

Version: 0.8-4
Check: R code for possible problems
Result: NOTE
    sEdit : editVec : build: no visible global function definition for
     ‘tclvalue’
    sEdit : editVec : reset: no visible global function definition for
     ‘tclvalue<-’
    sEdit : editVec: no visible global function definition for ‘tktoplevel’
    sEdit : editVec: no visible global function definition for ‘tkwm.title’
    sEdit : editVec: no visible global function definition for ‘tkentry’
    sEdit : editVec: no visible global function definition for ‘tkgrid’
    sEdit : editVec: no visible global function definition for ‘tklabel’
    sEdit : editVec: no visible global function definition for ‘tkbutton’
    sEdit : editVec : <anonymous>: no visible global function definition
     for ‘tclvalue<-’
    sEdit : editVec: no visible global function definition for ‘tclVar’
    sEdit : editVec: no visible global function definition for ‘tkbind’
    sEdit : editVec: no visible global function definition for
     ‘tkwm.deiconify’
    sEdit : editVec: no visible global function definition for
     ‘tkwait.variable’
    sEdit : editVec: no visible global function definition for ‘tclvalue’
    sEdit : editVec: no visible global function definition for ‘tkdestroy’
    
    Found the following assignments to the global environment:
    File ‘simecol/R/sEdit.R’:
     assign(subx, x, envir = .GlobalEnv)
     assign(subx, x, envir = .GlobalEnv)
     assign(subx, x, envir = .GlobalEnv)
Flavors: r-devel-linux-x86_64-debian-clang, r-devel-linux-x86_64-debian-gcc, r-devel-linux-x86_64-fedora-clang, r-devel-osx-x86_64-clang, r-patched-linux-x86_64, r-release-linux-ix86, r-release-linux-x86_64

Version: 0.8-4
Check: R code for possible problems
Result: NOTE
    sEdit : editVec : build: no visible global function definition for
     ‘tclvalue’
    sEdit : editVec : reset: no visible global function definition for
     ‘tclvalue<-’
    sEdit : editVec: no visible global function definition for ‘tktoplevel’
    sEdit : editVec: no visible global function definition for ‘tkwm.title’
    sEdit : editVec: no visible global function definition for ‘tkentry’
    sEdit : editVec: no visible global function definition for ‘tkgrid’
    sEdit : editVec: no visible global function definition for ‘tklabel’
    sEdit : editVec: no visible global function definition for ‘tkbutton’
    sEdit : editVec : <anonymous>: no visible global function definition
     for ‘tclvalue<-’
    sEdit : editVec: no visible global function definition for ‘tclVar’
    sEdit : editVec: no visible global function definition for ‘tkbind’
    sEdit : editVec: no visible global function definition for
     ‘tkwm.deiconify’
    sEdit : editVec: no visible global function definition for
     ‘tkwait.variable’
    sEdit : editVec: no visible global function definition for ‘tclvalue’
    sEdit : editVec: no visible global function definition for ‘tkdestroy’
Flavors: r-devel-linux-x86_64-fedora-gcc, r-devel-windows-ix86+x86_64, r-patched-solaris-sparc, r-patched-solaris-x86, r-release-windows-ix86+x86_64