CRAN Package Check Results for Package simecol

Last updated on 2015-01-28 22:47:50.

Flavor Version Tinstall Tcheck Ttotal Status Flags
r-devel-linux-x86_64-debian-clang 0.8-4 1.94 61.02 62.96 NOTE
r-devel-linux-x86_64-debian-gcc 0.8-4 1.90 62.10 64.00 NOTE
r-devel-linux-x86_64-fedora-clang 0.8-4 125.23 NOTE
r-devel-linux-x86_64-fedora-gcc 0.8-4 120.76 NOTE
r-devel-osx-x86_64-clang 0.8-4 122.71 NOTE
r-devel-windows-ix86+x86_64 0.8-4 12.00 115.00 127.00 NOTE
r-patched-linux-x86_64 0.8-4 1.99 65.78 67.78 NOTE
r-patched-solaris-sparc 0.8-4 820.20 NOTE
r-patched-solaris-x86 0.8-4 146.50 NOTE
r-release-linux-ix86 0.8-4 2.69 81.15 83.84 NOTE
r-release-linux-x86_64 0.8-4 2.14 72.70 74.83 NOTE
r-release-osx-x86_64-mavericks 0.8-4 NOTE
r-release-osx-x86_64-snowleopard 0.8-4 OK
r-release-windows-ix86+x86_64 0.8-4 9.00 143.00 152.00 NOTE
r-oldrel-windows-ix86+x86_64 0.8-4 9.00 189.00 198.00 OK

Check Details

Version: 0.8-4
Check: dependencies in R code
Result: NOTE
    'library' or 'require' call to ‘tcltk’ in package code.
     Please use :: or requireNamespace() instead.
     See section 'Suggested packages' in the 'Writing R Extensions' manual.
Flavors: r-devel-linux-x86_64-debian-clang, r-devel-linux-x86_64-debian-gcc, r-devel-linux-x86_64-fedora-clang, r-devel-linux-x86_64-fedora-gcc, r-devel-osx-x86_64-clang, r-devel-windows-ix86+x86_64

Version: 0.8-4
Check: R code for possible problems
Result: NOTE
    sEdit : editVec : build: no visible global function definition for
     ‘tclvalue’
    sEdit : editVec : reset: no visible global function definition for
     ‘tclvalue<-’
    sEdit : editVec: no visible global function definition for ‘tktoplevel’
    sEdit : editVec: no visible global function definition for ‘tkwm.title’
    sEdit : editVec: no visible global function definition for ‘tkentry’
    sEdit : editVec: no visible global function definition for ‘tkgrid’
    sEdit : editVec: no visible global function definition for ‘tklabel’
    sEdit : editVec: no visible global function definition for ‘tkbutton’
    sEdit : editVec : <anonymous>: no visible global function definition
     for ‘tclvalue<-’
    sEdit : editVec: no visible global function definition for ‘tclVar’
    sEdit : editVec: no visible global function definition for ‘tkbind’
    sEdit : editVec: no visible global function definition for
     ‘tkwm.deiconify’
    sEdit : editVec: no visible global function definition for
     ‘tkwait.variable’
    sEdit : editVec: no visible global function definition for ‘tclvalue’
    sEdit : editVec: no visible global function definition for ‘tkdestroy’
    
    Found the following assignments to the global environment:
    File ‘simecol/R/sEdit.R’:
     assign(subx, x, envir = .GlobalEnv)
     assign(subx, x, envir = .GlobalEnv)
     assign(subx, x, envir = .GlobalEnv)
Flavors: r-devel-linux-x86_64-debian-clang, r-devel-linux-x86_64-debian-gcc, r-devel-linux-x86_64-fedora-clang, r-devel-osx-x86_64-clang, r-patched-linux-x86_64, r-release-linux-ix86, r-release-linux-x86_64

Version: 0.8-4
Check: R code for possible problems
Result: NOTE
    sEdit : editVec : build: no visible global function definition for
     ‘tclvalue’
    sEdit : editVec : reset: no visible global function definition for
     ‘tclvalue<-’
    sEdit : editVec: no visible global function definition for ‘tktoplevel’
    sEdit : editVec: no visible global function definition for ‘tkwm.title’
    sEdit : editVec: no visible global function definition for ‘tkentry’
    sEdit : editVec: no visible global function definition for ‘tkgrid’
    sEdit : editVec: no visible global function definition for ‘tklabel’
    sEdit : editVec: no visible global function definition for ‘tkbutton’
    sEdit : editVec : <anonymous>: no visible global function definition
     for ‘tclvalue<-’
    sEdit : editVec: no visible global function definition for ‘tclVar’
    sEdit : editVec: no visible global function definition for ‘tkbind’
    sEdit : editVec: no visible global function definition for
     ‘tkwm.deiconify’
    sEdit : editVec: no visible global function definition for
     ‘tkwait.variable’
    sEdit : editVec: no visible global function definition for ‘tclvalue’
    sEdit : editVec: no visible global function definition for ‘tkdestroy’
Flavors: r-devel-linux-x86_64-fedora-gcc, r-devel-windows-ix86+x86_64, r-patched-solaris-sparc, r-patched-solaris-x86, r-release-osx-x86_64-mavericks, r-release-windows-ix86+x86_64