CRAN Package Check Results for Package simecol

Last updated on 2015-04-19 09:55:50.

Flavor Version Tinstall Tcheck Ttotal Status Flags
r-devel-linux-x86_64-debian-clang 0.8-6 1.81 58.99 60.80 NOTE
r-devel-linux-x86_64-debian-gcc 0.8-6 1.74 61.78 63.52 NOTE
r-devel-linux-x86_64-fedora-clang 0.8-6 122.24 NOTE
r-devel-linux-x86_64-fedora-gcc 0.8-6 116.06 OK
r-devel-osx-x86_64-clang 0.8-6 119.56 NOTE
r-devel-windows-ix86+x86_64 0.8-6 8.00 102.00 110.00 OK
r-patched-linux-x86_64 0.8-6 1.82 60.69 62.51 NOTE
r-patched-solaris-sparc 0.8-6 628.40 OK
r-patched-solaris-x86 0.8-6 131.20 OK
r-release-linux-x86_64 0.8-6 1.76 55.26 57.02 NOTE
r-release-osx-x86_64-mavericks 0.8-6 OK
r-release-osx-x86_64-snowleopard 0.8-6 OK
r-release-windows-ix86+x86_64 0.8-6 5.00 102.00 107.00 OK
r-oldrel-windows-ix86+x86_64 0.8-6 8.00 167.00 175.00 OK

Check Details

Version: 0.8-6
Check: R code for possible problems
Result: NOTE
    Found the following assignments to the global environment:
    File ‘simecol/R/sEdit.R’:
     assign(subx, x, envir = .GlobalEnv)
     assign(subx, x, envir = .GlobalEnv)
     assign(subx, x, envir = .GlobalEnv)
Flavors: r-devel-linux-x86_64-debian-clang, r-devel-linux-x86_64-debian-gcc, r-devel-linux-x86_64-fedora-clang, r-devel-osx-x86_64-clang, r-patched-linux-x86_64, r-release-linux-x86_64