CRAN Package Check Results for Package simecol

Last updated on 2017-04-24 18:47:44.

Flavor Version Tinstall Tcheck Ttotal Status Flags
r-devel-linux-x86_64-debian-clang 0.8-7 2.59 57.70 60.29 NOTE
r-devel-linux-x86_64-debian-gcc 0.8-7 2.37 54.15 56.52 NOTE
r-devel-linux-x86_64-fedora-clang 0.8-7 107.03 NOTE --no-stop-on-test-error
r-devel-linux-x86_64-fedora-gcc 0.8-7 99.60 NOTE --no-stop-on-test-error
r-devel-windows-ix86+x86_64 0.8-7 OK
r-patched-linux-x86_64 0.8-7 2.29 55.54 57.83 NOTE
r-patched-solaris-sparc 0.8-7 591.90 OK
r-patched-solaris-x86 0.8-7 116.50 OK
r-release-linux-x86_64 0.8-7 2.10 54.27 56.37 NOTE
r-release-windows-ix86+x86_64 0.8-7 9.00 132.00 141.00 OK
r-release-osx-x86_64 0.8-7 OK
r-oldrel-windows-ix86+x86_64 0.8-7 8.00 125.00 133.00 OK
r-oldrel-osx-x86_64 0.8-7 NOTE

Check Details

Version: 0.8-7
Check: R code for possible problems
Result: NOTE
    Found the following assignments to the global environment:
    File ‘simecol/R/sEdit.R’:
     assign(subx, x, envir = .GlobalEnv)
     assign(subx, x, envir = .GlobalEnv)
     assign(subx, x, envir = .GlobalEnv)
Flavors: r-devel-linux-x86_64-debian-clang, r-devel-linux-x86_64-debian-gcc, r-patched-linux-x86_64, r-release-linux-x86_64

Version: 0.8-7
Check: compiled code
Result: NOTE
    File ‘simecol/libs/simecol.so’:
     Found no calls to: ‘R_registerRoutines’, ‘R_useDynamicSymbols’
    
    It is good practice to register native routines and to disable symbol
    search.
    
    See ‘Writing portable packages’ in the ‘Writing R Extensions’ manual.
Flavors: r-devel-linux-x86_64-debian-clang, r-devel-linux-x86_64-debian-gcc, r-patched-linux-x86_64, r-release-linux-x86_64

Version: 0.8-7
Flags: --no-stop-on-test-error
Check: R code for possible problems
Result: NOTE
    Found the following assignments to the global environment:
    File ‘simecol/R/sEdit.R’:
     assign(subx, x, envir = .GlobalEnv)
     assign(subx, x, envir = .GlobalEnv)
     assign(subx, x, envir = .GlobalEnv)
Flavor: r-devel-linux-x86_64-fedora-clang

Version: 0.8-7
Flags: --no-stop-on-test-error
Check: compiled code
Result: NOTE
    File ‘simecol/libs/simecol.so’:
     Found no calls to: ‘R_registerRoutines’, ‘R_useDynamicSymbols’
    
    It is good practice to register native routines and to disable symbol
    search.
    
    See ‘Writing portable packages’ in the ‘Writing R Extensions’ manual.
Flavors: r-devel-linux-x86_64-fedora-clang, r-devel-linux-x86_64-fedora-gcc

Version: 0.8-7
Check: dependencies in R code
Result: NOTE
    Invalid MIT-MAGIC-COOKIE-1 key
Flavor: r-oldrel-osx-x86_64