CRAN Package Check Results for Package simecol

Last updated on 2015-05-25 02:47:37.

Flavor Version Tinstall Tcheck Ttotal Status Flags
r-devel-linux-x86_64-debian-clang 0.8-6 1.85 60.45 62.30 NOTE
r-devel-linux-x86_64-debian-gcc 0.8-6 1.71 62.10 63.81 NOTE
r-devel-linux-x86_64-fedora-clang 0.8-6 117.85 NOTE
r-devel-linux-x86_64-fedora-gcc 0.8-6 116.45 OK
r-devel-osx-x86_64-clang 0.8-6 120.22 NOTE
r-devel-windows-ix86+x86_64 0.8-6 10.00 115.00 125.00 OK
r-patched-linux-x86_64 0.8-6 1.78 61.36 63.14 NOTE
r-patched-solaris-sparc 0.8-6 745.00 OK
r-patched-solaris-x86 0.8-6 133.50 OK
r-release-linux-x86_64 0.8-6 1.72 62.93 64.65 NOTE
r-release-osx-x86_64-mavericks 0.8-6 OK
r-release-osx-x86_64-snowleopard 0.8-6 OK
r-release-windows-ix86+x86_64 0.8-6 8.00 112.00 120.00 OK
r-oldrel-windows-ix86+x86_64 0.8-6 9.00 167.00 176.00 OK

Check Details

Version: 0.8-6
Check: R code for possible problems
Result: NOTE
    Found the following assignments to the global environment:
    File ‘simecol/R/sEdit.R’:
     assign(subx, x, envir = .GlobalEnv)
     assign(subx, x, envir = .GlobalEnv)
     assign(subx, x, envir = .GlobalEnv)
Flavors: r-devel-linux-x86_64-debian-clang, r-devel-linux-x86_64-debian-gcc, r-devel-linux-x86_64-fedora-clang, r-devel-osx-x86_64-clang, r-patched-linux-x86_64, r-release-linux-x86_64