CRAN Package Check Results for Package simecol

Last updated on 2017-01-22 14:52:07.

Flavor Version Tinstall Tcheck Ttotal Status Flags
r-devel-linux-x86_64-debian-clang 0.8-7 2.20 58.00 60.20 NOTE
r-devel-linux-x86_64-debian-gcc 0.8-7 2.44 54.28 56.72 NOTE
r-devel-linux-x86_64-fedora-clang 0.8-7 102.11 NOTE --no-stop-on-test-error
r-devel-linux-x86_64-fedora-gcc 0.8-7 98.76 OK --no-stop-on-test-error
r-devel-macos-x86_64-clang 0.8-7 81.69 NOTE --no-stop-on-test-error
r-devel-windows-ix86+x86_64 0.8-7 10.00 140.00 150.00 OK
r-patched-linux-x86_64 0.8-7 1.88 50.54 52.42 NOTE
r-patched-solaris-sparc 0.8-7 524.00 OK
r-patched-solaris-x86 0.8-7 107.60 OK
r-release-linux-x86_64 0.8-7 2.00 50.92 52.92 NOTE
r-release-osx-x86_64-mavericks 0.8-7 NOTE
r-release-windows-ix86+x86_64 0.8-7 20.00 132.00 152.00 OK
r-oldrel-windows-ix86+x86_64 0.8-7 24.00 193.00 217.00 OK

Check Details

Version: 0.8-7
Check: R code for possible problems
Result: NOTE
    Found the following assignments to the global environment:
    File ‘simecol/R/sEdit.R’:
     assign(subx, x, envir = .GlobalEnv)
     assign(subx, x, envir = .GlobalEnv)
     assign(subx, x, envir = .GlobalEnv)
Flavors: r-devel-linux-x86_64-debian-clang, r-devel-linux-x86_64-debian-gcc, r-patched-linux-x86_64, r-release-linux-x86_64

Version: 0.8-7
Flags: --no-stop-on-test-error
Check: R code for possible problems
Result: NOTE
    Found the following assignments to the global environment:
    File ‘simecol/R/sEdit.R’:
     assign(subx, x, envir = .GlobalEnv)
     assign(subx, x, envir = .GlobalEnv)
     assign(subx, x, envir = .GlobalEnv)
Flavors: r-devel-linux-x86_64-fedora-clang, r-devel-macos-x86_64-clang

Version: 0.8-7
Check: dependencies in R code
Result: NOTE
    Invalid MIT-MAGIC-COOKIE-1 key
Flavor: r-release-osx-x86_64-mavericks