CRAN Package Check Results for Package simecol

Last updated on 2016-05-25 09:47:05.

Flavor Version Tinstall Tcheck Ttotal Status Flags
r-devel-linux-x86_64-debian-gcc 0.8-7 2.20 49.46 51.66 NOTE
r-devel-linux-x86_64-fedora-clang 0.8-7 92.49 NOTE
r-devel-linux-x86_64-fedora-gcc 0.8-7 87.65 OK
r-devel-osx-x86_64-clang 0.8-7 103.04 NOTE
r-devel-windows-ix86+x86_64 0.8-7 8.00 171.00 179.00 OK
r-patched-linux-x86_64 0.8-7 2.16 50.07 52.24 NOTE
r-patched-solaris-sparc 0.8-7 527.00 OK
r-patched-solaris-x86 0.8-7 102.60 OK
r-release-linux-x86_64 0.8-7 1.92 49.70 51.62 NOTE
r-release-osx-x86_64-mavericks 0.8-7 NOTE
r-release-windows-ix86+x86_64 0.8-7 8.00 171.00 179.00 OK
r-oldrel-windows-ix86+x86_64 0.8-7 10.00 151.00 161.00 OK

Check Details

Version: 0.8-7
Check: R code for possible problems
Result: NOTE
    Found the following assignments to the global environment:
    File ‘simecol/R/sEdit.R’:
     assign(subx, x, envir = .GlobalEnv)
     assign(subx, x, envir = .GlobalEnv)
     assign(subx, x, envir = .GlobalEnv)
Flavors: r-devel-linux-x86_64-debian-gcc, r-devel-linux-x86_64-fedora-clang, r-devel-osx-x86_64-clang, r-patched-linux-x86_64, r-release-linux-x86_64

Version: 0.8-7
Check: dependencies in R code
Result: NOTE
    Invalid MIT-MAGIC-COOKIE-1 key
Flavor: r-release-osx-x86_64-mavericks