CRAN Package Check Results for Package simecol

Last updated on 2016-07-24 11:47:40.

Flavor Version Tinstall Tcheck Ttotal Status Flags
r-devel-linux-x86_64-debian-clang 0.8-7 2.81 64.35 67.17 NOTE
r-devel-linux-x86_64-debian-gcc 0.8-7 2.46 58.42 60.88 NOTE
r-devel-linux-x86_64-fedora-clang 0.8-7 91.47 NOTE
r-devel-linux-x86_64-fedora-gcc 0.8-7 88.42 OK
r-devel-osx-x86_64-clang 0.8-7 75.46 NOTE
r-devel-windows-ix86+x86_64 0.8-7 9.00 131.00 140.00 OK
r-patched-linux-x86_64 0.8-7 2.50 55.93 58.43 NOTE
r-patched-solaris-sparc 0.8-7 524.70 OK
r-patched-solaris-x86 0.8-7 101.90 OK
r-release-linux-x86_64 0.8-7 2.40 59.26 61.66 NOTE
r-release-osx-x86_64-mavericks 0.8-7 NOTE
r-release-windows-ix86+x86_64 0.8-7 8.00 158.00 166.00 OK
r-oldrel-windows-ix86+x86_64 0.8-7 11.00 148.00 159.00 OK

Check Details

Version: 0.8-7
Check: R code for possible problems
Result: NOTE
    Found the following assignments to the global environment:
    File ‘simecol/R/sEdit.R’:
     assign(subx, x, envir = .GlobalEnv)
     assign(subx, x, envir = .GlobalEnv)
     assign(subx, x, envir = .GlobalEnv)
Flavors: r-devel-linux-x86_64-debian-clang, r-devel-linux-x86_64-debian-gcc, r-devel-linux-x86_64-fedora-clang, r-devel-osx-x86_64-clang, r-patched-linux-x86_64, r-release-linux-x86_64

Version: 0.8-7
Check: dependencies in R code
Result: NOTE
    Invalid MIT-MAGIC-COOKIE-1 key
Flavor: r-release-osx-x86_64-mavericks