CRAN Package Check Results for Package simest

Last updated on 2022-08-11 06:51:57 CEST.

Flavor Version Tinstall Tcheck Ttotal Status Flags
r-devel-linux-x86_64-debian-clang 0.4 12.78 90.82 103.60 NOTE
r-devel-linux-x86_64-debian-gcc 0.4 8.04 69.69 77.73 NOTE
r-devel-linux-x86_64-fedora-clang 0.4 132.68 NOTE
r-devel-linux-x86_64-fedora-gcc 0.4 133.18 NOTE
r-devel-windows-x86_64 0.4 21.00 112.00 133.00 NOTE
r-patched-linux-x86_64 0.4 15.54 86.72 102.26 NOTE
r-release-linux-x86_64 0.4 NOTE
r-release-macos-arm64 0.4 52.00 NOTE
r-release-macos-x86_64 0.4 52.00 NOTE
r-release-windows-x86_64 0.4 21.00 115.00 136.00 NOTE
r-oldrel-macos-arm64 0.4 44.00 NOTE
r-oldrel-macos-x86_64 0.4 78.00 NOTE
r-oldrel-windows-ix86+x86_64 0.4 30.00 144.00 174.00 NOTE

Check Details

Version: 0.4
Check: LazyData
Result: NOTE
     'LazyData' is specified without a 'data' directory
Flavors: r-devel-linux-x86_64-debian-clang, r-devel-linux-x86_64-debian-gcc, r-devel-linux-x86_64-fedora-clang, r-devel-linux-x86_64-fedora-gcc, r-devel-windows-x86_64, r-patched-linux-x86_64, r-release-linux-x86_64, r-release-macos-arm64, r-release-macos-x86_64, r-release-windows-x86_64, r-oldrel-macos-arm64, r-oldrel-macos-x86_64, r-oldrel-windows-ix86+x86_64