CRAN Package Check Results for Package simex

Last updated on 2015-07-31 15:47:46.

Flavor Version Tinstall Tcheck Ttotal Status Flags
r-devel-linux-x86_64-debian-clang 1.5 0.55 21.04 21.59 NOTE
r-devel-linux-x86_64-debian-gcc 1.5 0.76 20.93 21.70 NOTE
r-devel-linux-x86_64-fedora-clang 1.5 43.72 NOTE
r-devel-linux-x86_64-fedora-gcc 1.5 40.20 NOTE
r-devel-osx-x86_64-clang 1.5 37.55 NOTE
r-devel-windows-ix86+x86_64 1.5 4.00 37.00 41.00 NOTE
r-patched-linux-x86_64 1.5 0.57 21.53 22.10 NOTE
r-patched-solaris-sparc 1.5 261.60 NOTE
r-patched-solaris-x86 1.5 53.60 NOTE
r-release-linux-x86_64 1.5 0.76 20.63 21.38 NOTE
r-release-osx-x86_64-mavericks 1.5 NOTE
r-release-windows-ix86+x86_64 1.5 3.00 36.00 39.00 NOTE
r-oldrel-windows-ix86+x86_64 1.5 3.00 57.00 60.00 NOTE

Check Details

Version: 1.5
Check: DESCRIPTION meta-information
Result: NOTE
    Malformed Description field: should contain one or more complete sentences.
Flavors: r-devel-linux-x86_64-debian-clang, r-devel-linux-x86_64-debian-gcc, r-devel-linux-x86_64-fedora-clang, r-devel-linux-x86_64-fedora-gcc, r-devel-osx-x86_64-clang, r-devel-windows-ix86+x86_64, r-patched-linux-x86_64, r-patched-solaris-sparc, r-patched-solaris-x86, r-release-linux-x86_64, r-release-osx-x86_64-mavericks, r-release-windows-ix86+x86_64

Version: 1.5
Check: top-level files
Result: NOTE
    Non-standard file/directory found at top level:
     ‘simex-Ex.R’
Flavors: r-devel-linux-x86_64-debian-clang, r-devel-linux-x86_64-debian-gcc, r-devel-linux-x86_64-fedora-clang, r-devel-linux-x86_64-fedora-gcc, r-patched-linux-x86_64, r-release-linux-x86_64

Version: 1.5
Check: dependencies in R code
Result: NOTE
    There are ::: calls to the package's namespace in its code. A package
     almost never needs to use ::: for its own objects:
     ‘construct.s’ ‘extract.covmat’
Flavors: r-devel-linux-x86_64-debian-clang, r-devel-linux-x86_64-debian-gcc, r-devel-linux-x86_64-fedora-clang, r-devel-linux-x86_64-fedora-gcc, r-devel-osx-x86_64-clang, r-devel-windows-ix86+x86_64, r-patched-linux-x86_64, r-patched-solaris-sparc, r-patched-solaris-x86, r-release-linux-x86_64, r-release-osx-x86_64-mavericks, r-release-windows-ix86+x86_64, r-oldrel-windows-ix86+x86_64

Version: 1.5
Check: R code for possible problems
Result: NOTE
    .refit: no visible global function definition for ‘coef’
    .refit: no visible global function definition for ‘lm’
    .refit: no visible global function definition for ‘predict’
    construct.s: no visible global function definition for ‘coef’
    fit.logl: no visible global function definition for ‘lm’
    fit.logl: no visible global function definition for ‘coef’
    fit.logl: no visible global function definition for ‘nls’
    fit.nls: no visible global function definition for ‘lm’
    fit.nls: no visible global function definition for ‘predict’
    fit.nls: no visible global function definition for ‘nls’
    mcsimex: no visible global function definition for ‘coef’
    mcsimex: no visible global function definition for ‘residuals’
    mcsimex: no visible global function definition for ‘update’
    mcsimex: no visible global function definition for ‘cov’
    mcsimex: no visible global function definition for ‘lm’
    mcsimex: no visible global function definition for ‘predict’
    plot.mcsimex: no visible global function definition for ‘par’
    plot.mcsimex: no visible global function definition for ‘coef’
    plot.mcsimex: no visible global function definition for ‘predict’
    plot.mcsimex: no visible global function definition for ‘plot’
    plot.mcsimex: no visible global function definition for ‘points’
    plot.mcsimex: no visible global function definition for ‘lines’
    plot.simex: no visible global function definition for ‘par’
    plot.simex: no visible global function definition for ‘coef’
    plot.simex: no visible global function definition for ‘predict’
    plot.simex: no visible global function definition for ‘plot’
    plot.simex: no visible global function definition for ‘points’
    plot.simex: no visible global function definition for ‘lines’
    predict.mcsimex: no visible global function definition for ‘predict’
    predict.simex: no visible global function definition for ‘predict’
    print.mcsimex: no visible global function definition for ‘coef’
    print.simex: no visible global function definition for ‘coef’
    print.summary.mcsimex: no visible global function definition for
     ‘printCoefmat’
    print.summary.simex: no visible global function definition for
     ‘printCoefmat’
    simex: no visible global function definition for ‘coef’
    simex: no visible global function definition for ‘resid’
    simex: no visible global function definition for ‘rnorm’
    simex: no visible global function definition for ‘update’
    simex: no visible global function definition for ‘cov’
    simex: no visible global function definition for ‘lm’
    simex: no visible global function definition for ‘predict’
    summary.mcsimex: no visible global function definition for ‘coef’
    summary.mcsimex: no visible global function definition for ‘resid’
    summary.mcsimex: no visible global function definition for ‘pt’
    summary.simex: no visible global function definition for ‘coef’
    summary.simex: no visible global function definition for ‘resid’
    summary.simex: no visible global function definition for ‘pt’
    Undefined global functions or variables:
     coef cov lines lm nls par plot points predict printCoefmat pt resid
     residuals rnorm update
    Consider adding
     importFrom("graphics", "lines", "par", "plot", "points")
     importFrom("stats", "coef", "cov", "lm", "nls", "predict",
     "printCoefmat", "pt", "resid", "residuals", "rnorm",
     "update")
    to your NAMESPACE.
Flavors: r-devel-linux-x86_64-debian-clang, r-devel-linux-x86_64-debian-gcc, r-devel-linux-x86_64-fedora-clang, r-devel-linux-x86_64-fedora-gcc, r-devel-windows-ix86+x86_64

Version: 1.5
Check: Rd line widths
Result: NOTE
    Rd file 'simex-package.Rd':
     \examples lines wider than 100 characters:
     (mod_simex1 <- simex(mod_naiv1, SIMEXvariable = "x_het1", measurement.error = sd_me_het1, asymptotic = FALSE))
    
    Rd file 'simex.Rd':
     \examples lines wider than 100 characters:
     (mod_simex1 <- simex(mod_naiv1, SIMEXvariable = "x_het1", measurement.error = sd_me_het1, asymptotic = FALSE))
    
    These lines will be truncated in the PDF manual.
Flavors: r-devel-linux-x86_64-debian-clang, r-devel-linux-x86_64-debian-gcc, r-devel-linux-x86_64-fedora-clang, r-devel-linux-x86_64-fedora-gcc, r-patched-linux-x86_64, r-release-linux-x86_64