CRAN Package Check Results for Package simex

Last updated on 2014-09-20 03:48:53.

Flavor Version Tinstall Tcheck Ttotal Status Flags
r-devel-linux-x86_64-debian-clang 1.5 0.56 22.24 22.81 NOTE
r-devel-linux-x86_64-debian-gcc 1.5 0.55 23.11 23.66 NOTE
r-devel-linux-x86_64-fedora-clang 1.5 49.06 NOTE
r-devel-linux-x86_64-fedora-gcc 1.5 43.51 NOTE
r-devel-osx-x86_64-clang 1.5 43.30 NOTE
r-devel-windows-ix86+x86_64 1.5 2.00 32.00 34.00 NOTE
r-patched-linux-x86_64 1.5 0.58 26.58 27.16 NOTE
r-patched-solaris-sparc 1.5 291.00 NOTE
r-patched-solaris-x86 1.5 63.40 NOTE
r-release-linux-ix86 1.5 0.91 32.27 33.18 NOTE
r-release-linux-x86_64 1.5 0.60 25.78 26.38 NOTE
r-release-osx-x86_64-mavericks 1.5 NOTE
r-release-windows-ix86+x86_64 1.5 2.00 43.00 45.00 NOTE
r-oldrel-windows-ix86+x86_64 1.5 2.00 39.00 41.00 NOTE

Check Details

Version: 1.5
Check: top-level files
Result: NOTE
    Non-standard file/directory found at top level:
     ‘simex-Ex.R’
Flavors: r-devel-linux-x86_64-debian-clang, r-devel-linux-x86_64-debian-gcc, r-devel-linux-x86_64-fedora-clang, r-devel-linux-x86_64-fedora-gcc, r-patched-linux-x86_64, r-release-linux-x86_64

Version: 1.5
Check: dependencies in R code
Result: NOTE
    There are ::: calls to the package's namespace in its code. A package
     almost never needs to use ::: for its own objects:
     ‘construct.s’ ‘extract.covmat’
    See the information on DESCRIPTION files in the chapter ‘Creating R
    packages’ of the ‘Writing R Extensions’ manual.
Flavors: r-devel-linux-x86_64-debian-clang, r-devel-linux-x86_64-debian-gcc, r-devel-linux-x86_64-fedora-clang, r-devel-linux-x86_64-fedora-gcc, r-devel-osx-x86_64-clang, r-devel-windows-ix86+x86_64, r-patched-linux-x86_64, r-patched-solaris-sparc, r-patched-solaris-x86, r-release-linux-ix86, r-release-linux-x86_64, r-release-osx-x86_64-mavericks, r-release-windows-ix86+x86_64, r-oldrel-windows-ix86+x86_64

Version: 1.5
Check: Rd line widths
Result: NOTE
    Rd file 'simex-package.Rd':
     \examples lines wider than 100 characters:
     (mod_simex1 <- simex(mod_naiv1, SIMEXvariable = "x_het1", measurement.error = sd_me_het1, asymptotic = FALSE))
    
    Rd file 'simex.Rd':
     \examples lines wider than 100 characters:
     (mod_simex1 <- simex(mod_naiv1, SIMEXvariable = "x_het1", measurement.error = sd_me_het1, asymptotic = FALSE))
    
    These lines will be truncated in the PDF manual.
Flavors: r-devel-linux-x86_64-debian-clang, r-devel-linux-x86_64-debian-gcc, r-devel-linux-x86_64-fedora-clang, r-devel-linux-x86_64-fedora-gcc, r-patched-linux-x86_64, r-release-linux-x86_64