CRAN Package Check Results for Package simex

Last updated on 2014-04-20 17:47:05.

Flavor Version Tinstall Tcheck Ttotal Status Flags
r-devel-linux-x86_64-debian-clang 1.5 0.63 26.69 27.32 NOTE
r-devel-linux-x86_64-debian-gcc 1.5 0.63 26.96 27.59 NOTE
r-devel-linux-x86_64-fedora-clang 1.5 54.47 NOTE
r-devel-linux-x86_64-fedora-gcc 1.5 51.71 NOTE
r-devel-macosx-x86_64-clang 1.5 46.17 NOTE
r-devel-macosx-x86_64-gcc 1.5 NOTE
r-devel-windows-ix86+x86_64 1.5 2.00 41.00 43.00 NOTE
r-patched-linux-x86_64 1.5 0.68 26.20 26.87 NOTE
r-patched-solaris-sparc 1.5 287.80 NOTE
r-patched-solaris-x86 1.5 65.70 NOTE
r-release-linux-ix86 NOTE
r-release-linux-x86_64 1.5 0.63 25.66 26.29 NOTE
r-release-windows-ix86+x86_64 1.5 3.00 41.00 44.00 NOTE
r-oldrel-windows-ix86+x86_64 1.5 2.00 40.00 42.00 NOTE

Check Details

Version: 1.5
Check: dependencies in R code
Result: NOTE
    There are ::: calls to the package's namespace in its code. A package
     almost never needs to use ::: for its own objects:
     ‘construct.s’ ‘extract.covmat’
    See the information on DESCRIPTION files in the chapter ‘Creating R
    packages’ of the ‘Writing R Extensions’ manual.
Flavors: r-devel-linux-x86_64-debian-clang, r-devel-linux-x86_64-debian-gcc, r-devel-linux-x86_64-fedora-clang, r-devel-linux-x86_64-fedora-gcc, r-devel-macosx-x86_64-clang, r-devel-macosx-x86_64-gcc, r-devel-windows-ix86+x86_64, r-patched-linux-x86_64, r-patched-solaris-sparc, r-patched-solaris-x86, r-release-linux-ix86, r-release-linux-x86_64, r-release-windows-ix86+x86_64, r-oldrel-windows-ix86+x86_64

Version: 1.5
Check: top-level files
Result: NOTE
    Non-standard file/directory found at top level:
     ‘simex-Ex.R’
Flavors: r-devel-linux-x86_64-fedora-clang, r-devel-linux-x86_64-fedora-gcc

Version: 1.5
Check: Rd line widths
Result: NOTE
    Rd file 'simex-package.Rd':
     \examples lines wider than 100 characters:
     (mod_simex1 <- simex(mod_naiv1, SIMEXvariable = "x_het1", measurement.error = sd_me_het1, asymptotic = FALSE))
    
    Rd file 'simex.Rd':
     \examples lines wider than 100 characters:
     (mod_simex1 <- simex(mod_naiv1, SIMEXvariable = "x_het1", measurement.error = sd_me_het1, asymptotic = FALSE))
    
    These lines will be truncated in the PDF manual.
Flavors: r-devel-linux-x86_64-fedora-clang, r-devel-linux-x86_64-fedora-gcc