CRAN Package Check Results for Package simex

Last updated on 2015-05-28 23:47:58.

Flavor Version Tinstall Tcheck Ttotal Status Flags
r-devel-linux-x86_64-debian-clang 1.5 0.62 21.44 22.06 NOTE
r-devel-linux-x86_64-debian-gcc 1.5 0.57 21.52 22.10 NOTE
r-devel-linux-x86_64-fedora-clang 1.5 45.35 NOTE
r-devel-linux-x86_64-fedora-gcc 1.5 42.02 NOTE
r-devel-osx-x86_64-clang 1.5 42.35 NOTE
r-devel-windows-ix86+x86_64 1.5 2.00 39.00 41.00 NOTE
r-patched-linux-x86_64 1.5 0.57 20.90 21.47 NOTE
r-patched-solaris-sparc 1.5 274.70 NOTE
r-patched-solaris-x86 1.5 53.30 NOTE
r-release-linux-x86_64 1.5 0.78 21.10 21.88 NOTE
r-release-osx-x86_64-mavericks 1.5 NOTE
r-release-osx-x86_64-snowleopard 1.5 NOTE
r-release-windows-ix86+x86_64 1.5 2.00 35.00 37.00 NOTE
r-oldrel-windows-ix86+x86_64 1.5 2.00 35.00 37.00 NOTE

Check Details

Version: 1.5
Check: DESCRIPTION meta-information
Result: NOTE
    Malformed Description field: should contain one or more complete sentences.
Flavors: r-devel-linux-x86_64-debian-clang, r-devel-linux-x86_64-debian-gcc, r-devel-linux-x86_64-fedora-clang, r-devel-linux-x86_64-fedora-gcc, r-devel-osx-x86_64-clang, r-devel-windows-ix86+x86_64, r-patched-linux-x86_64, r-patched-solaris-sparc, r-patched-solaris-x86, r-release-linux-x86_64, r-release-osx-x86_64-mavericks, r-release-osx-x86_64-snowleopard, r-release-windows-ix86+x86_64

Version: 1.5
Check: top-level files
Result: NOTE
    Non-standard file/directory found at top level:
     ‘simex-Ex.R’
Flavors: r-devel-linux-x86_64-debian-clang, r-devel-linux-x86_64-debian-gcc, r-devel-linux-x86_64-fedora-clang, r-devel-linux-x86_64-fedora-gcc, r-patched-linux-x86_64, r-release-linux-x86_64

Version: 1.5
Check: dependencies in R code
Result: NOTE
    There are ::: calls to the package's namespace in its code. A package
     almost never needs to use ::: for its own objects:
     ‘construct.s’ ‘extract.covmat’
Flavors: r-devel-linux-x86_64-debian-clang, r-devel-linux-x86_64-debian-gcc, r-devel-linux-x86_64-fedora-clang, r-devel-linux-x86_64-fedora-gcc, r-devel-osx-x86_64-clang, r-devel-windows-ix86+x86_64, r-patched-linux-x86_64, r-patched-solaris-sparc, r-patched-solaris-x86, r-release-linux-x86_64, r-release-osx-x86_64-mavericks, r-release-osx-x86_64-snowleopard, r-release-windows-ix86+x86_64, r-oldrel-windows-ix86+x86_64

Version: 1.5
Check: Rd line widths
Result: NOTE
    Rd file 'simex-package.Rd':
     \examples lines wider than 100 characters:
     (mod_simex1 <- simex(mod_naiv1, SIMEXvariable = "x_het1", measurement.error = sd_me_het1, asymptotic = FALSE))
    
    Rd file 'simex.Rd':
     \examples lines wider than 100 characters:
     (mod_simex1 <- simex(mod_naiv1, SIMEXvariable = "x_het1", measurement.error = sd_me_het1, asymptotic = FALSE))
    
    These lines will be truncated in the PDF manual.
Flavors: r-devel-linux-x86_64-debian-clang, r-devel-linux-x86_64-debian-gcc, r-devel-linux-x86_64-fedora-clang, r-devel-linux-x86_64-fedora-gcc, r-patched-linux-x86_64, r-release-linux-x86_64