CRAN Package Check Results for Package simexaft

Last updated on 2015-07-30 09:47:44.

Flavor Version Tinstall Tcheck Ttotal Status Flags
r-devel-linux-x86_64-debian-clang 1.0.7 0.56 21.44 22.00 NOTE
r-devel-linux-x86_64-debian-gcc 1.0.7 0.58 21.72 22.30 NOTE
r-devel-linux-x86_64-fedora-clang 1.0.7 45.92 NOTE
r-devel-linux-x86_64-fedora-gcc 1.0.7 42.95 NOTE
r-devel-osx-x86_64-clang 1.0.7 38.19 NOTE
r-devel-windows-ix86+x86_64 1.0.7 2.00 38.00 40.00 NOTE
r-patched-linux-x86_64 1.0.7 0.59 22.24 22.83 NOTE
r-patched-solaris-sparc 1.0.7 281.40 NOTE
r-patched-solaris-x86 1.0.7 58.80 NOTE
r-release-linux-x86_64 1.0.7 0.58 22.08 22.66 NOTE
r-release-osx-x86_64-mavericks 1.0.7 OK
r-release-windows-ix86+x86_64 1.0.7 5.00 38.00 43.00 OK
r-oldrel-windows-ix86+x86_64 1.0.7 5.00 44.00 49.00 OK

Check Details

Version: 1.0.7
Check: S3 generic/method consistency
Result: NOTE
    Found the following apparent S3 methods exported but not registered:
     print.simexaft summary.simexaft
    See section ‘Registering S3 methods’ in the ‘Writing R Extensions’
    manual.
Flavors: r-devel-linux-x86_64-debian-clang, r-devel-linux-x86_64-debian-gcc, r-devel-linux-x86_64-fedora-clang, r-devel-linux-x86_64-fedora-gcc, r-devel-osx-x86_64-clang, r-patched-linux-x86_64, r-patched-solaris-sparc, r-patched-solaris-x86, r-release-linux-x86_64

Version: 1.0.7
Check: R code for possible problems
Result: NOTE
    linearextrapolation: no visible global function definition for ‘coef’
    linearextrapolation: no visible global function definition for ‘lm’
    plotsimexaft: no visible global function definition for ‘plot’
    plotsimexaft: no visible global function definition for ‘lm’
    plotsimexaft: no visible global function definition for ‘predict’
    plotsimexaft: no visible global function definition for ‘lines’
    plotsimexaft: no visible global function definition for ‘points’
    plotsimexaft: no visible global function definition for ‘legend’
    print.simexaft: no visible global function definition for ‘coef’
    quadraticextrapolation: no visible global function definition for
     ‘coef’
    quadraticextrapolation: no visible global function definition for ‘lm’
    simexaft: no visible global function definition for ‘terms’
    simexaft: no visible global function definition for ‘rnorm’
    simexaft: no visible binding for global variable ‘var’
    simexaft: no visible global function definition for ‘pnorm’
    Undefined global functions or variables:
     coef legend lines lm plot pnorm points predict rnorm terms var
    Consider adding
     importFrom("graphics", "legend", "lines", "plot", "points")
     importFrom("stats", "coef", "lm", "pnorm", "predict", "rnorm", "terms",
     "var")
    to your NAMESPACE.
Flavors: r-devel-linux-x86_64-debian-clang, r-devel-linux-x86_64-debian-gcc, r-devel-linux-x86_64-fedora-clang, r-devel-linux-x86_64-fedora-gcc, r-devel-windows-ix86+x86_64