CRAN Package Check Results for Package simexaft

Last updated on 2014-04-24 11:48:56.

Flavor Version Tinstall Tcheck Ttotal Status Flags
r-devel-linux-x86_64-debian-clang 1.0.7 0.72 24.65 25.36 OK
r-devel-linux-x86_64-debian-gcc 1.0.7 0.72 24.44 25.16 OK
r-devel-linux-x86_64-fedora-clang 1.0.7 52.36 OK
r-devel-linux-x86_64-fedora-gcc 1.0.7 50.66 OK
r-devel-osx-x86_64-clang 1.0.7 45.45 OK
r-devel-osx-x86_64-gcc 1.0.7 OK
r-devel-windows-ix86+x86_64 1.0.7 3.00 42.00 45.00 OK
r-patched-linux-x86_64 1.0.7 0.74 25.74 26.48 OK
r-patched-solaris-sparc 1.0.7 283.20 OK
r-patched-solaris-x86 1.0.7 62.40 OK
r-release-linux-ix86 1.0.7 1.00 43.00 44.00 OK
r-release-linux-x86_64 1.0.7 0.72 24.97 25.69 OK
r-release-osx-x86_64-mavericks 1.0.7 WARN
r-release-osx-x86_64-snowleopard 1.0.7 OK
r-release-windows-ix86+x86_64 1.0.7 5.00 36.00 41.00 OK
r-oldrel-windows-ix86+x86_64 1.0.7 3.00 37.00 40.00 OK

Check Details

Version: 1.0.7
Check: PDF version of manual
Result: WARNING
    LaTeX errors when creating PDF version.
    This typically indicates Rd problems.
    LaTeX errors found:
    ! LaTeX Error: File `upquote.sty' not found.
    
    Type X to quit or <RETURN> to proceed,
    or enter new name. (Default extension: sty)
    
    23a25ce3/Rd2.tex:8: ==> Fatal error occurred, no output PDF file produced!
Flavor: r-release-osx-x86_64-mavericks