CRAN Package Check Results for Package simexaft

Last updated on 2015-01-27 01:48:14.

Flavor Version Tinstall Tcheck Ttotal Status Flags
r-devel-linux-x86_64-debian-clang 1.0.7 0.62 22.59 23.21 OK
r-devel-linux-x86_64-debian-gcc 1.0.7 0.60 23.01 23.61 OK
r-devel-linux-x86_64-fedora-clang 1.0.7 49.37 NOTE
r-devel-linux-x86_64-fedora-gcc 1.0.7 46.77 NOTE
r-devel-osx-x86_64-clang 1.0.7 46.17 NOTE
r-devel-windows-ix86+x86_64 1.0.7 3.00 40.00 43.00 OK
r-patched-linux-x86_64 1.0.7 0.71 23.78 24.49 OK
r-patched-solaris-sparc 1.0.7 279.80 OK
r-patched-solaris-x86 1.0.7 62.20 OK
r-release-linux-ix86 1.0.7 1.03 31.13 32.16 OK
r-release-linux-x86_64 1.0.7 0.71 24.30 25.01 OK
r-release-osx-x86_64-mavericks 1.0.7 OK
r-release-osx-x86_64-snowleopard 1.0.7 OK
r-release-windows-ix86+x86_64 1.0.7 3.00 38.00 41.00 OK
r-oldrel-windows-ix86+x86_64 1.0.7 3.00 39.00 42.00 OK

Check Details

Version: 1.0.7
Check: S3 generic/method consistency
Result: NOTE
    Found the following apparent S3 methods exported but not registered:
     print.simexaft summary.simexaft
    See section ‘Registering S3 methods’ in the ‘Writing R Extensions’
    manual.
Flavors: r-devel-linux-x86_64-fedora-clang, r-devel-linux-x86_64-fedora-gcc, r-devel-osx-x86_64-clang