CRAN Package Check Results for Package simexaft

Last updated on 2015-05-30 06:47:02.

Flavor Version Tinstall Tcheck Ttotal Status Flags
r-devel-linux-x86_64-debian-clang 1.0.7 0.62 25.10 25.72 NOTE
r-devel-linux-x86_64-debian-gcc 1.0.7 0.58 20.82 21.40 NOTE
r-devel-linux-x86_64-fedora-clang 1.0.7 44.91 NOTE
r-devel-linux-x86_64-fedora-gcc 1.0.7 41.71 NOTE
r-devel-osx-x86_64-clang 1.0.7 43.52 NOTE
r-devel-windows-ix86+x86_64 1.0.7 3.00 37.00 40.00 OK
r-patched-linux-x86_64 1.0.7 0.62 20.97 21.59 NOTE
r-patched-solaris-sparc 1.0.7 268.80 NOTE
r-patched-solaris-x86 1.0.7 55.90 NOTE
r-release-linux-x86_64 1.0.7 0.59 21.22 21.82 NOTE
r-release-osx-x86_64-mavericks 1.0.7 OK
r-release-osx-x86_64-snowleopard 1.0.7 OK
r-release-windows-ix86+x86_64 1.0.7 2.00 43.00 45.00 OK
r-oldrel-windows-ix86+x86_64 1.0.7 4.00 45.00 49.00 OK

Check Details

Version: 1.0.7
Check: S3 generic/method consistency
Result: NOTE
    Found the following apparent S3 methods exported but not registered:
     print.simexaft summary.simexaft
    See section ‘Registering S3 methods’ in the ‘Writing R Extensions’
    manual.
Flavors: r-devel-linux-x86_64-debian-clang, r-devel-linux-x86_64-debian-gcc, r-devel-linux-x86_64-fedora-clang, r-devel-linux-x86_64-fedora-gcc, r-devel-osx-x86_64-clang, r-patched-linux-x86_64, r-patched-solaris-sparc, r-patched-solaris-x86, r-release-linux-x86_64