CRAN Package Check Results for Package simexaft

Last updated on 2016-06-29 03:47:37.

Flavor Version Tinstall Tcheck Ttotal Status Flags
r-devel-linux-x86_64-debian-gcc 1.0.7 2.79 42.51 45.30 NOTE
r-devel-linux-x86_64-fedora-clang 1.0.7 86.99 NOTE
r-devel-linux-x86_64-fedora-gcc 1.0.7 81.99 NOTE
r-devel-osx-x86_64-clang 1.0.7 68.25 NOTE
r-devel-windows-ix86+x86_64 1.0.7 6.00 101.00 107.00 NOTE
r-patched-linux-x86_64 1.0.7 2.68 42.46 45.14 NOTE
r-patched-solaris-sparc 1.0.7 523.40 NOTE
r-patched-solaris-x86 1.0.7 110.00 NOTE
r-release-linux-x86_64 1.0.7 2.76 39.53 42.29 NOTE
r-release-osx-x86_64-mavericks 1.0.7 NOTE
r-release-windows-ix86+x86_64 1.0.7 8.00 95.00 103.00 NOTE
r-oldrel-windows-ix86+x86_64 1.0.7 9.00 68.00 77.00 OK

Check Details

Version: 1.0.7
Check: S3 generic/method consistency
Result: NOTE
    Found the following apparent S3 methods exported but not registered:
     print.simexaft summary.simexaft
    See section ‘Registering S3 methods’ in the ‘Writing R Extensions’
    manual.
Flavors: r-devel-linux-x86_64-debian-gcc, r-devel-linux-x86_64-fedora-clang, r-devel-linux-x86_64-fedora-gcc, r-devel-osx-x86_64-clang, r-patched-linux-x86_64, r-patched-solaris-sparc, r-patched-solaris-x86, r-release-linux-x86_64

Version: 1.0.7
Check: R code for possible problems
Result: NOTE
    linearextrapolation: no visible global function definition for ‘coef’
    linearextrapolation: no visible global function definition for ‘lm’
    plotsimexaft: no visible global function definition for ‘plot’
    plotsimexaft: no visible global function definition for ‘lm’
    plotsimexaft: no visible global function definition for ‘predict’
    plotsimexaft: no visible global function definition for ‘lines’
    plotsimexaft: no visible global function definition for ‘points’
    plotsimexaft: no visible global function definition for ‘legend’
    print.simexaft: no visible global function definition for ‘coef’
    quadraticextrapolation: no visible global function definition for
     ‘coef’
    quadraticextrapolation: no visible global function definition for ‘lm’
    simexaft: no visible global function definition for ‘terms’
    simexaft: no visible global function definition for ‘rnorm’
    simexaft: no visible binding for global variable ‘var’
    simexaft: no visible global function definition for ‘pnorm’
    Undefined global functions or variables:
     coef legend lines lm plot pnorm points predict rnorm terms var
    Consider adding
     importFrom("graphics", "legend", "lines", "plot", "points")
     importFrom("stats", "coef", "lm", "pnorm", "predict", "rnorm", "terms",
     "var")
    to your NAMESPACE file.
Flavors: r-devel-linux-x86_64-debian-gcc, r-devel-linux-x86_64-fedora-clang, r-devel-linux-x86_64-fedora-gcc, r-devel-osx-x86_64-clang, r-devel-windows-ix86+x86_64, r-patched-linux-x86_64, r-patched-solaris-sparc, r-patched-solaris-x86, r-release-linux-x86_64, r-release-osx-x86_64-mavericks, r-release-windows-ix86+x86_64