CRAN Package Check Results for Package simexaft

Last updated on 2015-03-27 15:47:26.

Flavor Version Tinstall Tcheck Ttotal Status Flags
r-devel-linux-x86_64-debian-clang 1.0.7 0.78 21.42 22.21 NOTE
r-devel-linux-x86_64-debian-gcc 1.0.7 0.60 21.58 22.18 NOTE
r-devel-linux-x86_64-fedora-clang 1.0.7 44.85 NOTE
r-devel-linux-x86_64-fedora-gcc 1.0.7 45.58 NOTE
r-devel-osx-x86_64-clang 1.0.7 46.60 NOTE
r-prerel-windows-ix86+x86_64 1.0.7 3.00 35.00 38.00 OK
r-prerel-linux-x86_64 1.0.7 0.58 21.38 21.96 NOTE
r-prerel-solaris-sparc 1.0.7 276.90 OK
r-prerel-solaris-x86 1.0.7 57.40 OK
r-release-linux-x86_64 1.0.7 0.74 23.79 24.53 OK
r-release-osx-x86_64-mavericks 1.0.7 OK
r-release-osx-x86_64-snowleopard 1.0.7 OK
r-release-windows-ix86+x86_64 1.0.7 4.00 45.00 49.00 OK
r-oldrel-windows-ix86+x86_64 1.0.7 3.00 39.00 42.00 OK

Check Details

Version: 1.0.7
Check: S3 generic/method consistency
Result: NOTE
    Found the following apparent S3 methods exported but not registered:
     print.simexaft summary.simexaft
    See section ‘Registering S3 methods’ in the ‘Writing R Extensions’
    manual.
Flavors: r-devel-linux-x86_64-debian-clang, r-devel-linux-x86_64-debian-gcc, r-devel-linux-x86_64-fedora-clang, r-devel-linux-x86_64-fedora-gcc, r-devel-osx-x86_64-clang, r-prerel-linux-x86_64