CRAN Package Check Results for Package simitation

Last updated on 2024-06-24 11:56:47 CEST.

Flavor Version Tinstall Tcheck Ttotal Status Flags
r-devel-linux-x86_64-debian-clang 0.0.7 4.78 411.54 416.32 NOTE
r-devel-linux-x86_64-debian-gcc 0.0.7 3.66 285.15 288.81 NOTE
r-devel-linux-x86_64-fedora-clang 0.0.7 495.41 NOTE
r-devel-linux-x86_64-fedora-gcc 0.0.7 479.20 NOTE
r-devel-windows-x86_64 0.0.7 4.00 259.00 263.00 NOTE
r-patched-linux-x86_64 0.0.7 5.55 395.78 401.33 NOTE
r-release-linux-x86_64 0.0.7 4.08 390.22 394.30 NOTE
r-release-macos-arm64 0.0.7 108.00 NOTE
r-release-macos-x86_64 0.0.7 235.00 NOTE
r-release-windows-x86_64 0.0.7 5.00 255.00 260.00 NOTE
r-oldrel-macos-arm64 0.0.7 117.00 OK
r-oldrel-macos-x86_64 0.0.7 425.00 OK
r-oldrel-windows-x86_64 0.0.7 4.00 368.00 372.00 OK

Check Details

Version: 0.0.7
Check: Rd files
Result: NOTE checkRd: (-1) internal.statistics.one.lm.Rd:18: Lost braces in \itemize; \value handles \item{}{} directly checkRd: (-1) internal.statistics.one.lm.Rd:19: Lost braces in \itemize; \value handles \item{}{} directly checkRd: (-1) simstudy.logistic.Rd:64: Lost braces in \itemize; \value handles \item{}{} directly checkRd: (-1) simstudy.logistic.Rd:65: Lost braces in \itemize; \value handles \item{}{} directly checkRd: (-1) simstudy.logistic.Rd:66: Lost braces in \itemize; \value handles \item{}{} directly checkRd: (-1) simstudy.logistic.Rd:67: Lost braces in \itemize; \value handles \item{}{} directly checkRd: (-1) simstudy.prop.Rd:51: Lost braces in \itemize; \value handles \item{}{} directly checkRd: (-1) simstudy.prop.Rd:52: Lost braces in \itemize; \value handles \item{}{} directly checkRd: (-1) simstudy.prop.Rd:53: Lost braces in \itemize; \value handles \item{}{} directly checkRd: (-1) simstudy.prop2.Rd:66: Lost braces in \itemize; \value handles \item{}{} directly checkRd: (-1) simstudy.prop2.Rd:67: Lost braces in \itemize; \value handles \item{}{} directly checkRd: (-1) simstudy.prop2.Rd:68: Lost braces in \itemize; \value handles \item{}{} directly checkRd: (-1) simstudy.t.Rd:51: Lost braces in \itemize; \value handles \item{}{} directly checkRd: (-1) simstudy.t.Rd:52: Lost braces in \itemize; \value handles \item{}{} directly checkRd: (-1) simstudy.t.Rd:53: Lost braces in \itemize; \value handles \item{}{} directly checkRd: (-1) simstudy.t2.Rd:72: Lost braces in \itemize; \value handles \item{}{} directly checkRd: (-1) simstudy.t2.Rd:73: Lost braces in \itemize; \value handles \item{}{} directly checkRd: (-1) simstudy.t2.Rd:74: Lost braces in \itemize; \value handles \item{}{} directly Flavors: r-devel-linux-x86_64-debian-clang, r-devel-linux-x86_64-debian-gcc, r-devel-linux-x86_64-fedora-clang, r-devel-linux-x86_64-fedora-gcc, r-devel-windows-x86_64, r-patched-linux-x86_64, r-release-linux-x86_64, r-release-macos-arm64, r-release-macos-x86_64, r-release-windows-x86_64