CRAN Package Check Results for Package simmer

Last updated on 2022-10-05 09:53:08 CEST.

Flavor Version Tinstall Tcheck Ttotal Status Flags
r-devel-linux-x86_64-debian-clang 4.4.5 100.25 118.79 219.04 OK
r-devel-linux-x86_64-debian-gcc 4.4.5 99.53 88.03 187.56 OK
r-devel-linux-x86_64-fedora-clang 4.4.5 316.49 OK
r-devel-linux-x86_64-fedora-gcc 4.4.5 326.51 OK
r-devel-windows-x86_64 4.4.5 152.00 220.00 372.00 OK
r-patched-linux-x86_64 4.4.5 109.42 109.76 219.18 OK
r-release-linux-x86_64 4.4.5 107.21 111.91 219.12 OK
r-release-macos-arm64 4.4.5 119.00 WARN
r-release-macos-x86_64 4.4.5 196.00 WARN
r-release-windows-x86_64 4.4.5 192.00 219.00 411.00 OK
r-oldrel-macos-arm64 4.4.5 120.00 WARN
r-oldrel-macos-x86_64 4.4.5 158.00 WARN
r-oldrel-windows-ix86+x86_64 4.4.5 268.00 198.00 466.00 NOTE

Check Details

Version: 4.4.5
Check: installed package size
Result: NOTE
     installed size is 13.9Mb
     sub-directories of 1Mb or more:
     doc 1.7Mb
     libs 11.7Mb
Flavors: r-release-macos-arm64, r-release-macos-x86_64, r-oldrel-macos-arm64, r-oldrel-macos-x86_64, r-oldrel-windows-ix86+x86_64

Version: 4.4.5
Check: re-building of vignette outputs
Result: WARN
    Error(s) in re-building vignettes:
    --- re-building ‘simmer-01-introduction.Rmd’ using rmarkdown
    --- finished re-building ‘simmer-01-introduction.Rmd’
    
    --- re-building ‘simmer-02-jss.Rmd’ using rmarkdown
    Loading required package: ggplot2
    
    Attaching package: 'simmer.plot'
    
    The following objects are masked from 'package:simmer':
    
     get_mon_arrivals, get_mon_attributes, get_mon_resources
    
    Warning: Removed 16144 row(s) containing missing values (geom_path).
    Warning: Removed 16144 row(s) containing missing values (geom_path).
    ! LaTeX Error: File `orcidlink.sty' not found.
    
    ! Emergency stop.
    <read *>
    
    Error: processing vignette 'simmer-02-jss.Rmd' failed with diagnostics:
    LaTeX failed to compile /Volumes/Builds/packages/big-sur-arm64/results/4.2/simmer.Rcheck/vign_test/simmer/vignettes/simmer-02-jss.tex. See https://yihui.org/tinytex/r/#debugging for debugging tips. See simmer-02-jss.log for more info.
    --- failed re-building ‘simmer-02-jss.Rmd’
    
    --- re-building ‘simmer-03-trajectories.Rmd’ using rmarkdown
    --- finished re-building ‘simmer-03-trajectories.Rmd’
    
    --- re-building ‘simmer-04-bank-1.Rmd’ using rmarkdown
    --- finished re-building ‘simmer-04-bank-1.Rmd’
    
    --- re-building ‘simmer-04-bank-2.Rmd’ using rmarkdown
    --- finished re-building ‘simmer-04-bank-2.Rmd’
    
    --- re-building ‘simmer-05-simpy.Rmd’ using rmarkdown
    --- finished re-building ‘simmer-05-simpy.Rmd’
    
    --- re-building ‘simmer-06-queueing.Rmd’ using rmarkdown
    --- finished re-building ‘simmer-06-queueing.Rmd’
    
    --- re-building ‘simmer-07-ctmc.Rmd’ using rmarkdown
    --- finished re-building ‘simmer-07-ctmc.Rmd’
    
    --- re-building ‘simmer-08-philosophers.Rmd’ using rmarkdown
    --- finished re-building ‘simmer-08-philosophers.Rmd’
    
    --- re-building ‘simmer-aa-5G.Rmd’ using rmarkdown
    --- finished re-building ‘simmer-aa-5G.Rmd’
    
    SUMMARY: processing the following file failed:
     ‘simmer-02-jss.Rmd’
    
    Error: Vignette re-building failed.
    Execution halted
Flavor: r-release-macos-arm64

Version: 4.4.5
Check: re-building of vignette outputs
Result: WARN
    Error(s) in re-building vignettes:
    --- re-building ‘simmer-01-introduction.Rmd’ using rmarkdown
    --- finished re-building ‘simmer-01-introduction.Rmd’
    
    --- re-building ‘simmer-02-jss.Rmd’ using rmarkdown
    Loading required package: ggplot2
    
    Attaching package: 'simmer.plot'
    
    The following objects are masked from 'package:simmer':
    
     get_mon_arrivals, get_mon_attributes, get_mon_resources
    
    Warning: Removed 16144 row(s) containing missing values (geom_path).
    Warning: Removed 16144 row(s) containing missing values (geom_path).
    ! LaTeX Error: File `orcidlink.sty' not found.
    
    ! Emergency stop.
    <read *>
    
    Error: processing vignette 'simmer-02-jss.Rmd' failed with diagnostics:
    LaTeX failed to compile /Volumes/Builds/packages/high-sierra-x86_64/results/4.2/simmer.Rcheck/vign_test/simmer/vignettes/simmer-02-jss.tex. See https://yihui.org/tinytex/r/#debugging for debugging tips. See simmer-02-jss.log for more info.
    --- failed re-building ‘simmer-02-jss.Rmd’
    
    --- re-building ‘simmer-03-trajectories.Rmd’ using rmarkdown
    --- finished re-building ‘simmer-03-trajectories.Rmd’
    
    --- re-building ‘simmer-04-bank-1.Rmd’ using rmarkdown
    --- finished re-building ‘simmer-04-bank-1.Rmd’
    
    --- re-building ‘simmer-04-bank-2.Rmd’ using rmarkdown
    --- finished re-building ‘simmer-04-bank-2.Rmd’
    
    --- re-building ‘simmer-05-simpy.Rmd’ using rmarkdown
    --- finished re-building ‘simmer-05-simpy.Rmd’
    
    --- re-building ‘simmer-06-queueing.Rmd’ using rmarkdown
    --- finished re-building ‘simmer-06-queueing.Rmd’
    
    --- re-building ‘simmer-07-ctmc.Rmd’ using rmarkdown
    --- finished re-building ‘simmer-07-ctmc.Rmd’
    
    --- re-building ‘simmer-08-philosophers.Rmd’ using rmarkdown
    --- finished re-building ‘simmer-08-philosophers.Rmd’
    
    --- re-building ‘simmer-aa-5G.Rmd’ using rmarkdown
    --- finished re-building ‘simmer-aa-5G.Rmd’
    
    SUMMARY: processing the following file failed:
     ‘simmer-02-jss.Rmd’
    
    Error: Vignette re-building failed.
    Execution halted
Flavor: r-release-macos-x86_64

Version: 4.4.5
Check: re-building of vignette outputs
Result: WARN
    Error(s) in re-building vignettes:
    --- re-building ‘simmer-01-introduction.Rmd’ using rmarkdown
    --- finished re-building ‘simmer-01-introduction.Rmd’
    
    --- re-building ‘simmer-02-jss.Rmd’ using rmarkdown
    Loading required package: ggplot2
    
    Attaching package: 'simmer.plot'
    
    The following objects are masked from 'package:simmer':
    
     get_mon_arrivals, get_mon_attributes, get_mon_resources
    
    Warning: Removed 16144 row(s) containing missing values (geom_path).
    Warning: Removed 16144 row(s) containing missing values (geom_path).
    ! LaTeX Error: File `orcidlink.sty' not found.
    
    ! Emergency stop.
    <read *>
    
    Error: processing vignette 'simmer-02-jss.Rmd' failed with diagnostics:
    LaTeX failed to compile /Volumes/Builds/packages/big-sur-arm64/results/4.1/simmer.Rcheck/vign_test/simmer/vignettes/simmer-02-jss.tex. See https://yihui.org/tinytex/r/#debugging for debugging tips. See simmer-02-jss.log for more info.
    --- failed re-building ‘simmer-02-jss.Rmd’
    
    --- re-building ‘simmer-03-trajectories.Rmd’ using rmarkdown
    --- finished re-building ‘simmer-03-trajectories.Rmd’
    
    --- re-building ‘simmer-04-bank-1.Rmd’ using rmarkdown
    --- finished re-building ‘simmer-04-bank-1.Rmd’
    
    --- re-building ‘simmer-04-bank-2.Rmd’ using rmarkdown
    --- finished re-building ‘simmer-04-bank-2.Rmd’
    
    --- re-building ‘simmer-05-simpy.Rmd’ using rmarkdown
    --- finished re-building ‘simmer-05-simpy.Rmd’
    
    --- re-building ‘simmer-06-queueing.Rmd’ using rmarkdown
    Loading required package: ggplot2
    
    Attaching package: 'simmer.plot'
    
    The following objects are masked from 'package:simmer':
    
     get_mon_arrivals, get_mon_attributes, get_mon_resources
    
    --- finished re-building ‘simmer-06-queueing.Rmd’
    
    --- re-building ‘simmer-07-ctmc.Rmd’ using rmarkdown
    Loading required package: ggplot2
    
    Attaching package: 'simmer.plot'
    
    The following objects are masked from 'package:simmer':
    
     get_mon_arrivals, get_mon_attributes, get_mon_resources
    
    --- finished re-building ‘simmer-07-ctmc.Rmd’
    
    --- re-building ‘simmer-08-philosophers.Rmd’ using rmarkdown
    Loading required package: ggplot2
    
    Attaching package: 'simmer.plot'
    
    The following objects are masked from 'package:simmer':
    
     get_mon_arrivals, get_mon_attributes, get_mon_resources
    
    --- finished re-building ‘simmer-08-philosophers.Rmd’
    
    --- re-building ‘simmer-aa-5G.Rmd’ using rmarkdown
    --- finished re-building ‘simmer-aa-5G.Rmd’
    
    SUMMARY: processing the following file failed:
     ‘simmer-02-jss.Rmd’
    
    Error: Vignette re-building failed.
    Execution halted
Flavor: r-oldrel-macos-arm64

Version: 4.4.5
Check: re-building of vignette outputs
Result: WARN
    Error(s) in re-building vignettes:
    --- re-building ‘simmer-01-introduction.Rmd’ using rmarkdown
    --- finished re-building ‘simmer-01-introduction.Rmd’
    
    --- re-building ‘simmer-02-jss.Rmd’ using rmarkdown
    Loading required package: ggplot2
    
    Attaching package: 'simmer.plot'
    
    The following objects are masked from 'package:simmer':
    
     get_mon_arrivals, get_mon_attributes, get_mon_resources
    
    Warning: Removed 16144 row(s) containing missing values (geom_path).
    Warning: Removed 16144 row(s) containing missing values (geom_path).
    ! LaTeX Error: File `orcidlink.sty' not found.
    
    ! Emergency stop.
    <read *>
    
    Error: processing vignette 'simmer-02-jss.Rmd' failed with diagnostics:
    LaTeX failed to compile /Volumes/Builds/packages/high-sierra-x86_64/results/4.1/simmer.Rcheck/vign_test/simmer/vignettes/simmer-02-jss.tex. See https://yihui.org/tinytex/r/#debugging for debugging tips. See simmer-02-jss.log for more info.
    --- failed re-building ‘simmer-02-jss.Rmd’
    
    --- re-building ‘simmer-03-trajectories.Rmd’ using rmarkdown
    --- finished re-building ‘simmer-03-trajectories.Rmd’
    
    --- re-building ‘simmer-04-bank-1.Rmd’ using rmarkdown
    --- finished re-building ‘simmer-04-bank-1.Rmd’
    
    --- re-building ‘simmer-04-bank-2.Rmd’ using rmarkdown
    --- finished re-building ‘simmer-04-bank-2.Rmd’
    
    --- re-building ‘simmer-05-simpy.Rmd’ using rmarkdown
    --- finished re-building ‘simmer-05-simpy.Rmd’
    
    --- re-building ‘simmer-06-queueing.Rmd’ using rmarkdown
    Loading required package: ggplot2
    
    Attaching package: 'simmer.plot'
    
    The following objects are masked from 'package:simmer':
    
     get_mon_arrivals, get_mon_attributes, get_mon_resources
    
    --- finished re-building ‘simmer-06-queueing.Rmd’
    
    --- re-building ‘simmer-07-ctmc.Rmd’ using rmarkdown
    Loading required package: ggplot2
    
    Attaching package: 'simmer.plot'
    
    The following objects are masked from 'package:simmer':
    
     get_mon_arrivals, get_mon_attributes, get_mon_resources
    
    --- finished re-building ‘simmer-07-ctmc.Rmd’
    
    --- re-building ‘simmer-08-philosophers.Rmd’ using rmarkdown
    Loading required package: ggplot2
    
    Attaching package: 'simmer.plot'
    
    The following objects are masked from 'package:simmer':
    
     get_mon_arrivals, get_mon_attributes, get_mon_resources
    
    --- finished re-building ‘simmer-08-philosophers.Rmd’
    
    --- re-building ‘simmer-aa-5G.Rmd’ using rmarkdown
    --- finished re-building ‘simmer-aa-5G.Rmd’
    
    SUMMARY: processing the following file failed:
     ‘simmer-02-jss.Rmd’
    
    Error: Vignette re-building failed.
    Execution halted
Flavor: r-oldrel-macos-x86_64