CRAN Package Check Results for Package simodels

Last updated on 2022-08-08 05:50:38 CEST.

Flavor Version Tinstall Tcheck Ttotal Status Flags
r-devel-linux-x86_64-debian-clang 0.0.4 3.08 90.18 93.26 OK
r-devel-linux-x86_64-debian-gcc 0.0.4 2.98 68.53 71.51 OK
r-devel-linux-x86_64-fedora-clang 0.0.4 119.93 NOTE
r-devel-linux-x86_64-fedora-gcc 0.0.4 120.09 NOTE
r-devel-windows-x86_64 0.0.4 20.00 131.00 151.00 OK
r-patched-linux-x86_64 0.0.4 3.91 87.15 91.06 OK
r-release-linux-x86_64 0.0.4 OK
r-release-macos-arm64 0.0.4 42.00 NOTE
r-release-macos-x86_64 0.0.4 56.00 NOTE
r-release-windows-x86_64 0.0.4 20.00 130.00 150.00 OK
r-oldrel-macos-arm64 0.0.4 40.00 NOTE
r-oldrel-macos-x86_64 0.0.4 55.00 NOTE
r-oldrel-windows-ix86+x86_64 0.0.4 10.00 122.00 132.00 OK

Check Details

Version: 0.0.4
Check: data for non-ASCII characters
Result: NOTE
     Note: found 1 marked UTF-8 string
Flavors: r-devel-linux-x86_64-fedora-clang, r-devel-linux-x86_64-fedora-gcc, r-release-macos-arm64, r-release-macos-x86_64, r-oldrel-macos-arm64, r-oldrel-macos-x86_64