CRAN Package Check Results for Package simpleboot

Last updated on 2017-02-25 11:48:50.

Flavor Version Tinstall Tcheck Ttotal Status Flags
r-devel-linux-x86_64-debian-clang 1.1-3 0.74 37.34 38.07 NOTE
r-devel-linux-x86_64-debian-gcc 1.1-3 0.68 35.51 36.19 NOTE
r-devel-linux-x86_64-fedora-clang 1.1-3 66.70 NOTE --no-stop-on-test-error
r-devel-linux-x86_64-fedora-gcc 1.1-3 69.35 NOTE --no-stop-on-test-error
r-devel-macos-x86_64-clang 1.1-3 53.04 NOTE --no-stop-on-test-error
r-devel-windows-ix86+x86_64 1.1-3 6.00 86.00 92.00 NOTE
r-patched-linux-x86_64 1.1-3 0.66 32.45 33.12 NOTE
r-patched-solaris-sparc 1.1-3 378.60 NOTE
r-patched-solaris-x86 1.1-3 76.10 NOTE
r-release-linux-x86_64 1.1-3 0.61 31.14 31.76 NOTE
r-release-osx-x86_64-mavericks 1.1-3 NOTE
r-release-windows-ix86+x86_64 1.1-3 5.00 137.00 142.00 NOTE
r-oldrel-windows-ix86+x86_64 1.1-3 7.00 109.00 116.00 NOTE

Check Details

Version: 1.1-3
Check: DESCRIPTION meta-information
Result: NOTE
    Malformed Description field: should contain one or more complete sentences.
Flavors: r-devel-linux-x86_64-debian-clang, r-devel-linux-x86_64-debian-gcc, r-devel-windows-ix86+x86_64, r-patched-linux-x86_64, r-patched-solaris-sparc, r-patched-solaris-x86, r-release-linux-x86_64, r-release-osx-x86_64-mavericks, r-release-windows-ix86+x86_64, r-oldrel-windows-ix86+x86_64

Version: 1.1-3
Check: dependencies in R code
Result: NOTE
    'library' or 'require' call to ‘boot’ which was already attached by Depends.
     Please remove these calls from your code.
    Package in Depends field not imported from: ‘boot’
     These packages need to be imported from (in the NAMESPACE file)
     for when this namespace is loaded but not attached.
Flavors: r-devel-linux-x86_64-debian-clang, r-devel-linux-x86_64-debian-gcc, r-devel-windows-ix86+x86_64, r-patched-linux-x86_64, r-patched-solaris-sparc, r-patched-solaris-x86, r-release-linux-x86_64, r-release-osx-x86_64-mavericks, r-release-windows-ix86+x86_64, r-oldrel-windows-ix86+x86_64

Version: 1.1-3
Check: S3 generic/method consistency
Result: NOTE
    Found the following apparent S3 methods exported but not registered:
     pairs.boot
    See section ‘Registering S3 methods’ in the ‘Writing R Extensions’
    manual.
Flavors: r-devel-linux-x86_64-debian-clang, r-devel-linux-x86_64-debian-gcc, r-patched-linux-x86_64, r-patched-solaris-sparc, r-patched-solaris-x86, r-release-linux-x86_64

Version: 1.1-3
Check: R code for possible problems
Result: NOTE
    File ‘simpleboot/R/zzz.R’:
     .onLoad calls:
     require(boot)
    
    Package startup functions should not change the search path.
    See section ‘Good practice’ in '?.onAttach'.
    
    lo.boot.resample: warning in sample(1:nrow(orig.data), rep = TRUE, prob
     = weights): partial argument match of ‘rep’ to ‘replace’
    lo.boot.resample: warning in sample(res, rep = TRUE, prob = weights):
     partial argument match of ‘rep’ to ‘replace’
Flavors: r-devel-linux-x86_64-debian-clang, r-devel-linux-x86_64-debian-gcc, r-devel-windows-ix86+x86_64, r-patched-linux-x86_64, r-patched-solaris-sparc, r-patched-solaris-x86, r-release-linux-x86_64, r-release-osx-x86_64-mavericks, r-release-windows-ix86+x86_64, r-oldrel-windows-ix86+x86_64

Version: 1.1-3
Check: Rd \usage sections
Result: NOTE
    S3 methods shown with full name in documentation object 'pairs.boot':
     ‘pairs.boot’
    
    The \usage entries for S3 methods should use the \method markup and not
    their full name.
    See chapter ‘Writing R documentation files’ in the ‘Writing R
    Extensions’ manual.
Flavors: r-devel-linux-x86_64-debian-clang, r-devel-linux-x86_64-debian-gcc, r-devel-windows-ix86+x86_64, r-patched-linux-x86_64, r-patched-solaris-sparc, r-patched-solaris-x86, r-release-linux-x86_64, r-release-osx-x86_64-mavericks, r-release-windows-ix86+x86_64, r-oldrel-windows-ix86+x86_64

Version: 1.1-3
Flags: --no-stop-on-test-error
Check: DESCRIPTION meta-information
Result: NOTE
    Malformed Description field: should contain one or more complete sentences.
Flavors: r-devel-linux-x86_64-fedora-clang, r-devel-linux-x86_64-fedora-gcc, r-devel-macos-x86_64-clang

Version: 1.1-3
Flags: --no-stop-on-test-error
Check: dependencies in R code
Result: NOTE
    'library' or 'require' call to ‘boot’ which was already attached by Depends.
     Please remove these calls from your code.
    Package in Depends field not imported from: ‘boot’
     These packages need to be imported from (in the NAMESPACE file)
     for when this namespace is loaded but not attached.
Flavors: r-devel-linux-x86_64-fedora-clang, r-devel-linux-x86_64-fedora-gcc, r-devel-macos-x86_64-clang

Version: 1.1-3
Flags: --no-stop-on-test-error
Check: S3 generic/method consistency
Result: NOTE
    Found the following apparent S3 methods exported but not registered:
     pairs.boot
    See section ‘Registering S3 methods’ in the ‘Writing R Extensions’
    manual.
Flavors: r-devel-linux-x86_64-fedora-clang, r-devel-linux-x86_64-fedora-gcc, r-devel-macos-x86_64-clang

Version: 1.1-3
Flags: --no-stop-on-test-error
Check: R code for possible problems
Result: NOTE
    File ‘simpleboot/R/zzz.R’:
     .onLoad calls:
     require(boot)
    
    Package startup functions should not change the search path.
    See section ‘Good practice’ in '?.onAttach'.
    
    lo.boot.resample: warning in sample(1:nrow(orig.data), rep = TRUE, prob
     = weights): partial argument match of 'rep' to 'replace'
    lo.boot.resample: warning in sample(res, rep = TRUE, prob = weights):
     partial argument match of 'rep' to 'replace'
Flavors: r-devel-linux-x86_64-fedora-clang, r-devel-linux-x86_64-fedora-gcc, r-devel-macos-x86_64-clang

Version: 1.1-3
Flags: --no-stop-on-test-error
Check: Rd \usage sections
Result: NOTE
    S3 methods shown with full name in documentation object 'pairs.boot':
     ‘pairs.boot’
    
    The \usage entries for S3 methods should use the \method markup and not
    their full name.
    See chapter ‘Writing R documentation files’ in the ‘Writing R
    Extensions’ manual.
Flavors: r-devel-linux-x86_64-fedora-clang, r-devel-linux-x86_64-fedora-gcc, r-devel-macos-x86_64-clang