CRAN Package Check Results for Package simpleboot

Last updated on 2015-04-21 11:53:11.

Flavor Version Tinstall Tcheck Ttotal Status Flags
r-devel-linux-x86_64-debian-clang 1.1-3 0.61 34.15 34.76 NOTE
r-devel-linux-x86_64-debian-gcc 1.1-3 0.81 34.14 34.95 NOTE
r-devel-linux-x86_64-fedora-clang 1.1-3 68.49 NOTE
r-devel-linux-x86_64-fedora-gcc 1.1-3 62.11 NOTE
r-devel-osx-x86_64-clang 1.1-3 62.12 NOTE
r-devel-windows-ix86+x86_64 1.1-3 3.00 48.00 51.00 NOTE
r-patched-linux-x86_64 1.1-3 0.61 32.24 32.85 NOTE
r-patched-solaris-sparc 1.1-3 419.00 NOTE
r-patched-solaris-x86 1.1-3 76.30 NOTE
r-release-linux-x86_64 1.1-3 0.70 30.78 31.48 NOTE
r-release-osx-x86_64-mavericks 1.1-3 NOTE
r-release-osx-x86_64-snowleopard 1.1-3 NOTE
r-release-windows-ix86+x86_64 1.1-3 2.00 48.00 50.00 NOTE
r-oldrel-windows-ix86+x86_64 1.1-3 2.00 68.00 70.00 NOTE

Check Details

Version: 1.1-3
Check: DESCRIPTION meta-information
Result: NOTE
    Malformed Description field: should contain one or more complete sentences.
Flavors: r-devel-linux-x86_64-debian-clang, r-devel-linux-x86_64-debian-gcc, r-devel-linux-x86_64-fedora-clang, r-devel-linux-x86_64-fedora-gcc, r-devel-osx-x86_64-clang, r-devel-windows-ix86+x86_64, r-patched-linux-x86_64, r-patched-solaris-sparc, r-patched-solaris-x86, r-release-linux-x86_64, r-release-osx-x86_64-mavericks, r-release-osx-x86_64-snowleopard, r-release-windows-ix86+x86_64

Version: 1.1-3
Check: dependencies in R code
Result: NOTE
    'library' or 'require' call to ‘boot’ which was already attached by Depends.
     Please remove these calls from your code.
    Package in Depends field not imported from: ‘boot’
     These packages need to be imported from (in the NAMESPACE file)
     for when this namespace is loaded but not attached.
Flavors: r-devel-linux-x86_64-debian-clang, r-devel-linux-x86_64-debian-gcc, r-devel-linux-x86_64-fedora-clang, r-devel-linux-x86_64-fedora-gcc, r-devel-osx-x86_64-clang, r-devel-windows-ix86+x86_64, r-patched-linux-x86_64, r-patched-solaris-sparc, r-patched-solaris-x86, r-release-linux-x86_64, r-release-osx-x86_64-mavericks, r-release-osx-x86_64-snowleopard, r-release-windows-ix86+x86_64, r-oldrel-windows-ix86+x86_64

Version: 1.1-3
Check: S3 generic/method consistency
Result: NOTE
    Found the following apparent S3 methods exported but not registered:
     pairs.boot
    See section ‘Registering S3 methods’ in the ‘Writing R Extensions’
    manual.
Flavors: r-devel-linux-x86_64-debian-clang, r-devel-linux-x86_64-debian-gcc, r-devel-linux-x86_64-fedora-clang, r-devel-linux-x86_64-fedora-gcc, r-devel-osx-x86_64-clang, r-patched-linux-x86_64, r-release-linux-x86_64

Version: 1.1-3
Check: R code for possible problems
Result: NOTE
    File ‘simpleboot/R/zzz.R’:
     .onLoad calls:
     require(boot)
    
    Package startup functions should not change the search path.
    See section ‘Good practice’ in '?.onAttach'.
    
    lo.boot.resample: warning in sample(1:nrow(orig.data), rep = TRUE, prob
     = weights): partial argument match of ‘rep’ to ‘replace’
    lo.boot.resample: warning in sample(res, rep = TRUE, prob = weights):
     partial argument match of ‘rep’ to ‘replace’
Flavors: r-devel-linux-x86_64-debian-clang, r-devel-linux-x86_64-debian-gcc, r-devel-linux-x86_64-fedora-clang, r-devel-linux-x86_64-fedora-gcc, r-devel-osx-x86_64-clang, r-devel-windows-ix86+x86_64, r-patched-linux-x86_64, r-patched-solaris-sparc, r-patched-solaris-x86, r-release-linux-x86_64, r-release-osx-x86_64-mavericks, r-release-osx-x86_64-snowleopard, r-release-windows-ix86+x86_64, r-oldrel-windows-ix86+x86_64

Version: 1.1-3
Check: Rd \usage sections
Result: NOTE
    S3 methods shown with full name in documentation object 'pairs.boot':
     ‘pairs.boot’
    
    The \usage entries for S3 methods should use the \method markup and not
    their full name.
    See chapter ‘Writing R documentation files’ in the ‘Writing R
    Extensions’ manual.
Flavors: r-devel-linux-x86_64-debian-clang, r-devel-linux-x86_64-debian-gcc, r-devel-linux-x86_64-fedora-clang, r-devel-linux-x86_64-fedora-gcc, r-devel-osx-x86_64-clang, r-devel-windows-ix86+x86_64, r-patched-linux-x86_64, r-patched-solaris-sparc, r-patched-solaris-x86, r-release-linux-x86_64, r-release-osx-x86_64-mavericks, r-release-osx-x86_64-snowleopard, r-release-windows-ix86+x86_64, r-oldrel-windows-ix86+x86_64