CRAN Package Check Results for Package simpleboot

Last updated on 2014-11-29 03:52:04.

Flavor Version Tinstall Tcheck Ttotal Status Flags
r-devel-linux-x86_64-debian-clang 1.1-3 0.66 33.36 34.01 NOTE
r-devel-linux-x86_64-debian-gcc 1.1-3 0.70 33.27 33.97 NOTE
r-devel-linux-x86_64-fedora-clang 1.1-3 73.24 NOTE
r-devel-linux-x86_64-fedora-gcc 1.1-3 70.38 NOTE
r-devel-osx-x86_64-clang 1.1-3 67.34 NOTE
r-devel-windows-ix86+x86_64 1.1-3 3.00 52.00 55.00 NOTE
r-patched-linux-x86_64 1.1-3 0.67 36.08 36.75 NOTE
r-patched-solaris-sparc 1.1-3 423.30 NOTE
r-patched-solaris-x86 1.1-3 85.50 NOTE
r-release-linux-ix86 1.1-3 0.97 45.62 46.58 NOTE
r-release-linux-x86_64 1.1-3 0.73 35.79 36.52 NOTE
r-release-osx-x86_64-mavericks 1.1-3 NOTE
r-release-osx-x86_64-snowleopard 1.1-3 NOTE
r-release-windows-ix86+x86_64 1.1-3 3.00 58.00 61.00 NOTE
r-oldrel-windows-ix86+x86_64 1.1-3 3.00 54.00 57.00 NOTE

Check Details

Version: 1.1-3
Check: dependencies in R code
Result: NOTE
    'library' or 'require' call to ‘boot’ which was already attached by Depends.
     Please remove these calls from your code.
    Package in Depends field not imported from: ‘boot’
     These packages need to be imported from (in the NAMESPACE file)
     for when this namespace is loaded but not attached.
    See the information on DESCRIPTION files in the chapter ‘Creating R
    packages’ of the ‘Writing R Extensions’ manual.
Flavors: r-devel-linux-x86_64-debian-clang, r-devel-linux-x86_64-debian-gcc, r-devel-linux-x86_64-fedora-clang, r-devel-linux-x86_64-fedora-gcc, r-devel-osx-x86_64-clang, r-devel-windows-ix86+x86_64, r-patched-linux-x86_64, r-patched-solaris-sparc, r-patched-solaris-x86, r-release-linux-ix86, r-release-linux-x86_64, r-release-osx-x86_64-mavericks, r-release-windows-ix86+x86_64, r-oldrel-windows-ix86+x86_64

Version: 1.1-3
Check: R code for possible problems
Result: NOTE
    File ‘simpleboot/R/zzz.R’:
     .onLoad calls:
     require(boot)
    
    Package startup functions should not change the search path.
    See section ‘Good practice’ in '?.onAttach'.
    
    lo.boot.resample: warning in sample(1:nrow(orig.data), rep = TRUE, prob
     = weights): partial argument match of ‘rep’ to ‘replace’
    lo.boot.resample: warning in sample(res, rep = TRUE, prob = weights):
     partial argument match of ‘rep’ to ‘replace’
Flavors: r-devel-linux-x86_64-debian-clang, r-devel-linux-x86_64-debian-gcc, r-devel-linux-x86_64-fedora-clang, r-devel-linux-x86_64-fedora-gcc, r-devel-osx-x86_64-clang, r-devel-windows-ix86+x86_64, r-patched-linux-x86_64, r-patched-solaris-sparc, r-patched-solaris-x86, r-release-linux-ix86, r-release-linux-x86_64, r-release-osx-x86_64-mavericks, r-release-osx-x86_64-snowleopard, r-release-windows-ix86+x86_64, r-oldrel-windows-ix86+x86_64

Version: 1.1-3
Check: Rd \usage sections
Result: NOTE
    S3 methods shown with full name in documentation object 'pairs.boot':
     ‘pairs.boot’
    
    The \usage entries for S3 methods should use the \method markup and not
    their full name.
    See the chapter ‘Writing R documentation files’ in the ‘Writing R
    Extensions’ manual.
Flavors: r-devel-linux-x86_64-debian-clang, r-devel-linux-x86_64-debian-gcc, r-devel-linux-x86_64-fedora-clang, r-devel-linux-x86_64-fedora-gcc, r-devel-osx-x86_64-clang, r-devel-windows-ix86+x86_64, r-patched-linux-x86_64, r-patched-solaris-sparc, r-patched-solaris-x86, r-release-linux-ix86, r-release-linux-x86_64, r-release-osx-x86_64-mavericks, r-release-osx-x86_64-snowleopard, r-release-windows-ix86+x86_64, r-oldrel-windows-ix86+x86_64

Version: 1.1-3
Check: dependencies in R code
Result: NOTE
    'library' or 'require' call to 'boot' which was already attached by Depends.
     Please remove these calls from your code.
    Package in Depends field not imported from: 'boot'
     These packages need to be imported from for the case when
     this namespace is loaded but not attached.
    See the information on DESCRIPTION files in the chapter 'Creating R
    packages' of the 'Writing R Extensions' manual.
Flavor: r-release-osx-x86_64-snowleopard