CRAN Package Check Results for Package simplegraphdb

Last updated on 2023-09-22 12:56:40 CEST.

Flavor Version Tinstall Tcheck Ttotal Status Flags
r-devel-linux-x86_64-debian-clang 2021.03.10 4.04 43.84 47.88 NOTE
r-devel-linux-x86_64-debian-gcc 2021.03.10 3.80 34.29 38.09 NOTE
r-devel-linux-x86_64-fedora-clang 2021.03.10 60.08 NOTE
r-devel-linux-x86_64-fedora-gcc 2021.03.10 58.51 NOTE
r-devel-windows-x86_64 2021.03.10 6.00 57.00 63.00 NOTE
r-patched-linux-x86_64 2021.03.10 4.70 42.50 47.20 NOTE
r-release-linux-x86_64 2021.03.10 4.67 41.86 46.53 NOTE
r-release-macos-arm64 2021.03.10 28.00 NOTE
r-release-macos-x86_64 2021.03.10 33.00 NOTE
r-release-windows-x86_64 2021.03.10 7.00 58.00 65.00 NOTE
r-oldrel-macos-arm64 2021.03.10 23.00 NOTE
r-oldrel-macos-x86_64 2021.03.10 32.00 NOTE
r-oldrel-windows-x86_64 2021.03.10 7.00 62.00 69.00 NOTE

Check Details

Version: 2021.03.10
Check: LazyData
Result: NOTE
     'LazyData' is specified without a 'data' directory
Flavors: r-devel-linux-x86_64-debian-clang, r-devel-linux-x86_64-debian-gcc, r-devel-linux-x86_64-fedora-clang, r-devel-linux-x86_64-fedora-gcc, r-devel-windows-x86_64, r-patched-linux-x86_64, r-release-linux-x86_64, r-release-macos-arm64, r-release-macos-x86_64, r-release-windows-x86_64, r-oldrel-macos-arm64, r-oldrel-macos-x86_64, r-oldrel-windows-x86_64

Version: 2021.03.10
Check: dependencies in R code
Result: NOTE
    Namespace in Imports field not imported from: ‘DBI’
     All declared Imports should be used.
Flavors: r-devel-linux-x86_64-fedora-clang, r-devel-linux-x86_64-fedora-gcc, r-oldrel-macos-arm64, r-oldrel-macos-x86_64