CRAN Package Check Results for Package simputation

Last updated on 2020-10-01 03:48:53 CEST.

Flavor Version Tinstall Tcheck Ttotal Status Flags
r-devel-linux-x86_64-debian-clang 0.2.4 4.16 41.05 45.21 OK
r-devel-linux-x86_64-debian-gcc 0.2.4 0.31 2.22 2.53 ERROR
r-devel-linux-x86_64-fedora-clang 0.2.4 64.30 OK
r-devel-linux-x86_64-fedora-gcc 0.2.4 62.38 OK
r-devel-windows-ix86+x86_64 0.2.4 11.00 59.00 70.00 OK
r-patched-linux-x86_64 0.2.4 3.50 38.12 41.62 OK
r-patched-solaris-x86 0.2.4 76.90 OK
r-release-linux-x86_64 0.2.4 4.05 38.15 42.20 OK
r-release-macos-x86_64 0.2.4 OK
r-release-windows-ix86+x86_64 0.2.4 18.00 75.00 93.00 OK
r-oldrel-macos-x86_64 0.2.4 OK
r-oldrel-windows-ix86+x86_64 0.2.4 9.00 71.00 80.00 OK

Check Details

Version: 0.2.4
Check: whether package can be installed
Result: ERROR
    Installation failed.
Flavor: r-devel-linux-x86_64-debian-gcc