CRAN Package Check Results for Package simrec

Last updated on 2022-12-07 18:50:34 CET.

Flavor Version Tinstall Tcheck Ttotal Status Flags
r-devel-linux-x86_64-debian-clang 1.0.0 3.68 32.93 36.61 NOTE
r-devel-linux-x86_64-debian-gcc 1.0.0 2.81 25.73 28.54 NOTE
r-devel-linux-x86_64-fedora-clang 1.0.0 56.56 NOTE
r-devel-linux-x86_64-fedora-gcc 1.0.0 66.09 NOTE
r-devel-windows-x86_64 1.0.0 15.00 66.00 81.00 NOTE
r-patched-linux-x86_64 1.0.0 2.83 30.30 33.13 NOTE
r-release-linux-x86_64 1.0.0 3.63 30.94 34.57 NOTE
r-release-macos-arm64 1.0.0 17.00 NOTE
r-release-macos-x86_64 1.0.0 24.00 NOTE
r-release-windows-x86_64 1.0.0 14.00 66.00 80.00 NOTE
r-oldrel-macos-arm64 1.0.0 59.00 NOTE
r-oldrel-macos-x86_64 1.0.0 26.00 NOTE
r-oldrel-windows-ix86+x86_64 1.0.0 7.00 56.00 63.00 NOTE

Check Details

Version: 1.0.0
Check: LazyData
Result: NOTE
     'LazyData' is specified without a 'data' directory
Flavors: r-devel-linux-x86_64-debian-clang, r-devel-linux-x86_64-debian-gcc, r-devel-linux-x86_64-fedora-clang, r-devel-linux-x86_64-fedora-gcc, r-devel-windows-x86_64, r-patched-linux-x86_64, r-release-linux-x86_64, r-release-macos-arm64, r-release-macos-x86_64, r-release-windows-x86_64, r-oldrel-macos-arm64, r-oldrel-macos-x86_64, r-oldrel-windows-ix86+x86_64