CRAN Package Check Results for Package simrel

Last updated on 2017-10-23 20:48:08.

Flavor Version Tinstall Tcheck Ttotal Status Flags
r-devel-linux-x86_64-debian-clang 1.0-1 1.27 22.62 23.90 NOTE
r-devel-linux-x86_64-debian-gcc 1.0-1 1.35 23.41 24.76 NOTE
r-devel-linux-x86_64-fedora-clang 1.0-1 41.11 NOTE
r-devel-linux-x86_64-fedora-gcc 1.0-1 40.55 NOTE
r-devel-windows-ix86+x86_64 1.0-1 6.00 43.00 49.00 NOTE
r-patched-linux-x86_64 1.0-1 1.31 21.93 23.24 NOTE
r-patched-solaris-x86 1.0-1 59.60 NOTE
r-release-linux-x86_64 1.0-1 1.28 22.23 23.51 NOTE
r-release-windows-ix86+x86_64 1.0-1 7.00 46.00 53.00 NOTE
r-release-osx-x86_64 1.0-1 NOTE
r-oldrel-windows-ix86+x86_64 1.0-1 4.00 39.00 43.00 NOTE
r-oldrel-osx-x86_64 1.0-1 NOTE

Check Details

Version: 1.0-1
Check: R code for possible problems
Result: NOTE
    simrel: no visible global function definition for ‘runif’
    simrel: no visible global function definition for ‘rnorm’
    simrelplot: no visible global function definition for ‘par’
    simrelplot: no visible global function definition for ‘layout’
    simrelplot: no visible global function definition for ‘devAskNewPage’
    simrelplot: no visible global function definition for ‘dev.hold’
    simrelplot: no visible global function definition for ‘plot’
    simrelplot: no visible global function definition for ‘abline’
    simrelplot: no visible global function definition for ‘dev.flush’
    simrelplot: no visible global function definition for ‘points’
    simrelplot: no visible global function definition for ‘axis’
    simrelplot: no visible global function definition for ‘mtext’
    simrelplot: no visible global function definition for ‘box’
    simrelplot: no visible global function definition for ‘cov’
    Undefined global functions or variables:
     abline axis box cov dev.flush dev.hold devAskNewPage layout mtext par
     plot points rnorm runif
    Consider adding
     importFrom("grDevices", "dev.flush", "dev.hold", "devAskNewPage")
     importFrom("graphics", "abline", "axis", "box", "layout", "mtext",
     "par", "plot", "points")
     importFrom("stats", "cov", "rnorm", "runif")
    to your NAMESPACE file.
Flavors: r-devel-linux-x86_64-debian-clang, r-devel-linux-x86_64-debian-gcc, r-devel-linux-x86_64-fedora-clang, r-devel-linux-x86_64-fedora-gcc, r-devel-windows-ix86+x86_64, r-patched-linux-x86_64, r-patched-solaris-x86, r-release-linux-x86_64, r-release-windows-ix86+x86_64, r-release-osx-x86_64, r-oldrel-windows-ix86+x86_64, r-oldrel-osx-x86_64