CRAN Package Check Results for Package simsalapar

Last updated on 2014-07-23 21:47:14.

Flavor Version Tinstall Tcheck Ttotal Status Flags
r-devel-linux-x86_64-debian-clang 1.0-3 1.47 51.80 53.27 OK
r-devel-linux-x86_64-debian-gcc 1.0-3 1.43 49.60 51.03 OK
r-devel-linux-x86_64-fedora-clang 1.0-3 92.92 OK
r-devel-linux-x86_64-fedora-gcc 1.0-3 93.83 OK
r-devel-osx-x86_64-clang 1.0-3 97.47 OK
r-devel-windows-ix86+x86_64 1.0-3 4.00 65.00 69.00 OK
r-patched-linux-x86_64 1.0-3 1.58 50.66 52.25 OK
r-patched-solaris-sparc 1.0-3 477.40 ERROR
r-patched-solaris-x86 1.0-3 117.10 ERROR
r-release-linux-ix86 1.0-3 2.07 73.07 75.14 OK
r-release-linux-x86_64 1.0-3 1.57 52.92 54.50 OK
r-release-osx-x86_64-mavericks 1.0-3 ERROR
r-release-osx-x86_64-snowleopard 1.0-3 OK
r-release-windows-ix86+x86_64 1.0-3 4.00 60.00 64.00 OK
r-oldrel-windows-ix86+x86_64 1.0-3 5.00 60.00 65.00 OK

Check Details

Version: 1.0-3
Check: tests
Result: ERROR
    Running the tests in ‘tests/tstTGforecasts.R’ failed.
    Last 13 lines of output:
     >
     > names(attributes(tab1)[["dim"]]) <- NULL # so that check below works
     > ## not ok names(dim(tab1)) <- NULL # so that check below works
     >
     > ## *without* mkAL (as check):
     > res0 <- doLapply(vList, doAL=FALSE, doOne=doOne, monitor=FALSE)
     > tab0 <- t(sapply(res0, `[[`, "value")) # values for the 3 forecasters: statistician, optimist, pessimist (see monitoring output)
     > dimnames(tab0)[[1]] <- c("statistician", "optimist", "pessimist")
     > names(dimnames(tab0)) <- c("forecaster", "scoringfun")
     > stopifnot(identical(tab0, tab1)) # check
     > x, y) mean(abs(x-y)))),
     Error: unexpected ',' in "x,"
     Execution halted
Flavors: r-patched-solaris-sparc, r-patched-solaris-x86

Version: 1.0-3
Check: package dependencies
Result: NOTE
    Packages suggested but not available for checking: ‘Rmpi’ ‘copula’
Flavor: r-release-osx-x86_64-mavericks

Version: 1.0-3
Check: R code for possible problems
Result: NOTE
    doRmpi: no visible global function definition for ‘mpi.universe.size’
    doRmpi: no visible global function definition for ‘mpi.comm.size’
     (/Builds/CRAN-QA-Simon/packages/mavericks-x86_64/results/3.1/simsalapar.Rcheck/00_pkg_src/simsalapar/R/doApply.R:229-230)
    doRmpi: no visible global function definition for ‘mpi.spawn.Rslaves’
     (/Builds/CRAN-QA-Simon/packages/mavericks-x86_64/results/3.1/simsalapar.Rcheck/00_pkg_src/simsalapar/R/doApply.R:229-230)
    doRmpi: no visible global function definition for ‘mpi.close.Rslaves’
     (/Builds/CRAN-QA-Simon/packages/mavericks-x86_64/results/3.1/simsalapar.Rcheck/00_pkg_src/simsalapar/R/doApply.R:232)
    doRmpi: no visible global function definition for
     ‘mpi.bcast.Robj2slave’
     (/Builds/CRAN-QA-Simon/packages/mavericks-x86_64/results/3.1/simsalapar.Rcheck/00_pkg_src/simsalapar/R/doApply.R:234)
    doRmpi: no visible global function definition for
     ‘mpi.bcast.Robj2slave’
     (/Builds/CRAN-QA-Simon/packages/mavericks-x86_64/results/3.1/simsalapar.Rcheck/00_pkg_src/simsalapar/R/doApply.R:235)
    doRmpi: no visible binding for global variable ‘mpi.applyLB’
     (/Builds/CRAN-QA-Simon/packages/mavericks-x86_64/results/3.1/simsalapar.Rcheck/00_pkg_src/simsalapar/R/doApply.R:246-251)
    doRmpi: no visible binding for global variable ‘mpi.apply’
     (/Builds/CRAN-QA-Simon/packages/mavericks-x86_64/results/3.1/simsalapar.Rcheck/00_pkg_src/simsalapar/R/doApply.R:246-251)
Flavor: r-release-osx-x86_64-mavericks

Version: 1.0-3
Check: Rd cross-references
Result: NOTE
    Package unavailable to check Rd xrefs: ‘Rmpi’
Flavor: r-release-osx-x86_64-mavericks

Version: 1.0-3
Check: tests
Result: ERROR
    Running the tests in ‘tests/tstTGforecasts.R’ failed.
    Last 13 lines of output:
     + doOne=doOne, monitor=printInfo[["fileEach"]]))
     Loading required package: foreach
     Loading required package: doParallel
     Loading required package: iterators
     Loading required package: Rmpi
     Error in snow::makeMPIcluster(spec, ...) :
     the `Rmpi' package is needed for MPI clusters.
     Calls: S.T -> doForeach -> makeCluster -> <Anonymous>
     In addition: Warning message:
     In library(package, lib.loc = lib.loc, character.only = TRUE, logical.return = TRUE, :
     there is no package called 'Rmpi'
     Timing stopped at: 0.12 0.028 0.148
     Execution halted
Flavor: r-release-osx-x86_64-mavericks