CRAN Package Check Results for Package simsalapar

Last updated on 2016-04-30 06:47:42.

Flavor Version Tinstall Tcheck Ttotal Status Flags
r-devel-linux-x86_64-debian-gcc 1.0-9 1.18 62.38 63.55 OK
r-devel-linux-x86_64-fedora-clang 1.0-9 67.70 OK
r-devel-linux-x86_64-fedora-gcc 1.0-9 64.79 OK
r-devel-osx-x86_64-clang 1.0-9 102.06 OK
r-devel-windows-ix86+x86_64 1.0-9 4.00 89.00 93.00 OK
r-patched-linux-x86_64 1.0-9 1.19 62.43 63.62 OK
r-patched-solaris-sparc 1.0-9 880.20 OK
r-patched-solaris-x86 1.0-9 179.10 OK
r-release-linux-x86_64 1.0-9 1.25 66.29 67.54 OK
r-release-osx-x86_64-mavericks 1.0-9 NOTE
r-release-windows-ix86+x86_64 1.0-9 4.00 83.00 87.00 OK
r-oldrel-windows-ix86+x86_64 1.0-9 7.00 99.00 106.00 WARN

Check Details

Version: 1.0-9
Check: package dependencies
Result: NOTE
    Package suggested but not available for checking: ‘Rmpi’
Flavor: r-release-osx-x86_64-mavericks

Version: 1.0-9
Check: Rd cross-references
Result: NOTE
    Package unavailable to check Rd xrefs: ‘Rmpi’
Flavor: r-release-osx-x86_64-mavericks

Version: 1.0-9
Check: Rd files
Result: WARN
    prepare_Rd: simsalapar-package.Rd:108: unknown macro '\doi'
Flavor: r-oldrel-windows-ix86+x86_64