CRAN Package Check Results for Package simsalapar

Last updated on 2017-10-17 01:48:18.

Flavor Version Tinstall Tcheck Ttotal Status Flags
r-devel-linux-x86_64-debian-clang 1.0-9 1.31 23.42 24.73 OK --no-tests
r-devel-linux-x86_64-debian-gcc 1.0-9 1.32 23.70 25.02 OK --no-tests
r-devel-linux-x86_64-fedora-clang 1.0-9 44.59 OK --no-tests
r-devel-linux-x86_64-fedora-gcc 1.0-9 43.31 OK --no-tests
r-devel-windows-ix86+x86_64 1.0-9 4.00 124.00 128.00 OK
r-patched-linux-x86_64 1.0-9 1.43 23.41 24.84 OK --no-tests
r-patched-solaris-x86 1.0-9 210.30 OK
r-release-linux-x86_64 1.0-9 1.35 23.51 24.86 OK --no-tests
r-release-windows-ix86+x86_64 1.0-9 6.00 121.00 127.00 OK
r-release-osx-x86_64 1.0-9 ERROR
r-oldrel-windows-ix86+x86_64 1.0-9 6.00 122.00 128.00 OK
r-oldrel-osx-x86_64 1.0-9 NOTE

Check Details

Version: 1.0-9
Check: package dependencies
Result: NOTE
    Packages suggested but not available for checking: ‘Rmpi’ ‘copula’
Flavor: r-release-osx-x86_64

Version: 1.0-9
Check: Rd cross-references
Result: NOTE
    Package unavailable to check Rd xrefs: ‘Rmpi’
Flavors: r-release-osx-x86_64, r-oldrel-osx-x86_64

Version: 1.0-9
Check: tests
Result: ERROR
     Running ‘doExtras.R’ [1s/1s]
     Comparing ‘doExtras.Rout’ to ‘doExtras.Rout.save’ ... OK
     Running ‘getArray-swap.R’ [1s/2s]
     Running ‘tst-wrongs.R’ [16s/53s]
     Running ‘tstTGforecasts.R’ [5s/18s]
     Running ‘tstVaRsuperadd.R’ [1s/1s]
    Running the tests in ‘tests/tstVaRsuperadd.R’ failed.
    Last 13 lines of output:
     > ## manually
     > require(copula) # for the following call of doOne()
     Loading required package: copula
    
     > nonGr <- get.nonGrids(varList)$nonGrids
    
     > dd <- doOne(n= min(nonGr$n, 100), d=4, family="Clayton", tau=0.5,
     + qmargin=nonGr$qmargin, alpha=nonGr$alpha)
     Error in onacopulaL("Clayton", list(th = iTau(archmCopula("clayton"), :
     could not find function "onacopulaL"
     Calls: demo -> source -> withVisible -> eval -> eval -> doOne
     In addition: Warning message:
     In library(package, lib.loc = lib.loc, character.only = TRUE, logical.return = TRUE, :
     there is no package called 'copula'
     Execution halted
Flavor: r-release-osx-x86_64

Version: 1.0-9
Check: package dependencies
Result: NOTE
    Package suggested but not available for checking: ‘Rmpi’
Flavor: r-oldrel-osx-x86_64