CRAN Package Check Results for Package simsalapar

Last updated on 2015-05-27 19:47:21.

Flavor Version Tinstall Tcheck Ttotal Status Flags
r-devel-linux-x86_64-debian-clang 1.0-5 1.30 39.56 40.86 OK
r-devel-linux-x86_64-debian-gcc 1.0-5 1.28 34.92 36.20 OK
r-devel-linux-x86_64-fedora-clang 1.0-5 56.06 OK
r-devel-linux-x86_64-fedora-gcc 1.0-5 57.09 OK
r-devel-osx-x86_64-clang 1.0-5 68.75 OK
r-devel-windows-ix86+x86_64 1.0-5 4.00 49.00 53.00 OK
r-patched-linux-x86_64 1.0-5 1.25 37.20 38.45 OK
r-patched-solaris-sparc 1.0-5 502.90 OK
r-patched-solaris-x86 1.0-5 114.70 OK
r-release-linux-x86_64 1.0-5 1.23 36.95 38.18 OK
r-release-osx-x86_64-mavericks 1.0-5 NOTE
r-release-osx-x86_64-snowleopard 1.0-5 NOTE
r-release-windows-ix86+x86_64 1.0-5 4.00 54.00 58.00 OK
r-oldrel-windows-ix86+x86_64 1.0-5 5.00 56.00 61.00 OK

Check Details

Version: 1.0-5
Check: package dependencies
Result: NOTE
    Package suggested but not available for checking: ‘Rmpi’
Flavor: r-release-osx-x86_64-mavericks

Version: 1.0-5
Check: Rd cross-references
Result: NOTE
    Package unavailable to check Rd xrefs: ‘Rmpi’
Flavors: r-release-osx-x86_64-mavericks, r-release-osx-x86_64-snowleopard

Version: 1.0-5
Check: package dependencies
Result: NOTE
    Packages suggested but not available for checking: ‘Rmpi’ ‘Hmisc’
Flavor: r-release-osx-x86_64-snowleopard