CRAN Package Check Results for Package simsalapar

Last updated on 2016-05-25 09:47:05.

Flavor Version Tinstall Tcheck Ttotal Status Flags
r-devel-linux-x86_64-debian-gcc 1.0-9 1.19 63.27 64.46 OK
r-devel-linux-x86_64-fedora-clang 1.0-9 67.91 OK
r-devel-linux-x86_64-fedora-gcc 1.0-9 65.85 OK
r-devel-osx-x86_64-clang 1.0-9 109.41 OK
r-devel-windows-ix86+x86_64 1.0-9 4.00 80.00 84.00 OK
r-patched-linux-x86_64 1.0-9 1.26 64.20 65.46 OK
r-patched-solaris-sparc 1.0-9 877.00 OK
r-patched-solaris-x86 1.0-9 184.60 OK
r-release-linux-x86_64 1.0-9 1.28 65.39 66.67 OK
r-release-osx-x86_64-mavericks 1.0-9 NOTE
r-release-windows-ix86+x86_64 1.0-9 4.00 80.00 84.00 OK
r-oldrel-windows-ix86+x86_64 1.0-9 5.00 89.00 94.00 OK

Check Details

Version: 1.0-9
Check: package dependencies
Result: NOTE
    Package suggested but not available for checking: ‘Rmpi’
Flavor: r-release-osx-x86_64-mavericks

Version: 1.0-9
Check: Rd cross-references
Result: NOTE
    Package unavailable to check Rd xrefs: ‘Rmpi’
Flavor: r-release-osx-x86_64-mavericks