CRAN Package Check Results for Package simsalapar

Last updated on 2016-12-11 06:57:46.

Flavor Version Tinstall Tcheck Ttotal Status Flags
r-devel-linux-x86_64-debian-clang 1.0-9 1.35 23.95 25.30 OK --no-tests
r-devel-linux-x86_64-debian-gcc 1.0-9 1.27 23.50 24.76 OK --no-tests
r-devel-linux-x86_64-fedora-clang 1.0-9 80.83 OK --no-stop-on-test-error
r-devel-linux-x86_64-fedora-gcc 1.0-9 77.15 OK --no-stop-on-test-error
r-devel-macos-x86_64-clang 1.0-9 60.23 OK --no-stop-on-test-error
r-devel-windows-ix86+x86_64 1.0-9 5.00 122.00 127.00 OK
r-patched-linux-x86_64 1.0-9 1.17 21.54 22.71 OK --no-tests
r-patched-solaris-sparc 1.0-9 881.50 OK
r-patched-solaris-x86 1.0-9 176.50 OK
r-release-linux-x86_64 1.0-9 1.30 20.79 22.08 OK --no-tests
r-release-osx-x86_64-mavericks 1.0-9 NOTE
r-release-windows-ix86+x86_64 1.0-9 6.00 114.00 120.00 OK
r-oldrel-windows-ix86+x86_64 1.0-9 7.00 114.00 121.00 OK

Check Details

Version: 1.0-9
Check: package dependencies
Result: NOTE
    Package suggested but not available for checking: ‘Rmpi’
Flavor: r-release-osx-x86_64-mavericks

Version: 1.0-9
Check: Rd cross-references
Result: NOTE
    Package unavailable to check Rd xrefs: ‘Rmpi’
Flavor: r-release-osx-x86_64-mavericks