CRAN Package Check Results for Package simsalapar

Last updated on 2016-07-30 06:47:56.

Flavor Version Tinstall Tcheck Ttotal Status Flags
r-devel-linux-x86_64-debian-clang 1.0-9 1.28 66.51 67.79 OK
r-devel-linux-x86_64-debian-gcc 1.0-9 1.17 64.91 66.08 OK
r-devel-linux-x86_64-fedora-clang 1.0-9 73.58 OK
r-devel-linux-x86_64-fedora-gcc 1.0-9 66.72 OK
r-devel-osx-x86_64-clang 1.0-9 53.99 OK
r-devel-windows-ix86+x86_64 1.0-9 4.00 93.00 97.00 OK
r-patched-linux-x86_64 1.0-9 1.66 72.67 74.33 OK
r-patched-solaris-sparc 1.0-9 881.50 OK
r-patched-solaris-x86 1.0-9 183.00 OK
r-release-linux-x86_64 1.0-9 1.46 73.01 74.48 OK
r-release-osx-x86_64-mavericks 1.0-9 NOTE
r-release-windows-ix86+x86_64 1.0-9 6.00 90.00 96.00 OK
r-oldrel-windows-ix86+x86_64 1.0-9 7.00 124.00 131.00 OK

Check Details

Version: 1.0-9
Check: package dependencies
Result: NOTE
    Package suggested but not available for checking: ‘Rmpi’
Flavor: r-release-osx-x86_64-mavericks

Version: 1.0-9
Check: Rd cross-references
Result: NOTE
    Package unavailable to check Rd xrefs: ‘Rmpi’
Flavor: r-release-osx-x86_64-mavericks