CRAN Package Check Results for Package simsalapar

Last updated on 2015-08-31 07:47:46.

Flavor Version Tinstall Tcheck Ttotal Status Flags
r-devel-linux-x86_64-debian-clang 1.0-5 1.18 35.39 36.57 NOTE
r-devel-linux-x86_64-debian-gcc 1.0-5 1.14 34.12 35.26 NOTE
r-devel-linux-x86_64-fedora-clang 1.0-5 53.82 NOTE
r-devel-linux-x86_64-fedora-gcc 1.0-5 48.94 NOTE
r-devel-osx-x86_64-clang 1.0-5 56.32 OK
r-devel-windows-ix86+x86_64 1.0-5 6.00 57.00 63.00 NOTE
r-patched-linux-x86_64 1.0-5 1.30 35.79 37.09 OK
r-patched-solaris-sparc 1.0-5 525.10 OK
r-patched-solaris-x86 1.0-5 107.00 OK
r-release-linux-x86_64 1.0-5 1.22 36.58 37.79 OK
r-release-osx-x86_64-mavericks 1.0-5 NOTE
r-release-windows-ix86+x86_64 1.0-5 6.00 55.00 61.00 OK
r-oldrel-windows-ix86+x86_64 1.0-5 6.00 66.00 72.00 OK

Check Details

Version: 1.0-5
Check: R code for possible problems
Result: NOTE
    mayplot: no visible global function definition for ‘par’
     (/tmp/Rtmpz9hT0q/R.INSTALL39b067e5ec66/simsalapar/R/graphics.R:418)
    mayplot: no visible global function definition for ‘plot.new’
     (/tmp/Rtmpz9hT0q/R.INSTALL39b067e5ec66/simsalapar/R/graphics.R:419)
    mayplot: no visible global function definition for ‘par’
     (/tmp/Rtmpz9hT0q/R.INSTALL39b067e5ec66/simsalapar/R/graphics.R:463)
    mayplot: no visible global function definition for ‘plot.window’
     (/tmp/Rtmpz9hT0q/R.INSTALL39b067e5ec66/simsalapar/R/graphics.R:465)
    mayplot: no visible global function definition for ‘par’
     (/tmp/Rtmpz9hT0q/R.INSTALL39b067e5ec66/simsalapar/R/graphics.R:471)
    mayplot: no visible global function definition for ‘par’
     (/tmp/Rtmpz9hT0q/R.INSTALL39b067e5ec66/simsalapar/R/graphics.R:472)
    mayplot: no visible global function definition for ‘axTicks’
     (/tmp/Rtmpz9hT0q/R.INSTALL39b067e5ec66/simsalapar/R/graphics.R:473)
    mayplot: no visible global function definition for ‘par’
     (/tmp/Rtmpz9hT0q/R.INSTALL39b067e5ec66/simsalapar/R/graphics.R:473)
    mayplot: no visible global function definition for ‘axTicks’
     (/tmp/Rtmpz9hT0q/R.INSTALL39b067e5ec66/simsalapar/R/graphics.R:474)
    mayplot: no visible global function definition for ‘par’
     (/tmp/Rtmpz9hT0q/R.INSTALL39b067e5ec66/simsalapar/R/graphics.R:474)
    mayplot: no visible global function definition for ‘par’
     (/tmp/Rtmpz9hT0q/R.INSTALL39b067e5ec66/simsalapar/R/graphics.R:478)
    mayplot: no visible global function definition for ‘axis’
     (/tmp/Rtmpz9hT0q/R.INSTALL39b067e5ec66/simsalapar/R/graphics.R:515-519)
    mayplot: no visible global function definition for ‘axTicks’
     (/tmp/Rtmpz9hT0q/R.INSTALL39b067e5ec66/simsalapar/R/graphics.R:533)
    mayplot: no visible global function definition for ‘mtext’
     (/tmp/Rtmpz9hT0q/R.INSTALL39b067e5ec66/simsalapar/R/graphics.R:535)
    mayplot: no visible global function definition for ‘par’
     (/tmp/Rtmpz9hT0q/R.INSTALL39b067e5ec66/simsalapar/R/graphics.R:548)
    panelLegend : markNA: no visible global function definition for ‘axis’
     (/tmp/Rtmpz9hT0q/R.INSTALL39b067e5ec66/simsalapar/R/graphics.R:201-203)
    panelLegend : <anonymous>: no visible global function definition for
     ‘boxplot.matrix’
     (/tmp/Rtmpz9hT0q/R.INSTALL39b067e5ec66/simsalapar/R/graphics.R:215-218)
    panelLegend : <anonymous>: no visible global function definition for
     ‘lines’
     (/tmp/Rtmpz9hT0q/R.INSTALL39b067e5ec66/simsalapar/R/graphics.R:220)
    panelLegend : <anonymous>: no visible global function definition for
     ‘lines’
     (/tmp/Rtmpz9hT0q/R.INSTALL39b067e5ec66/simsalapar/R/graphics.R:229)
    Undefined global functions or variables:
     axTicks axis boxplot.matrix lines mtext par plot.new plot.window
    Consider adding
     importFrom("graphics", "axTicks", "axis", "boxplot.matrix", "lines",
     "mtext", "par", "plot.new", "plot.window")
    to your NAMESPACE.
Flavor: r-devel-linux-x86_64-debian-clang

Version: 1.0-5
Check: R code for possible problems
Result: NOTE
    mayplot: no visible global function definition for ‘par’
     (/tmp/Rtmpo4FkUM/R.INSTALL350c6f80fceb/simsalapar/R/graphics.R:418)
    mayplot: no visible global function definition for ‘plot.new’
     (/tmp/Rtmpo4FkUM/R.INSTALL350c6f80fceb/simsalapar/R/graphics.R:419)
    mayplot: no visible global function definition for ‘par’
     (/tmp/Rtmpo4FkUM/R.INSTALL350c6f80fceb/simsalapar/R/graphics.R:463)
    mayplot: no visible global function definition for ‘plot.window’
     (/tmp/Rtmpo4FkUM/R.INSTALL350c6f80fceb/simsalapar/R/graphics.R:465)
    mayplot: no visible global function definition for ‘par’
     (/tmp/Rtmpo4FkUM/R.INSTALL350c6f80fceb/simsalapar/R/graphics.R:471)
    mayplot: no visible global function definition for ‘par’
     (/tmp/Rtmpo4FkUM/R.INSTALL350c6f80fceb/simsalapar/R/graphics.R:472)
    mayplot: no visible global function definition for ‘axTicks’
     (/tmp/Rtmpo4FkUM/R.INSTALL350c6f80fceb/simsalapar/R/graphics.R:473)
    mayplot: no visible global function definition for ‘par’
     (/tmp/Rtmpo4FkUM/R.INSTALL350c6f80fceb/simsalapar/R/graphics.R:473)
    mayplot: no visible global function definition for ‘axTicks’
     (/tmp/Rtmpo4FkUM/R.INSTALL350c6f80fceb/simsalapar/R/graphics.R:474)
    mayplot: no visible global function definition for ‘par’
     (/tmp/Rtmpo4FkUM/R.INSTALL350c6f80fceb/simsalapar/R/graphics.R:474)
    mayplot: no visible global function definition for ‘par’
     (/tmp/Rtmpo4FkUM/R.INSTALL350c6f80fceb/simsalapar/R/graphics.R:478)
    mayplot: no visible global function definition for ‘axis’
     (/tmp/Rtmpo4FkUM/R.INSTALL350c6f80fceb/simsalapar/R/graphics.R:515-519)
    mayplot: no visible global function definition for ‘axTicks’
     (/tmp/Rtmpo4FkUM/R.INSTALL350c6f80fceb/simsalapar/R/graphics.R:533)
    mayplot: no visible global function definition for ‘mtext’
     (/tmp/Rtmpo4FkUM/R.INSTALL350c6f80fceb/simsalapar/R/graphics.R:535)
    mayplot: no visible global function definition for ‘par’
     (/tmp/Rtmpo4FkUM/R.INSTALL350c6f80fceb/simsalapar/R/graphics.R:548)
    panelLegend : markNA: no visible global function definition for ‘axis’
     (/tmp/Rtmpo4FkUM/R.INSTALL350c6f80fceb/simsalapar/R/graphics.R:201-203)
    panelLegend : <anonymous>: no visible global function definition for
     ‘boxplot.matrix’
     (/tmp/Rtmpo4FkUM/R.INSTALL350c6f80fceb/simsalapar/R/graphics.R:215-218)
    panelLegend : <anonymous>: no visible global function definition for
     ‘lines’
     (/tmp/Rtmpo4FkUM/R.INSTALL350c6f80fceb/simsalapar/R/graphics.R:220)
    panelLegend : <anonymous>: no visible global function definition for
     ‘lines’
     (/tmp/Rtmpo4FkUM/R.INSTALL350c6f80fceb/simsalapar/R/graphics.R:229)
    Undefined global functions or variables:
     axTicks axis boxplot.matrix lines mtext par plot.new plot.window
    Consider adding
     importFrom("graphics", "axTicks", "axis", "boxplot.matrix", "lines",
     "mtext", "par", "plot.new", "plot.window")
    to your NAMESPACE.
Flavor: r-devel-linux-x86_64-debian-gcc

Version: 1.0-5
Check: R code for possible problems
Result: NOTE
    mayplot: no visible global function definition for ‘par’
     (/data/gannet/ripley/R/packages/tests-clang/simsalapar/R/graphics.R:418)
    mayplot: no visible global function definition for ‘plot.new’
     (/data/gannet/ripley/R/packages/tests-clang/simsalapar/R/graphics.R:419)
    mayplot: no visible global function definition for ‘par’
     (/data/gannet/ripley/R/packages/tests-clang/simsalapar/R/graphics.R:463)
    mayplot: no visible global function definition for ‘plot.window’
     (/data/gannet/ripley/R/packages/tests-clang/simsalapar/R/graphics.R:465)
    mayplot: no visible global function definition for ‘par’
     (/data/gannet/ripley/R/packages/tests-clang/simsalapar/R/graphics.R:471)
    mayplot: no visible global function definition for ‘par’
     (/data/gannet/ripley/R/packages/tests-clang/simsalapar/R/graphics.R:472)
    mayplot: no visible global function definition for ‘axTicks’
     (/data/gannet/ripley/R/packages/tests-clang/simsalapar/R/graphics.R:473)
    mayplot: no visible global function definition for ‘par’
     (/data/gannet/ripley/R/packages/tests-clang/simsalapar/R/graphics.R:473)
    mayplot: no visible global function definition for ‘axTicks’
     (/data/gannet/ripley/R/packages/tests-clang/simsalapar/R/graphics.R:474)
    mayplot: no visible global function definition for ‘par’
     (/data/gannet/ripley/R/packages/tests-clang/simsalapar/R/graphics.R:474)
    mayplot: no visible global function definition for ‘par’
     (/data/gannet/ripley/R/packages/tests-clang/simsalapar/R/graphics.R:478)
    mayplot: no visible global function definition for ‘axis’
     (/data/gannet/ripley/R/packages/tests-clang/simsalapar/R/graphics.R:515-519)
    mayplot: no visible global function definition for ‘axTicks’
     (/data/gannet/ripley/R/packages/tests-clang/simsalapar/R/graphics.R:533)
    mayplot: no visible global function definition for ‘mtext’
     (/data/gannet/ripley/R/packages/tests-clang/simsalapar/R/graphics.R:535)
    mayplot: no visible global function definition for ‘par’
     (/data/gannet/ripley/R/packages/tests-clang/simsalapar/R/graphics.R:548)
    panelLegend : markNA: no visible global function definition for ‘axis’
     (/data/gannet/ripley/R/packages/tests-clang/simsalapar/R/graphics.R:201-203)
    panelLegend : <anonymous>: no visible global function definition for
     ‘boxplot.matrix’
     (/data/gannet/ripley/R/packages/tests-clang/simsalapar/R/graphics.R:215-218)
    panelLegend : <anonymous>: no visible global function definition for
     ‘lines’
     (/data/gannet/ripley/R/packages/tests-clang/simsalapar/R/graphics.R:220)
    panelLegend : <anonymous>: no visible global function definition for
     ‘lines’
     (/data/gannet/ripley/R/packages/tests-clang/simsalapar/R/graphics.R:229)
    Undefined global functions or variables:
     axTicks axis boxplot.matrix lines mtext par plot.new plot.window
    Consider adding
     importFrom("graphics", "axTicks", "axis", "boxplot.matrix", "lines",
     "mtext", "par", "plot.new", "plot.window")
    to your NAMESPACE.
Flavor: r-devel-linux-x86_64-fedora-clang

Version: 1.0-5
Check: R code for possible problems
Result: NOTE
    mayplot: no visible global function definition for ‘par’
     (/data/gannet/ripley/R/packages/tests-devel/simsalapar/R/graphics.R:418)
    mayplot: no visible global function definition for ‘plot.new’
     (/data/gannet/ripley/R/packages/tests-devel/simsalapar/R/graphics.R:419)
    mayplot: no visible global function definition for ‘par’
     (/data/gannet/ripley/R/packages/tests-devel/simsalapar/R/graphics.R:463)
    mayplot: no visible global function definition for ‘plot.window’
     (/data/gannet/ripley/R/packages/tests-devel/simsalapar/R/graphics.R:465)
    mayplot: no visible global function definition for ‘par’
     (/data/gannet/ripley/R/packages/tests-devel/simsalapar/R/graphics.R:471)
    mayplot: no visible global function definition for ‘par’
     (/data/gannet/ripley/R/packages/tests-devel/simsalapar/R/graphics.R:472)
    mayplot: no visible global function definition for ‘axTicks’
     (/data/gannet/ripley/R/packages/tests-devel/simsalapar/R/graphics.R:473)
    mayplot: no visible global function definition for ‘par’
     (/data/gannet/ripley/R/packages/tests-devel/simsalapar/R/graphics.R:473)
    mayplot: no visible global function definition for ‘axTicks’
     (/data/gannet/ripley/R/packages/tests-devel/simsalapar/R/graphics.R:474)
    mayplot: no visible global function definition for ‘par’
     (/data/gannet/ripley/R/packages/tests-devel/simsalapar/R/graphics.R:474)
    mayplot: no visible global function definition for ‘par’
     (/data/gannet/ripley/R/packages/tests-devel/simsalapar/R/graphics.R:478)
    mayplot: no visible global function definition for ‘axis’
     (/data/gannet/ripley/R/packages/tests-devel/simsalapar/R/graphics.R:515-519)
    mayplot: no visible global function definition for ‘axTicks’
     (/data/gannet/ripley/R/packages/tests-devel/simsalapar/R/graphics.R:533)
    mayplot: no visible global function definition for ‘mtext’
     (/data/gannet/ripley/R/packages/tests-devel/simsalapar/R/graphics.R:535)
    mayplot: no visible global function definition for ‘par’
     (/data/gannet/ripley/R/packages/tests-devel/simsalapar/R/graphics.R:548)
    panelLegend : markNA: no visible global function definition for ‘axis’
     (/data/gannet/ripley/R/packages/tests-devel/simsalapar/R/graphics.R:201-203)
    panelLegend : <anonymous>: no visible global function definition for
     ‘boxplot.matrix’
     (/data/gannet/ripley/R/packages/tests-devel/simsalapar/R/graphics.R:215-218)
    panelLegend : <anonymous>: no visible global function definition for
     ‘lines’
     (/data/gannet/ripley/R/packages/tests-devel/simsalapar/R/graphics.R:220)
    panelLegend : <anonymous>: no visible global function definition for
     ‘lines’
     (/data/gannet/ripley/R/packages/tests-devel/simsalapar/R/graphics.R:229)
    Undefined global functions or variables:
     axTicks axis boxplot.matrix lines mtext par plot.new plot.window
    Consider adding
     importFrom("graphics", "axTicks", "axis", "boxplot.matrix", "lines",
     "mtext", "par", "plot.new", "plot.window")
    to your NAMESPACE.
Flavor: r-devel-linux-x86_64-fedora-gcc

Version: 1.0-5
Check: R code for possible problems
Result: NOTE
    mayplot: no visible global function definition for 'par'
     (D:/temp/RtmpITSUYf/R.INSTALL1850847bc4693/simsalapar/R/graphics.R:418)
    mayplot: no visible global function definition for 'plot.new'
     (D:/temp/RtmpITSUYf/R.INSTALL1850847bc4693/simsalapar/R/graphics.R:419)
    mayplot: no visible global function definition for 'par'
     (D:/temp/RtmpITSUYf/R.INSTALL1850847bc4693/simsalapar/R/graphics.R:463)
    mayplot: no visible global function definition for 'plot.window'
     (D:/temp/RtmpITSUYf/R.INSTALL1850847bc4693/simsalapar/R/graphics.R:465)
    mayplot: no visible global function definition for 'par'
     (D:/temp/RtmpITSUYf/R.INSTALL1850847bc4693/simsalapar/R/graphics.R:471)
    mayplot: no visible global function definition for 'par'
     (D:/temp/RtmpITSUYf/R.INSTALL1850847bc4693/simsalapar/R/graphics.R:472)
    mayplot: no visible global function definition for 'axTicks'
     (D:/temp/RtmpITSUYf/R.INSTALL1850847bc4693/simsalapar/R/graphics.R:473)
    mayplot: no visible global function definition for 'par'
     (D:/temp/RtmpITSUYf/R.INSTALL1850847bc4693/simsalapar/R/graphics.R:473)
    mayplot: no visible global function definition for 'axTicks'
     (D:/temp/RtmpITSUYf/R.INSTALL1850847bc4693/simsalapar/R/graphics.R:474)
    mayplot: no visible global function definition for 'par'
     (D:/temp/RtmpITSUYf/R.INSTALL1850847bc4693/simsalapar/R/graphics.R:474)
    mayplot: no visible global function definition for 'par'
     (D:/temp/RtmpITSUYf/R.INSTALL1850847bc4693/simsalapar/R/graphics.R:478)
    mayplot: no visible global function definition for 'axis'
     (D:/temp/RtmpITSUYf/R.INSTALL1850847bc4693/simsalapar/R/graphics.R:515-519)
    mayplot: no visible global function definition for 'axTicks'
     (D:/temp/RtmpITSUYf/R.INSTALL1850847bc4693/simsalapar/R/graphics.R:533)
    mayplot: no visible global function definition for 'mtext'
     (D:/temp/RtmpITSUYf/R.INSTALL1850847bc4693/simsalapar/R/graphics.R:535)
    mayplot: no visible global function definition for 'par'
     (D:/temp/RtmpITSUYf/R.INSTALL1850847bc4693/simsalapar/R/graphics.R:548)
    panelLegend : markNA: no visible global function definition for 'axis'
     (D:/temp/RtmpITSUYf/R.INSTALL1850847bc4693/simsalapar/R/graphics.R:201-203)
    panelLegend : <anonymous>: no visible global function definition for
     'boxplot.matrix'
     (D:/temp/RtmpITSUYf/R.INSTALL1850847bc4693/simsalapar/R/graphics.R:215-218)
    panelLegend : <anonymous>: no visible global function definition for
     'lines'
     (D:/temp/RtmpITSUYf/R.INSTALL1850847bc4693/simsalapar/R/graphics.R:220)
    panelLegend : <anonymous>: no visible global function definition for
     'lines'
     (D:/temp/RtmpITSUYf/R.INSTALL1850847bc4693/simsalapar/R/graphics.R:229)
    Undefined global functions or variables:
     axTicks axis boxplot.matrix lines mtext par plot.new plot.window
    Consider adding
     importFrom("graphics", "axTicks", "axis", "boxplot.matrix", "lines",
     "mtext", "par", "plot.new", "plot.window")
    to your NAMESPACE.
Flavor: r-devel-windows-ix86+x86_64

Version: 1.0-5
Check: package dependencies
Result: NOTE
    Package suggested but not available for checking: ‘Rmpi’
Flavor: r-release-osx-x86_64-mavericks

Version: 1.0-5
Check: Rd cross-references
Result: NOTE
    Package unavailable to check Rd xrefs: ‘Rmpi’
Flavor: r-release-osx-x86_64-mavericks