CRAN Package Check Results for Package simsalapar

Last updated on 2014-08-28 00:47:13.

Flavor Version Tinstall Tcheck Ttotal Status Flags
r-devel-linux-x86_64-debian-clang 1.0-3 1.44 47.53 48.97 NOTE
r-devel-linux-x86_64-debian-gcc 1.0-3 1.41 44.86 46.27 NOTE
r-devel-linux-x86_64-fedora-clang 1.0-3 84.44 NOTE
r-devel-linux-x86_64-fedora-gcc 1.0-3 77.68 NOTE
r-devel-osx-x86_64-clang 1.0-3 82.48 NOTE
r-devel-windows-ix86+x86_64 1.0-3 4.00 52.00 56.00 NOTE
r-patched-linux-x86_64 1.0-3 1.46 51.05 52.51 OK
r-patched-solaris-sparc 1.0-3 702.90 OK
r-patched-solaris-x86 1.0-3 154.90 OK
r-release-linux-ix86 1.0-3 2.01 72.77 74.78 OK
r-release-linux-x86_64 1.0-3 1.49 50.83 52.32 OK
r-release-osx-x86_64-mavericks 1.0-3 ERROR
r-release-osx-x86_64-snowleopard 1.0-3 OK
r-release-windows-ix86+x86_64 1.0-3 4.00 60.00 64.00 OK
r-oldrel-windows-ix86+x86_64 1.0-3 4.00 59.00 63.00 OK

Check Details

Version: 1.0-3
Check: R code for possible problems
Result: NOTE
    doClusterApply: no visible global function definition for ‘clusterCall’
     (/tmp/Rtmp6n7wWK/R.INSTALL718260fb2eff/simsalapar/R/doApply.R:376)
    doClusterApply: no visible binding for global variable ‘clusterApplyLB’
     (/tmp/Rtmp6n7wWK/R.INSTALL718260fb2eff/simsalapar/R/doApply.R:380-385)
    doForeach: no visible global function definition for
     ‘registerDoParallel’
     (/tmp/Rtmp6n7wWK/R.INSTALL718260fb2eff/simsalapar/R/doApply.R:131)
    doForeach: no visible global function definition for
     ‘registerDoParallel’
     (/tmp/Rtmp6n7wWK/R.INSTALL718260fb2eff/simsalapar/R/doApply.R:128-132)
    doForeach: no visible global function definition for ‘getDoParWorkers’
     (/tmp/Rtmp6n7wWK/R.INSTALL718260fb2eff/simsalapar/R/doApply.R:133)
    doForeach: no visible global function definition for ‘%dopar%’
     (/tmp/Rtmp6n7wWK/R.INSTALL718260fb2eff/simsalapar/R/doApply.R:138-146)
    doForeach: no visible global function definition for ‘foreach’
     (/tmp/Rtmp6n7wWK/R.INSTALL718260fb2eff/simsalapar/R/doApply.R:138-146)
    doRmpi: no visible global function definition for ‘mpi.universe.size’
    doRmpi: no visible global function definition for ‘mpi.comm.size’
     (/tmp/Rtmp6n7wWK/R.INSTALL718260fb2eff/simsalapar/R/doApply.R:229-230)
    doRmpi: no visible global function definition for ‘mpi.spawn.Rslaves’
     (/tmp/Rtmp6n7wWK/R.INSTALL718260fb2eff/simsalapar/R/doApply.R:229-230)
    doRmpi: no visible global function definition for ‘mpi.close.Rslaves’
     (/tmp/Rtmp6n7wWK/R.INSTALL718260fb2eff/simsalapar/R/doApply.R:232)
    doRmpi: no visible global function definition for
     ‘mpi.bcast.Robj2slave’
     (/tmp/Rtmp6n7wWK/R.INSTALL718260fb2eff/simsalapar/R/doApply.R:234)
    doRmpi: no visible global function definition for
     ‘mpi.bcast.Robj2slave’
     (/tmp/Rtmp6n7wWK/R.INSTALL718260fb2eff/simsalapar/R/doApply.R:235)
    doRmpi: no visible binding for global variable ‘mpi.applyLB’
     (/tmp/Rtmp6n7wWK/R.INSTALL718260fb2eff/simsalapar/R/doApply.R:246-251)
    doRmpi: no visible binding for global variable ‘mpi.apply’
     (/tmp/Rtmp6n7wWK/R.INSTALL718260fb2eff/simsalapar/R/doApply.R:246-251)
Flavor: r-devel-linux-x86_64-debian-clang

Version: 1.0-3
Check: R code for possible problems
Result: NOTE
    doClusterApply: no visible global function definition for ‘clusterCall’
     (/tmp/RtmpHs6C2X/R.INSTALL1a7664ea5a88/simsalapar/R/doApply.R:376)
    doClusterApply: no visible binding for global variable ‘clusterApplyLB’
     (/tmp/RtmpHs6C2X/R.INSTALL1a7664ea5a88/simsalapar/R/doApply.R:380-385)
    doForeach: no visible global function definition for
     ‘registerDoParallel’
     (/tmp/RtmpHs6C2X/R.INSTALL1a7664ea5a88/simsalapar/R/doApply.R:131)
    doForeach: no visible global function definition for
     ‘registerDoParallel’
     (/tmp/RtmpHs6C2X/R.INSTALL1a7664ea5a88/simsalapar/R/doApply.R:128-132)
    doForeach: no visible global function definition for ‘getDoParWorkers’
     (/tmp/RtmpHs6C2X/R.INSTALL1a7664ea5a88/simsalapar/R/doApply.R:133)
    doForeach: no visible global function definition for ‘%dopar%’
     (/tmp/RtmpHs6C2X/R.INSTALL1a7664ea5a88/simsalapar/R/doApply.R:138-146)
    doForeach: no visible global function definition for ‘foreach’
     (/tmp/RtmpHs6C2X/R.INSTALL1a7664ea5a88/simsalapar/R/doApply.R:138-146)
    doRmpi: no visible global function definition for ‘mpi.universe.size’
    doRmpi: no visible global function definition for ‘mpi.comm.size’
     (/tmp/RtmpHs6C2X/R.INSTALL1a7664ea5a88/simsalapar/R/doApply.R:229-230)
    doRmpi: no visible global function definition for ‘mpi.spawn.Rslaves’
     (/tmp/RtmpHs6C2X/R.INSTALL1a7664ea5a88/simsalapar/R/doApply.R:229-230)
    doRmpi: no visible global function definition for ‘mpi.close.Rslaves’
     (/tmp/RtmpHs6C2X/R.INSTALL1a7664ea5a88/simsalapar/R/doApply.R:232)
    doRmpi: no visible global function definition for
     ‘mpi.bcast.Robj2slave’
     (/tmp/RtmpHs6C2X/R.INSTALL1a7664ea5a88/simsalapar/R/doApply.R:234)
    doRmpi: no visible global function definition for
     ‘mpi.bcast.Robj2slave’
     (/tmp/RtmpHs6C2X/R.INSTALL1a7664ea5a88/simsalapar/R/doApply.R:235)
    doRmpi: no visible binding for global variable ‘mpi.applyLB’
     (/tmp/RtmpHs6C2X/R.INSTALL1a7664ea5a88/simsalapar/R/doApply.R:246-251)
    doRmpi: no visible binding for global variable ‘mpi.apply’
     (/tmp/RtmpHs6C2X/R.INSTALL1a7664ea5a88/simsalapar/R/doApply.R:246-251)
Flavor: r-devel-linux-x86_64-debian-gcc

Version: 1.0-3
Check: R code for possible problems
Result: NOTE
    doClusterApply: no visible global function definition for ‘clusterCall’
     (/data/gannet/ripley/R/packages/tests-clang/simsalapar/R/doApply.R:376)
    doClusterApply: no visible binding for global variable ‘clusterApplyLB’
     (/data/gannet/ripley/R/packages/tests-clang/simsalapar/R/doApply.R:380-385)
    doForeach: no visible global function definition for
     ‘registerDoParallel’
     (/data/gannet/ripley/R/packages/tests-clang/simsalapar/R/doApply.R:131)
    doForeach: no visible global function definition for
     ‘registerDoParallel’
     (/data/gannet/ripley/R/packages/tests-clang/simsalapar/R/doApply.R:128-132)
    doForeach: no visible global function definition for ‘getDoParWorkers’
     (/data/gannet/ripley/R/packages/tests-clang/simsalapar/R/doApply.R:133)
    doForeach: no visible global function definition for ‘%dopar%’
     (/data/gannet/ripley/R/packages/tests-clang/simsalapar/R/doApply.R:138-146)
    doForeach: no visible global function definition for ‘foreach’
     (/data/gannet/ripley/R/packages/tests-clang/simsalapar/R/doApply.R:138-146)
    doRmpi: no visible global function definition for ‘mpi.universe.size’
    doRmpi: no visible global function definition for ‘mpi.comm.size’
     (/data/gannet/ripley/R/packages/tests-clang/simsalapar/R/doApply.R:229-230)
    doRmpi: no visible global function definition for ‘mpi.spawn.Rslaves’
     (/data/gannet/ripley/R/packages/tests-clang/simsalapar/R/doApply.R:229-230)
    doRmpi: no visible global function definition for ‘mpi.close.Rslaves’
     (/data/gannet/ripley/R/packages/tests-clang/simsalapar/R/doApply.R:232)
    doRmpi: no visible global function definition for
     ‘mpi.bcast.Robj2slave’
     (/data/gannet/ripley/R/packages/tests-clang/simsalapar/R/doApply.R:234)
    doRmpi: no visible global function definition for
     ‘mpi.bcast.Robj2slave’
     (/data/gannet/ripley/R/packages/tests-clang/simsalapar/R/doApply.R:235)
    doRmpi: no visible binding for global variable ‘mpi.applyLB’
     (/data/gannet/ripley/R/packages/tests-clang/simsalapar/R/doApply.R:246-251)
    doRmpi: no visible binding for global variable ‘mpi.apply’
     (/data/gannet/ripley/R/packages/tests-clang/simsalapar/R/doApply.R:246-251)
Flavor: r-devel-linux-x86_64-fedora-clang

Version: 1.0-3
Check: R code for possible problems
Result: NOTE
    doClusterApply: no visible global function definition for ‘clusterCall’
     (/data/gannet/ripley/R/packages/tests-devel/simsalapar/R/doApply.R:376)
    doClusterApply: no visible binding for global variable ‘clusterApplyLB’
     (/data/gannet/ripley/R/packages/tests-devel/simsalapar/R/doApply.R:380-385)
    doForeach: no visible global function definition for
     ‘registerDoParallel’
     (/data/gannet/ripley/R/packages/tests-devel/simsalapar/R/doApply.R:131)
    doForeach: no visible global function definition for
     ‘registerDoParallel’
     (/data/gannet/ripley/R/packages/tests-devel/simsalapar/R/doApply.R:128-132)
    doForeach: no visible global function definition for ‘getDoParWorkers’
     (/data/gannet/ripley/R/packages/tests-devel/simsalapar/R/doApply.R:133)
    doForeach: no visible global function definition for ‘%dopar%’
     (/data/gannet/ripley/R/packages/tests-devel/simsalapar/R/doApply.R:138-146)
    doForeach: no visible global function definition for ‘foreach’
     (/data/gannet/ripley/R/packages/tests-devel/simsalapar/R/doApply.R:138-146)
    doRmpi: no visible global function definition for ‘mpi.universe.size’
    doRmpi: no visible global function definition for ‘mpi.comm.size’
     (/data/gannet/ripley/R/packages/tests-devel/simsalapar/R/doApply.R:229-230)
    doRmpi: no visible global function definition for ‘mpi.spawn.Rslaves’
     (/data/gannet/ripley/R/packages/tests-devel/simsalapar/R/doApply.R:229-230)
    doRmpi: no visible global function definition for ‘mpi.close.Rslaves’
     (/data/gannet/ripley/R/packages/tests-devel/simsalapar/R/doApply.R:232)
    doRmpi: no visible global function definition for
     ‘mpi.bcast.Robj2slave’
     (/data/gannet/ripley/R/packages/tests-devel/simsalapar/R/doApply.R:234)
    doRmpi: no visible global function definition for
     ‘mpi.bcast.Robj2slave’
     (/data/gannet/ripley/R/packages/tests-devel/simsalapar/R/doApply.R:235)
    doRmpi: no visible binding for global variable ‘mpi.applyLB’
     (/data/gannet/ripley/R/packages/tests-devel/simsalapar/R/doApply.R:246-251)
    doRmpi: no visible binding for global variable ‘mpi.apply’
     (/data/gannet/ripley/R/packages/tests-devel/simsalapar/R/doApply.R:246-251)
Flavor: r-devel-linux-x86_64-fedora-gcc

Version: 1.0-3
Check: R code for possible problems
Result: NOTE
    doClusterApply: no visible global function definition for ‘clusterCall’
     (/Users/ripley/R/packages/tests-devel/simsalapar/R/doApply.R:376)
    doClusterApply: no visible binding for global variable ‘clusterApplyLB’
     (/Users/ripley/R/packages/tests-devel/simsalapar/R/doApply.R:380-385)
    doForeach: no visible global function definition for
     ‘registerDoParallel’
     (/Users/ripley/R/packages/tests-devel/simsalapar/R/doApply.R:131)
    doForeach: no visible global function definition for
     ‘registerDoParallel’
     (/Users/ripley/R/packages/tests-devel/simsalapar/R/doApply.R:128-132)
    doForeach: no visible global function definition for ‘getDoParWorkers’
     (/Users/ripley/R/packages/tests-devel/simsalapar/R/doApply.R:133)
    doForeach: no visible global function definition for ‘%dopar%’
     (/Users/ripley/R/packages/tests-devel/simsalapar/R/doApply.R:138-146)
    doForeach: no visible global function definition for ‘foreach’
     (/Users/ripley/R/packages/tests-devel/simsalapar/R/doApply.R:138-146)
    doRmpi: no visible global function definition for ‘mpi.universe.size’
    doRmpi: no visible global function definition for ‘mpi.comm.size’
     (/Users/ripley/R/packages/tests-devel/simsalapar/R/doApply.R:229-230)
    doRmpi: no visible global function definition for ‘mpi.spawn.Rslaves’
     (/Users/ripley/R/packages/tests-devel/simsalapar/R/doApply.R:229-230)
    doRmpi: no visible global function definition for ‘mpi.close.Rslaves’
     (/Users/ripley/R/packages/tests-devel/simsalapar/R/doApply.R:232)
    doRmpi: no visible global function definition for
     ‘mpi.bcast.Robj2slave’
     (/Users/ripley/R/packages/tests-devel/simsalapar/R/doApply.R:234)
    doRmpi: no visible global function definition for
     ‘mpi.bcast.Robj2slave’
     (/Users/ripley/R/packages/tests-devel/simsalapar/R/doApply.R:235)
    doRmpi: no visible binding for global variable ‘mpi.applyLB’
     (/Users/ripley/R/packages/tests-devel/simsalapar/R/doApply.R:246-251)
    doRmpi: no visible binding for global variable ‘mpi.apply’
     (/Users/ripley/R/packages/tests-devel/simsalapar/R/doApply.R:246-251)
Flavor: r-devel-osx-x86_64-clang

Version: 1.0-3
Check: R code for possible problems
Result: NOTE
    doClusterApply: no visible global function definition for 'clusterCall'
     (D:/temp/Rtmpg3uYJz/R.INSTALL2ae875fa57a5/simsalapar/R/doApply.R:376)
    doClusterApply: no visible binding for global variable 'clusterApplyLB'
     (D:/temp/Rtmpg3uYJz/R.INSTALL2ae875fa57a5/simsalapar/R/doApply.R:380-385)
    doForeach: no visible global function definition for
     'registerDoParallel'
     (D:/temp/Rtmpg3uYJz/R.INSTALL2ae875fa57a5/simsalapar/R/doApply.R:131)
    doForeach: no visible global function definition for
     'registerDoParallel'
     (D:/temp/Rtmpg3uYJz/R.INSTALL2ae875fa57a5/simsalapar/R/doApply.R:128-132)
    doForeach: no visible global function definition for 'getDoParWorkers'
     (D:/temp/Rtmpg3uYJz/R.INSTALL2ae875fa57a5/simsalapar/R/doApply.R:133)
    doForeach: no visible global function definition for '%dopar%'
     (D:/temp/Rtmpg3uYJz/R.INSTALL2ae875fa57a5/simsalapar/R/doApply.R:138-146)
    doForeach: no visible global function definition for 'foreach'
     (D:/temp/Rtmpg3uYJz/R.INSTALL2ae875fa57a5/simsalapar/R/doApply.R:138-146)
    doRmpi: no visible global function definition for 'mpi.universe.size'
    doRmpi: no visible global function definition for 'mpi.comm.size'
     (D:/temp/Rtmpg3uYJz/R.INSTALL2ae875fa57a5/simsalapar/R/doApply.R:229-230)
    doRmpi: no visible global function definition for 'mpi.spawn.Rslaves'
     (D:/temp/Rtmpg3uYJz/R.INSTALL2ae875fa57a5/simsalapar/R/doApply.R:229-230)
    doRmpi: no visible global function definition for 'mpi.close.Rslaves'
     (D:/temp/Rtmpg3uYJz/R.INSTALL2ae875fa57a5/simsalapar/R/doApply.R:232)
    doRmpi: no visible global function definition for
     'mpi.bcast.Robj2slave'
     (D:/temp/Rtmpg3uYJz/R.INSTALL2ae875fa57a5/simsalapar/R/doApply.R:234)
    doRmpi: no visible global function definition for
     'mpi.bcast.Robj2slave'
     (D:/temp/Rtmpg3uYJz/R.INSTALL2ae875fa57a5/simsalapar/R/doApply.R:235)
    doRmpi: no visible binding for global variable 'mpi.applyLB'
     (D:/temp/Rtmpg3uYJz/R.INSTALL2ae875fa57a5/simsalapar/R/doApply.R:246-251)
    doRmpi: no visible binding for global variable 'mpi.apply'
     (D:/temp/Rtmpg3uYJz/R.INSTALL2ae875fa57a5/simsalapar/R/doApply.R:246-251)
Flavor: r-devel-windows-ix86+x86_64

Version: 1.0-3
Check: package dependencies
Result: NOTE
    Packages suggested but not available for checking: ‘Rmpi’ ‘copula’
Flavor: r-release-osx-x86_64-mavericks

Version: 1.0-3
Check: R code for possible problems
Result: NOTE
    doRmpi: no visible global function definition for ‘mpi.universe.size’
    doRmpi: no visible global function definition for ‘mpi.comm.size’
     (/Builds/CRAN-QA-Simon/packages/mavericks-x86_64/results/3.1/simsalapar.Rcheck/00_pkg_src/simsalapar/R/doApply.R:229-230)
    doRmpi: no visible global function definition for ‘mpi.spawn.Rslaves’
     (/Builds/CRAN-QA-Simon/packages/mavericks-x86_64/results/3.1/simsalapar.Rcheck/00_pkg_src/simsalapar/R/doApply.R:229-230)
    doRmpi: no visible global function definition for ‘mpi.close.Rslaves’
     (/Builds/CRAN-QA-Simon/packages/mavericks-x86_64/results/3.1/simsalapar.Rcheck/00_pkg_src/simsalapar/R/doApply.R:232)
    doRmpi: no visible global function definition for
     ‘mpi.bcast.Robj2slave’
     (/Builds/CRAN-QA-Simon/packages/mavericks-x86_64/results/3.1/simsalapar.Rcheck/00_pkg_src/simsalapar/R/doApply.R:234)
    doRmpi: no visible global function definition for
     ‘mpi.bcast.Robj2slave’
     (/Builds/CRAN-QA-Simon/packages/mavericks-x86_64/results/3.1/simsalapar.Rcheck/00_pkg_src/simsalapar/R/doApply.R:235)
    doRmpi: no visible binding for global variable ‘mpi.applyLB’
     (/Builds/CRAN-QA-Simon/packages/mavericks-x86_64/results/3.1/simsalapar.Rcheck/00_pkg_src/simsalapar/R/doApply.R:246-251)
    doRmpi: no visible binding for global variable ‘mpi.apply’
     (/Builds/CRAN-QA-Simon/packages/mavericks-x86_64/results/3.1/simsalapar.Rcheck/00_pkg_src/simsalapar/R/doApply.R:246-251)
Flavor: r-release-osx-x86_64-mavericks

Version: 1.0-3
Check: Rd cross-references
Result: NOTE
    Package unavailable to check Rd xrefs: ‘Rmpi’
Flavor: r-release-osx-x86_64-mavericks

Version: 1.0-3
Check: tests
Result: ERROR
    Running the tests in ‘tests/tstTGforecasts.R’ failed.
    Last 13 lines of output:
     + doOne=doOne, monitor=printInfo[["fileEach"]]))
     Loading required package: foreach
     Loading required package: doParallel
     Loading required package: iterators
     Loading required package: Rmpi
     Error in snow::makeMPIcluster(spec, ...) :
     the `Rmpi' package is needed for MPI clusters.
     Calls: S.T -> doForeach -> makeCluster -> <Anonymous>
     In addition: Warning message:
     In library(package, lib.loc = lib.loc, character.only = TRUE, logical.return = TRUE, :
     there is no package called 'Rmpi'
     Timing stopped at: 0.124 0.028 0.152
     Execution halted
Flavor: r-release-osx-x86_64-mavericks