CRAN Package Check Results for Package simsalapar

Last updated on 2014-04-24 23:48:13.

Flavor Version Tinstall Tcheck Ttotal Status Flags
r-devel-linux-x86_64-debian-clang 1.0-2 1.61 49.10 50.71 OK
r-devel-linux-x86_64-debian-gcc 1.0-2 1.56 49.77 51.33 OK
r-devel-linux-x86_64-fedora-clang 1.0-2 85.16 OK
r-devel-linux-x86_64-fedora-gcc 1.0-2 82.33 OK
r-devel-osx-x86_64-clang 1.0-2 96.71 OK
r-devel-osx-x86_64-gcc 1.0-2 ERROR
r-devel-windows-ix86+x86_64 1.0-2 4.00 57.00 61.00 NOTE
r-patched-linux-x86_64 1.0-2 1.63 48.26 49.89 OK
r-patched-solaris-sparc 1.0-2 494.50 ERROR
r-patched-solaris-x86 1.0-2 73.00 ERROR
r-release-linux-ix86 1.0-2 3.00 89.00 92.00 OK
r-release-linux-x86_64 1.0-2 1.56 48.64 50.20 OK
r-release-osx-x86_64-mavericks 1.0-2 ERROR
r-release-osx-x86_64-snowleopard 1.0-2 OK
r-release-windows-ix86+x86_64 1.0-2 5.00 61.00 66.00 NOTE
r-oldrel-windows-ix86+x86_64 1.0-2 5.00 56.00 61.00 NOTE

Check Details

Version: 1.0-2
Check: package dependencies
Result: NOTE
    Packages suggested but not available for checking: ‘Rmpi’ ‘Hmisc’
Flavor: r-devel-osx-x86_64-gcc

Version: 1.0-2
Check: R code for possible problems
Result: NOTE
    doRmpi: no visible global function definition for ‘mpi.universe.size’
    doRmpi: no visible global function definition for ‘mpi.comm.size’
     (/Volumes/XT3/Builds/R-dev-web/QA/Simon/packages/snowleopard-x86_64/results/3.2/simsalapar.Rcheck/00_pkg_src/simsalapar/R/doApply.R:237-238)
    doRmpi: no visible global function definition for ‘mpi.spawn.Rslaves’
     (/Volumes/XT3/Builds/R-dev-web/QA/Simon/packages/snowleopard-x86_64/results/3.2/simsalapar.Rcheck/00_pkg_src/simsalapar/R/doApply.R:237-238)
    doRmpi: no visible global function definition for ‘mpi.close.Rslaves’
     (/Volumes/XT3/Builds/R-dev-web/QA/Simon/packages/snowleopard-x86_64/results/3.2/simsalapar.Rcheck/00_pkg_src/simsalapar/R/doApply.R:240)
    doRmpi: no visible global function definition for
     ‘mpi.bcast.Robj2slave’
     (/Volumes/XT3/Builds/R-dev-web/QA/Simon/packages/snowleopard-x86_64/results/3.2/simsalapar.Rcheck/00_pkg_src/simsalapar/R/doApply.R:242)
    doRmpi: no visible global function definition for
     ‘mpi.bcast.Robj2slave’
     (/Volumes/XT3/Builds/R-dev-web/QA/Simon/packages/snowleopard-x86_64/results/3.2/simsalapar.Rcheck/00_pkg_src/simsalapar/R/doApply.R:243)
    doRmpi: no visible binding for global variable ‘mpi.applyLB’
     (/Volumes/XT3/Builds/R-dev-web/QA/Simon/packages/snowleopard-x86_64/results/3.2/simsalapar.Rcheck/00_pkg_src/simsalapar/R/doApply.R:254-259)
    doRmpi: no visible binding for global variable ‘mpi.apply’
     (/Volumes/XT3/Builds/R-dev-web/QA/Simon/packages/snowleopard-x86_64/results/3.2/simsalapar.Rcheck/00_pkg_src/simsalapar/R/doApply.R:254-259)
Flavor: r-devel-osx-x86_64-gcc

Version: 1.0-2
Check: Rd cross-references
Result: NOTE
    Package unavailable to check Rd xrefs: ‘Rmpi’
Flavor: r-devel-osx-x86_64-gcc

Version: 1.0-2
Check: tests
Result: ERROR
    Running the tests in ‘tests/tstTGforecasts.R’ failed.
    Last 13 lines of output:
     > S.T(resF <- doForeach (vList, spec =nc, doOne=doOne, monitor=printInfo[["fileEach"]]))
     Loading required package: foreach
     Loading required package: doParallel
     Loading required package: iterators
     Loading required package: Rmpi
     Error in snow::makeMPIcluster(spec, ...) :
     the `Rmpi' package is needed for MPI clusters.
     Calls: S.T -> doForeach -> makeCluster -> <Anonymous>
     In addition: Warning message:
     In library(package, lib.loc = lib.loc, character.only = TRUE, logical.return = TRUE, :
     there is no package called 'Rmpi'
     Timing stopped at: 0.141 0.036 0.177
     Execution halted
Flavor: r-devel-osx-x86_64-gcc

Version: 1.0-2
Check: R code for possible problems
Result: NOTE
    Error : .onLoad failed in loadNamespace() for 'Rmpi', details:
     call: inDL(x, as.logical(local), as.logical(now), ...)
     error: unable to load shared object 'd:/RCompile/CRANpkg/lib/3.2/Rmpi/libs/x64/Rmpi.dll':
     LoadLibrary failure: Das angegebene Modul wurde nicht gefunden.
    
    doRmpi: no visible global function definition for 'mpi.universe.size'
    doRmpi: no visible global function definition for 'mpi.comm.size'
     (D:/temp/Rtmpw3RWFr/R.INSTALL2e4cd26566/simsalapar/R/doApply.R:237-238)
    doRmpi: no visible global function definition for 'mpi.spawn.Rslaves'
     (D:/temp/Rtmpw3RWFr/R.INSTALL2e4cd26566/simsalapar/R/doApply.R:237-238)
    doRmpi: no visible global function definition for 'mpi.close.Rslaves'
     (D:/temp/Rtmpw3RWFr/R.INSTALL2e4cd26566/simsalapar/R/doApply.R:240)
    doRmpi: no visible global function definition for
     'mpi.bcast.Robj2slave'
     (D:/temp/Rtmpw3RWFr/R.INSTALL2e4cd26566/simsalapar/R/doApply.R:242)
    doRmpi: no visible global function definition for
     'mpi.bcast.Robj2slave'
     (D:/temp/Rtmpw3RWFr/R.INSTALL2e4cd26566/simsalapar/R/doApply.R:243)
    doRmpi: no visible binding for global variable 'mpi.applyLB'
     (D:/temp/Rtmpw3RWFr/R.INSTALL2e4cd26566/simsalapar/R/doApply.R:254-259)
    doRmpi: no visible binding for global variable 'mpi.apply'
     (D:/temp/Rtmpw3RWFr/R.INSTALL2e4cd26566/simsalapar/R/doApply.R:254-259)
Flavor: r-devel-windows-ix86+x86_64

Version: 1.0-2
Check: tests
Result: ERROR
    Running the tests in ‘tests/tstTGforecasts.R’ failed.
    Last 13 lines of output:
     >
     > names(attributes(tab1)[["dim"]]) <- NULL # so that check below works
     > ## not ok names(dim(tab1)) <- NULL # so that check below works
     >
     > ## *without* mkAL (as check):
     > res0 <- doLapply(vList, doAL=FALSE, doOne=doOne, monitor=FALSE)
     > tab0 <- t(sapply(res0, `[[`, "value")) # values for the 3 forecasters: statistician, optimist, pessimist (see monitoring output)
     > dimnames(tab0)[[1]] <- c("statistician", "optimist", "pessimist")
     > names(dimnames(tab0)) <- c("forecaster", "scoringfun")
     > stopifnot(identical(tab0, tab1)) # check
     > 5),
     Error: unexpected ')' in " 5)"
     Execution halted
Flavor: r-patched-solaris-sparc

Version: 1.0-2
Check: tests
Result: ERROR
    Running the tests in ‘tests/tstTGforecasts.R’ failed.
    Last 13 lines of output:
     > (doExtras <- simsalapar:::doExtras())
     [1] FALSE
     > (nc <- if(doExtras) detectCores() else min(detectCores(), 2))
     [1] NA
     > (nc.win <- if(.Platform$OS.type=="windows") 1 else nc) # otherwise win-builder fails
     [1] NA
     >
     > S.T(resM.<- doMclapply (vList, cores =nc.win, doOne=doOne, monitor=TRUE))
     Error in if (cores < 1L) stop("'mc.cores' must be >= 1") :
     missing value where TRUE/FALSE needed
     Calls: S.T -> doMclapply -> ul -> unlist -> mclapply
     Timing stopped at: 0.032 0.002 0.035
     Execution halted
Flavor: r-patched-solaris-x86

Version: 1.0-2
Check: package dependencies
Result: NOTE
    Packages suggested but not available for checking:
     ‘Rmpi’ ‘copula’ ‘foreach’ ‘doParallel’
Flavor: r-release-osx-x86_64-mavericks

Version: 1.0-2
Check: R code for possible problems
Result: NOTE
    doForeach: no visible global function definition for
     ‘registerDoParallel’
     (/Builds/CRAN-QA-Simon/packages/mavericks-x86_64/results/3.1/simsalapar.Rcheck/00_pkg_src/simsalapar/R/doApply.R:130)
    doForeach: no visible global function definition for
     ‘registerDoParallel’
     (/Builds/CRAN-QA-Simon/packages/mavericks-x86_64/results/3.1/simsalapar.Rcheck/00_pkg_src/simsalapar/R/doApply.R:139)
    doForeach: no visible global function definition for ‘getDoParWorkers’
     (/Builds/CRAN-QA-Simon/packages/mavericks-x86_64/results/3.1/simsalapar.Rcheck/00_pkg_src/simsalapar/R/doApply.R:141)
    doForeach: no visible global function definition for ‘%dopar%’
     (/Builds/CRAN-QA-Simon/packages/mavericks-x86_64/results/3.1/simsalapar.Rcheck/00_pkg_src/simsalapar/R/doApply.R:146-154)
    doForeach: no visible global function definition for ‘foreach’
     (/Builds/CRAN-QA-Simon/packages/mavericks-x86_64/results/3.1/simsalapar.Rcheck/00_pkg_src/simsalapar/R/doApply.R:146-154)
    doRmpi: no visible global function definition for ‘mpi.universe.size’
    doRmpi: no visible global function definition for ‘mpi.comm.size’
     (/Builds/CRAN-QA-Simon/packages/mavericks-x86_64/results/3.1/simsalapar.Rcheck/00_pkg_src/simsalapar/R/doApply.R:237-238)
    doRmpi: no visible global function definition for ‘mpi.spawn.Rslaves’
     (/Builds/CRAN-QA-Simon/packages/mavericks-x86_64/results/3.1/simsalapar.Rcheck/00_pkg_src/simsalapar/R/doApply.R:237-238)
    doRmpi: no visible global function definition for ‘mpi.close.Rslaves’
     (/Builds/CRAN-QA-Simon/packages/mavericks-x86_64/results/3.1/simsalapar.Rcheck/00_pkg_src/simsalapar/R/doApply.R:240)
    doRmpi: no visible global function definition for
     ‘mpi.bcast.Robj2slave’
     (/Builds/CRAN-QA-Simon/packages/mavericks-x86_64/results/3.1/simsalapar.Rcheck/00_pkg_src/simsalapar/R/doApply.R:242)
    doRmpi: no visible global function definition for
     ‘mpi.bcast.Robj2slave’
     (/Builds/CRAN-QA-Simon/packages/mavericks-x86_64/results/3.1/simsalapar.Rcheck/00_pkg_src/simsalapar/R/doApply.R:243)
    doRmpi: no visible binding for global variable ‘mpi.applyLB’
     (/Builds/CRAN-QA-Simon/packages/mavericks-x86_64/results/3.1/simsalapar.Rcheck/00_pkg_src/simsalapar/R/doApply.R:254-259)
    doRmpi: no visible binding for global variable ‘mpi.apply’
     (/Builds/CRAN-QA-Simon/packages/mavericks-x86_64/results/3.1/simsalapar.Rcheck/00_pkg_src/simsalapar/R/doApply.R:254-259)
Flavor: r-release-osx-x86_64-mavericks

Version: 1.0-2
Check: Rd cross-references
Result: NOTE
    Packages unavailable to check Rd xrefs: ‘foreach’, ‘Rmpi’
Flavor: r-release-osx-x86_64-mavericks

Version: 1.0-2
Check: tests
Result: ERROR
    Running the tests in ‘tests/tstTGforecasts.R’ failed.
    Last 13 lines of output:
     user system elapsed
     0.094 0.080 0.119
     > S.T(resF <- doForeach (vList, spec =nc, doOne=doOne, monitor=printInfo[["fileEach"]]))
     Loading required package: foreach
     Loading required package: doParallel
     Error: require("foreach") is not TRUE
     In addition: Warning messages:
     1: In library(package, lib.loc = lib.loc, character.only = TRUE, logical.return = TRUE, :
     there is no package called 'foreach'
     2: In library(package, lib.loc = lib.loc, character.only = TRUE, logical.return = TRUE, :
     there is no package called 'doParallel'
     Timing stopped at: 0.007 0.002 0.01
     Execution halted
Flavor: r-release-osx-x86_64-mavericks

Version: 1.0-2
Check: R code for possible problems
Result: NOTE
    Error : .onLoad failed in loadNamespace() for 'Rmpi', details:
     call: inDL(x, as.logical(local), as.logical(now), ...)
     error: unable to load shared object 'd:/RCompile/CRANpkg/lib/3.1/Rmpi/libs/x64/Rmpi.dll':
     LoadLibrary failure: Das angegebene Modul wurde nicht gefunden.
    
    doRmpi: no visible global function definition for 'mpi.universe.size'
    doRmpi: no visible global function definition for 'mpi.comm.size'
     (D:/temp/RtmpK417lq/R.INSTALL3a019e57e35/simsalapar/R/doApply.R:237-238)
    doRmpi: no visible global function definition for 'mpi.spawn.Rslaves'
     (D:/temp/RtmpK417lq/R.INSTALL3a019e57e35/simsalapar/R/doApply.R:237-238)
    doRmpi: no visible global function definition for 'mpi.close.Rslaves'
     (D:/temp/RtmpK417lq/R.INSTALL3a019e57e35/simsalapar/R/doApply.R:240)
    doRmpi: no visible global function definition for
     'mpi.bcast.Robj2slave'
     (D:/temp/RtmpK417lq/R.INSTALL3a019e57e35/simsalapar/R/doApply.R:242)
    doRmpi: no visible global function definition for
     'mpi.bcast.Robj2slave'
     (D:/temp/RtmpK417lq/R.INSTALL3a019e57e35/simsalapar/R/doApply.R:243)
    doRmpi: no visible binding for global variable 'mpi.applyLB'
     (D:/temp/RtmpK417lq/R.INSTALL3a019e57e35/simsalapar/R/doApply.R:254-259)
    doRmpi: no visible binding for global variable 'mpi.apply'
     (D:/temp/RtmpK417lq/R.INSTALL3a019e57e35/simsalapar/R/doApply.R:254-259)
Flavor: r-release-windows-ix86+x86_64

Version: 1.0-2
Check: R code for possible problems
Result: NOTE
    Error : .onLoad failed in loadNamespace() for 'Rmpi', details:
     call: inDL(x, as.logical(local), as.logical(now), ...)
     error: unable to load shared object 'd:/RCompile/CRANpkg/lib/3.0/Rmpi/libs/i386/Rmpi.dll':
     LoadLibrary failure: Das angegebene Modul wurde nicht gefunden.
    
    doRmpi: no visible global function definition for 'mpi.universe.size'
    doRmpi: no visible global function definition for 'mpi.comm.size'
     (D:/temp/RtmpGSrZml/R.INSTALL3194312962fd/simsalapar/R/doApply.R:237-238)
    doRmpi: no visible global function definition for 'mpi.spawn.Rslaves'
     (D:/temp/RtmpGSrZml/R.INSTALL3194312962fd/simsalapar/R/doApply.R:237-238)
    doRmpi: no visible global function definition for 'mpi.close.Rslaves'
     (D:/temp/RtmpGSrZml/R.INSTALL3194312962fd/simsalapar/R/doApply.R:240)
    doRmpi: no visible global function definition for
     'mpi.bcast.Robj2slave'
     (D:/temp/RtmpGSrZml/R.INSTALL3194312962fd/simsalapar/R/doApply.R:242)
    doRmpi: no visible global function definition for
     'mpi.bcast.Robj2slave'
     (D:/temp/RtmpGSrZml/R.INSTALL3194312962fd/simsalapar/R/doApply.R:243)
    doRmpi: no visible binding for global variable 'mpi.applyLB'
     (D:/temp/RtmpGSrZml/R.INSTALL3194312962fd/simsalapar/R/doApply.R:254-259)
    doRmpi: no visible binding for global variable 'mpi.apply'
     (D:/temp/RtmpGSrZml/R.INSTALL3194312962fd/simsalapar/R/doApply.R:254-259)
Flavor: r-oldrel-windows-ix86+x86_64