CRAN Package Check Results for Package simsalapar

Last updated on 2017-02-25 11:48:50.

Flavor Version Tinstall Tcheck Ttotal Status Flags
r-devel-linux-x86_64-debian-clang 1.0-9 1.21 23.43 24.64 OK --no-tests
r-devel-linux-x86_64-debian-gcc 1.0-9 1.36 23.00 24.36 OK --no-tests
r-devel-linux-x86_64-fedora-clang 1.0-9 75.74 OK --no-stop-on-test-error
r-devel-linux-x86_64-fedora-gcc 1.0-9 83.12 OK --no-stop-on-test-error
r-devel-macos-x86_64-clang 1.0-9 60.47 OK --no-stop-on-test-error
r-devel-windows-ix86+x86_64 1.0-9 7.00 118.00 125.00 OK
r-patched-linux-x86_64 1.0-9 1.31 21.05 22.36 OK --no-tests
r-patched-solaris-sparc 1.0-9 883.30 OK
r-patched-solaris-x86 1.0-9 191.40 OK
r-release-linux-x86_64 1.0-9 1.22 21.53 22.76 OK --no-tests
r-release-osx-x86_64-mavericks 1.0-9 NOTE
r-release-windows-ix86+x86_64 1.0-9 8.00 128.00 136.00 OK
r-oldrel-windows-ix86+x86_64 1.0-9 11.00 104.00 115.00 OK

Check Details

Version: 1.0-9
Check: package dependencies
Result: NOTE
    Package suggested but not available for checking: ‘Rmpi’
Flavor: r-release-osx-x86_64-mavericks

Version: 1.0-9
Check: Rd cross-references
Result: NOTE
    Package unavailable to check Rd xrefs: ‘Rmpi’
Flavor: r-release-osx-x86_64-mavericks