CRAN Package Check Results for Package simsalapar

Last updated on 2014-12-18 21:47:20.

Flavor Version Tinstall Tcheck Ttotal Status Flags
r-devel-linux-x86_64-debian-clang 1.0-4 1.36 42.40 43.76 OK
r-devel-linux-x86_64-debian-gcc 1.0-4 1.38 40.05 41.43 OK
r-devel-linux-x86_64-fedora-clang 1.0-4 68.59 OK
r-devel-linux-x86_64-fedora-gcc 1.0-4 66.33 OK
r-devel-osx-x86_64-clang 1.0-4 81.02 OK
r-devel-windows-ix86+x86_64 1.0-4 5.00 51.00 56.00 OK
r-patched-linux-x86_64 1.0-4 1.45 41.65 43.10 OK
r-patched-solaris-sparc 1.0-4 568.90 OK
r-patched-solaris-x86 1.0-4 134.60 OK
r-release-linux-ix86 1.0-4 1.91 54.09 56.00 OK
r-release-linux-x86_64 1.0-4 1.45 39.78 41.23 OK
r-release-osx-x86_64-mavericks 1.0-4 ERROR
r-release-osx-x86_64-snowleopard 1.0-4 OK
r-release-windows-ix86+x86_64 1.0-4 6.00 57.00 63.00 OK
r-oldrel-windows-ix86+x86_64 1.0-4 6.00 59.00 65.00 OK

Check Details

Version: 1.0-4
Check: package dependencies
Result: NOTE
    Packages suggested but not available for checking: ‘Rmpi’ ‘copula’
Flavor: r-release-osx-x86_64-mavericks

Version: 1.0-4
Check: Rd cross-references
Result: NOTE
    Package unavailable to check Rd xrefs: ‘Rmpi’
Flavor: r-release-osx-x86_64-mavericks

Version: 1.0-4
Check: tests
Result: ERROR
    Running the tests in ‘tests/tstVaRsuperadd.R’ failed.
    Last 13 lines of output:
     + }))
     + stopifnot( doRes.equal(res, res3) )
     + }
    
     > ### 3) Analysis ################################################################
     >
     > ## extract results
     > val <- getArray(res) # array of values
     Error in valArray(x, err.value = err.value, FUN = FUN) :
     no non-error values
     Calls: demo ... withVisible -> eval -> eval -> getArray -> valArray
     In addition: There were 50 or more warnings (use warnings() to see the first 50)
     Execution halted
Flavor: r-release-osx-x86_64-mavericks