CRAN Package Check Results for Package simsalapar

Last updated on 2015-01-25 04:47:15.

Flavor Version Tinstall Tcheck Ttotal Status Flags
r-devel-linux-x86_64-debian-clang 1.0-5 1.40 40.05 41.45 OK
r-devel-linux-x86_64-debian-gcc 1.0-5 1.38 39.35 40.72 OK
r-devel-linux-x86_64-fedora-clang 1.0-5 55.43 OK
r-devel-linux-x86_64-fedora-gcc 1.0-5 49.67 OK
r-devel-osx-x86_64-clang 1.0-5 49.68 OK
r-devel-windows-ix86+x86_64 1.0-4 6.00 56.00 62.00 OK
r-patched-linux-x86_64 1.0-4 1.85 40.74 42.59 OK
r-patched-solaris-sparc 1.0-5 534.60 OK
r-patched-solaris-x86 1.0-5 112.50 OK
r-release-linux-ix86 1.0-4 1.99 54.35 56.34 OK
r-release-linux-x86_64 1.0-4 1.45 41.26 42.71 OK
r-release-osx-x86_64-mavericks 1.0-5 NOTE
r-release-osx-x86_64-snowleopard 1.0-5 OK
r-release-windows-ix86+x86_64 1.0-5 6.00 64.00 70.00 OK
r-oldrel-windows-ix86+x86_64 1.0-5 6.00 62.00 68.00 OK

Check Details

Version: 1.0-5
Check: package dependencies
Result: NOTE
    Package suggested but not available for checking: ‘Rmpi’
Flavor: r-release-osx-x86_64-mavericks

Version: 1.0-5
Check: Rd cross-references
Result: NOTE
    Package unavailable to check Rd xrefs: ‘Rmpi’
Flavor: r-release-osx-x86_64-mavericks