CRAN Package Check Results for Package simsalapar

Last updated on 2015-03-04 03:47:00.

Flavor Version Tinstall Tcheck Ttotal Status Flags
r-devel-linux-x86_64-debian-clang 1.0-5 1.23 38.42 39.64 OK
r-devel-linux-x86_64-debian-gcc 1.0-5 1.22 34.82 36.04 OK
r-devel-linux-x86_64-fedora-clang 1.0-5 57.21 OK
r-devel-linux-x86_64-fedora-gcc 1.0-5 57.64 OK
r-devel-osx-x86_64-clang 1.0-5 71.21 OK
r-devel-windows-ix86+x86_64 1.0-5 5.00 56.00 61.00 OK
r-patched-linux-x86_64 1.0-5 1.47 41.09 42.56 OK
r-patched-solaris-sparc 1.0-5 655.20 OK
r-patched-solaris-x86 1.0-5 128.00 OK
r-release-linux-ix86 1.0-5 2.24 57.98 60.23 OK
r-release-linux-x86_64 1.0-5 1.53 41.25 42.78 OK
r-release-osx-x86_64-mavericks 1.0-5 NOTE
r-release-osx-x86_64-snowleopard 1.0-5 OK
r-release-windows-ix86+x86_64 1.0-5 11.00 77.00 88.00 OK
r-oldrel-windows-ix86+x86_64 1.0-5 6.00 61.00 67.00 OK

Check Details

Version: 1.0-5
Check: package dependencies
Result: NOTE
    Package suggested but not available for checking: ‘Rmpi’
Flavor: r-release-osx-x86_64-mavericks

Version: 1.0-5
Check: Rd cross-references
Result: NOTE
    Package unavailable to check Rd xrefs: ‘Rmpi’
Flavor: r-release-osx-x86_64-mavericks