CRAN Package Check Results for Package simsalapar

Last updated on 2016-06-24 23:47:47.

Flavor Version Tinstall Tcheck Ttotal Status Flags
r-devel-linux-x86_64-debian-gcc 1.0-9 1.46 64.56 66.02 OK
r-devel-linux-x86_64-fedora-clang 1.0-9 69.30 OK
r-devel-linux-x86_64-fedora-gcc 1.0-9 65.09 OK
r-devel-osx-x86_64-clang 1.0-9 59.98 OK
r-devel-windows-ix86+x86_64 1.0-9 7.00 130.00 137.00 OK
r-patched-linux-x86_64 1.0-9 1.28 65.49 66.76 OK
r-patched-solaris-x86 1.0-9 184.30 OK
r-release-linux-x86_64 1.0-9 1.30 66.84 68.13 OK
r-release-osx-x86_64-mavericks 1.0-9 NOTE
r-release-windows-ix86+x86_64 1.0-9 7.00 89.00 96.00 OK
r-oldrel-windows-ix86+x86_64 1.0-9 7.00 128.00 135.00 OK

Check Details

Version: 1.0-9
Check: package dependencies
Result: NOTE
    Package suggested but not available for checking: ‘Rmpi’
Flavor: r-release-osx-x86_64-mavericks

Version: 1.0-9
Check: Rd cross-references
Result: NOTE
    Package unavailable to check Rd xrefs: ‘Rmpi’
Flavor: r-release-osx-x86_64-mavericks