CRAN Package Check Results for Package simsalapar

Last updated on 2015-07-06 08:48:25.

Flavor Version Tinstall Tcheck Ttotal Status Flags
r-devel-linux-x86_64-debian-clang 1.0-5 1.18 35.07 36.25 NOTE
r-devel-linux-x86_64-debian-gcc 1.0-5 1.18 35.44 36.62 NOTE
r-devel-linux-x86_64-fedora-clang 1.0-5 54.13 NOTE
r-devel-linux-x86_64-fedora-gcc 1.0-5 52.22 NOTE
r-devel-osx-x86_64-clang 1.0-5 57.15 OK
r-devel-windows-ix86+x86_64 1.0-5 7.00 52.00 59.00 NOTE
r-patched-linux-x86_64 1.0-5 1.20 36.02 37.22 OK
r-patched-solaris-sparc 1.0-5 502.90 OK
r-patched-solaris-x86 1.0-5 105.30 OK
r-release-linux-x86_64 1.0-5 1.21 36.57 37.78 OK
r-release-osx-x86_64-mavericks 1.0-5 NOTE
r-release-windows-ix86+x86_64 1.0-5 5.00 54.00 59.00 OK
r-oldrel-windows-ix86+x86_64 1.0-5 8.00 70.00 78.00 OK

Check Details

Version: 1.0-5
Check: R code for possible problems
Result: NOTE
    mayplot: no visible global function definition for ‘par’
     (/tmp/Rtmp3nG0R6/R.INSTALL9e245c002d5/simsalapar/R/graphics.R:418)
    mayplot: no visible global function definition for ‘plot.new’
     (/tmp/Rtmp3nG0R6/R.INSTALL9e245c002d5/simsalapar/R/graphics.R:419)
    mayplot: no visible global function definition for ‘par’
     (/tmp/Rtmp3nG0R6/R.INSTALL9e245c002d5/simsalapar/R/graphics.R:463)
    mayplot: no visible global function definition for ‘plot.window’
     (/tmp/Rtmp3nG0R6/R.INSTALL9e245c002d5/simsalapar/R/graphics.R:465)
    mayplot: no visible global function definition for ‘par’
     (/tmp/Rtmp3nG0R6/R.INSTALL9e245c002d5/simsalapar/R/graphics.R:471)
    mayplot: no visible global function definition for ‘par’
     (/tmp/Rtmp3nG0R6/R.INSTALL9e245c002d5/simsalapar/R/graphics.R:472)
    mayplot: no visible global function definition for ‘axTicks’
     (/tmp/Rtmp3nG0R6/R.INSTALL9e245c002d5/simsalapar/R/graphics.R:473)
    mayplot: no visible global function definition for ‘par’
     (/tmp/Rtmp3nG0R6/R.INSTALL9e245c002d5/simsalapar/R/graphics.R:473)
    mayplot: no visible global function definition for ‘axTicks’
     (/tmp/Rtmp3nG0R6/R.INSTALL9e245c002d5/simsalapar/R/graphics.R:474)
    mayplot: no visible global function definition for ‘par’
     (/tmp/Rtmp3nG0R6/R.INSTALL9e245c002d5/simsalapar/R/graphics.R:474)
    mayplot: no visible global function definition for ‘par’
     (/tmp/Rtmp3nG0R6/R.INSTALL9e245c002d5/simsalapar/R/graphics.R:478)
    mayplot: no visible global function definition for ‘axis’
     (/tmp/Rtmp3nG0R6/R.INSTALL9e245c002d5/simsalapar/R/graphics.R:515-519)
    mayplot: no visible global function definition for ‘axTicks’
     (/tmp/Rtmp3nG0R6/R.INSTALL9e245c002d5/simsalapar/R/graphics.R:533)
    mayplot: no visible global function definition for ‘mtext’
     (/tmp/Rtmp3nG0R6/R.INSTALL9e245c002d5/simsalapar/R/graphics.R:535)
    mayplot: no visible global function definition for ‘par’
     (/tmp/Rtmp3nG0R6/R.INSTALL9e245c002d5/simsalapar/R/graphics.R:548)
    panelLegend : markNA: no visible global function definition for ‘axis’
     (/tmp/Rtmp3nG0R6/R.INSTALL9e245c002d5/simsalapar/R/graphics.R:201-203)
    panelLegend : <anonymous>: no visible global function definition for
     ‘boxplot.matrix’
     (/tmp/Rtmp3nG0R6/R.INSTALL9e245c002d5/simsalapar/R/graphics.R:215-218)
    panelLegend : <anonymous>: no visible global function definition for
     ‘lines’
     (/tmp/Rtmp3nG0R6/R.INSTALL9e245c002d5/simsalapar/R/graphics.R:220)
    panelLegend : <anonymous>: no visible global function definition for
     ‘lines’
     (/tmp/Rtmp3nG0R6/R.INSTALL9e245c002d5/simsalapar/R/graphics.R:229)
    Undefined global functions or variables:
     axTicks axis boxplot.matrix lines mtext par plot.new plot.window
Flavor: r-devel-linux-x86_64-debian-clang

Version: 1.0-5
Check: R code for possible problems
Result: NOTE
    mayplot: no visible global function definition for ‘par’
     (/tmp/RtmpANBZ2Q/R.INSTALL329a1ef1e300/simsalapar/R/graphics.R:418)
    mayplot: no visible global function definition for ‘plot.new’
     (/tmp/RtmpANBZ2Q/R.INSTALL329a1ef1e300/simsalapar/R/graphics.R:419)
    mayplot: no visible global function definition for ‘par’
     (/tmp/RtmpANBZ2Q/R.INSTALL329a1ef1e300/simsalapar/R/graphics.R:463)
    mayplot: no visible global function definition for ‘plot.window’
     (/tmp/RtmpANBZ2Q/R.INSTALL329a1ef1e300/simsalapar/R/graphics.R:465)
    mayplot: no visible global function definition for ‘par’
     (/tmp/RtmpANBZ2Q/R.INSTALL329a1ef1e300/simsalapar/R/graphics.R:471)
    mayplot: no visible global function definition for ‘par’
     (/tmp/RtmpANBZ2Q/R.INSTALL329a1ef1e300/simsalapar/R/graphics.R:472)
    mayplot: no visible global function definition for ‘axTicks’
     (/tmp/RtmpANBZ2Q/R.INSTALL329a1ef1e300/simsalapar/R/graphics.R:473)
    mayplot: no visible global function definition for ‘par’
     (/tmp/RtmpANBZ2Q/R.INSTALL329a1ef1e300/simsalapar/R/graphics.R:473)
    mayplot: no visible global function definition for ‘axTicks’
     (/tmp/RtmpANBZ2Q/R.INSTALL329a1ef1e300/simsalapar/R/graphics.R:474)
    mayplot: no visible global function definition for ‘par’
     (/tmp/RtmpANBZ2Q/R.INSTALL329a1ef1e300/simsalapar/R/graphics.R:474)
    mayplot: no visible global function definition for ‘par’
     (/tmp/RtmpANBZ2Q/R.INSTALL329a1ef1e300/simsalapar/R/graphics.R:478)
    mayplot: no visible global function definition for ‘axis’
     (/tmp/RtmpANBZ2Q/R.INSTALL329a1ef1e300/simsalapar/R/graphics.R:515-519)
    mayplot: no visible global function definition for ‘axTicks’
     (/tmp/RtmpANBZ2Q/R.INSTALL329a1ef1e300/simsalapar/R/graphics.R:533)
    mayplot: no visible global function definition for ‘mtext’
     (/tmp/RtmpANBZ2Q/R.INSTALL329a1ef1e300/simsalapar/R/graphics.R:535)
    mayplot: no visible global function definition for ‘par’
     (/tmp/RtmpANBZ2Q/R.INSTALL329a1ef1e300/simsalapar/R/graphics.R:548)
    panelLegend : markNA: no visible global function definition for ‘axis’
     (/tmp/RtmpANBZ2Q/R.INSTALL329a1ef1e300/simsalapar/R/graphics.R:201-203)
    panelLegend : <anonymous>: no visible global function definition for
     ‘boxplot.matrix’
     (/tmp/RtmpANBZ2Q/R.INSTALL329a1ef1e300/simsalapar/R/graphics.R:215-218)
    panelLegend : <anonymous>: no visible global function definition for
     ‘lines’
     (/tmp/RtmpANBZ2Q/R.INSTALL329a1ef1e300/simsalapar/R/graphics.R:220)
    panelLegend : <anonymous>: no visible global function definition for
     ‘lines’
     (/tmp/RtmpANBZ2Q/R.INSTALL329a1ef1e300/simsalapar/R/graphics.R:229)
    Undefined global functions or variables:
     axTicks axis boxplot.matrix lines mtext par plot.new plot.window
Flavor: r-devel-linux-x86_64-debian-gcc

Version: 1.0-5
Check: R code for possible problems
Result: NOTE
    mayplot: no visible global function definition for ‘par’
     (/data/gannet/ripley/R/packages/tests-clang/simsalapar/R/graphics.R:418)
    mayplot: no visible global function definition for ‘plot.new’
     (/data/gannet/ripley/R/packages/tests-clang/simsalapar/R/graphics.R:419)
    mayplot: no visible global function definition for ‘par’
     (/data/gannet/ripley/R/packages/tests-clang/simsalapar/R/graphics.R:463)
    mayplot: no visible global function definition for ‘plot.window’
     (/data/gannet/ripley/R/packages/tests-clang/simsalapar/R/graphics.R:465)
    mayplot: no visible global function definition for ‘par’
     (/data/gannet/ripley/R/packages/tests-clang/simsalapar/R/graphics.R:471)
    mayplot: no visible global function definition for ‘par’
     (/data/gannet/ripley/R/packages/tests-clang/simsalapar/R/graphics.R:472)
    mayplot: no visible global function definition for ‘axTicks’
     (/data/gannet/ripley/R/packages/tests-clang/simsalapar/R/graphics.R:473)
    mayplot: no visible global function definition for ‘par’
     (/data/gannet/ripley/R/packages/tests-clang/simsalapar/R/graphics.R:473)
    mayplot: no visible global function definition for ‘axTicks’
     (/data/gannet/ripley/R/packages/tests-clang/simsalapar/R/graphics.R:474)
    mayplot: no visible global function definition for ‘par’
     (/data/gannet/ripley/R/packages/tests-clang/simsalapar/R/graphics.R:474)
    mayplot: no visible global function definition for ‘par’
     (/data/gannet/ripley/R/packages/tests-clang/simsalapar/R/graphics.R:478)
    mayplot: no visible global function definition for ‘axis’
     (/data/gannet/ripley/R/packages/tests-clang/simsalapar/R/graphics.R:515-519)
    mayplot: no visible global function definition for ‘axTicks’
     (/data/gannet/ripley/R/packages/tests-clang/simsalapar/R/graphics.R:533)
    mayplot: no visible global function definition for ‘mtext’
     (/data/gannet/ripley/R/packages/tests-clang/simsalapar/R/graphics.R:535)
    mayplot: no visible global function definition for ‘par’
     (/data/gannet/ripley/R/packages/tests-clang/simsalapar/R/graphics.R:548)
    panelLegend : markNA: no visible global function definition for ‘axis’
     (/data/gannet/ripley/R/packages/tests-clang/simsalapar/R/graphics.R:201-203)
    panelLegend : <anonymous>: no visible global function definition for
     ‘boxplot.matrix’
     (/data/gannet/ripley/R/packages/tests-clang/simsalapar/R/graphics.R:215-218)
    panelLegend : <anonymous>: no visible global function definition for
     ‘lines’
     (/data/gannet/ripley/R/packages/tests-clang/simsalapar/R/graphics.R:220)
    panelLegend : <anonymous>: no visible global function definition for
     ‘lines’
     (/data/gannet/ripley/R/packages/tests-clang/simsalapar/R/graphics.R:229)
    Undefined global functions or variables:
     axTicks axis boxplot.matrix lines mtext par plot.new plot.window
Flavor: r-devel-linux-x86_64-fedora-clang

Version: 1.0-5
Check: R code for possible problems
Result: NOTE
    mayplot: no visible global function definition for ‘par’
     (/data/gannet/ripley/R/packages/tests-devel/simsalapar/R/graphics.R:418)
    mayplot: no visible global function definition for ‘plot.new’
     (/data/gannet/ripley/R/packages/tests-devel/simsalapar/R/graphics.R:419)
    mayplot: no visible global function definition for ‘par’
     (/data/gannet/ripley/R/packages/tests-devel/simsalapar/R/graphics.R:463)
    mayplot: no visible global function definition for ‘plot.window’
     (/data/gannet/ripley/R/packages/tests-devel/simsalapar/R/graphics.R:465)
    mayplot: no visible global function definition for ‘par’
     (/data/gannet/ripley/R/packages/tests-devel/simsalapar/R/graphics.R:471)
    mayplot: no visible global function definition for ‘par’
     (/data/gannet/ripley/R/packages/tests-devel/simsalapar/R/graphics.R:472)
    mayplot: no visible global function definition for ‘axTicks’
     (/data/gannet/ripley/R/packages/tests-devel/simsalapar/R/graphics.R:473)
    mayplot: no visible global function definition for ‘par’
     (/data/gannet/ripley/R/packages/tests-devel/simsalapar/R/graphics.R:473)
    mayplot: no visible global function definition for ‘axTicks’
     (/data/gannet/ripley/R/packages/tests-devel/simsalapar/R/graphics.R:474)
    mayplot: no visible global function definition for ‘par’
     (/data/gannet/ripley/R/packages/tests-devel/simsalapar/R/graphics.R:474)
    mayplot: no visible global function definition for ‘par’
     (/data/gannet/ripley/R/packages/tests-devel/simsalapar/R/graphics.R:478)
    mayplot: no visible global function definition for ‘axis’
     (/data/gannet/ripley/R/packages/tests-devel/simsalapar/R/graphics.R:515-519)
    mayplot: no visible global function definition for ‘axTicks’
     (/data/gannet/ripley/R/packages/tests-devel/simsalapar/R/graphics.R:533)
    mayplot: no visible global function definition for ‘mtext’
     (/data/gannet/ripley/R/packages/tests-devel/simsalapar/R/graphics.R:535)
    mayplot: no visible global function definition for ‘par’
     (/data/gannet/ripley/R/packages/tests-devel/simsalapar/R/graphics.R:548)
    panelLegend : markNA: no visible global function definition for ‘axis’
     (/data/gannet/ripley/R/packages/tests-devel/simsalapar/R/graphics.R:201-203)
    panelLegend : <anonymous>: no visible global function definition for
     ‘boxplot.matrix’
     (/data/gannet/ripley/R/packages/tests-devel/simsalapar/R/graphics.R:215-218)
    panelLegend : <anonymous>: no visible global function definition for
     ‘lines’
     (/data/gannet/ripley/R/packages/tests-devel/simsalapar/R/graphics.R:220)
    panelLegend : <anonymous>: no visible global function definition for
     ‘lines’
     (/data/gannet/ripley/R/packages/tests-devel/simsalapar/R/graphics.R:229)
    Undefined global functions or variables:
     axTicks axis boxplot.matrix lines mtext par plot.new plot.window
Flavor: r-devel-linux-x86_64-fedora-gcc

Version: 1.0-5
Check: R code for possible problems
Result: NOTE
    mayplot: no visible global function definition for 'par'
     (D:/temp/RtmpgT5MkX/R.INSTALL3c607e4c112e/simsalapar/R/graphics.R:418)
    mayplot: no visible global function definition for 'plot.new'
     (D:/temp/RtmpgT5MkX/R.INSTALL3c607e4c112e/simsalapar/R/graphics.R:419)
    mayplot: no visible global function definition for 'par'
     (D:/temp/RtmpgT5MkX/R.INSTALL3c607e4c112e/simsalapar/R/graphics.R:463)
    mayplot: no visible global function definition for 'plot.window'
     (D:/temp/RtmpgT5MkX/R.INSTALL3c607e4c112e/simsalapar/R/graphics.R:465)
    mayplot: no visible global function definition for 'par'
     (D:/temp/RtmpgT5MkX/R.INSTALL3c607e4c112e/simsalapar/R/graphics.R:471)
    mayplot: no visible global function definition for 'par'
     (D:/temp/RtmpgT5MkX/R.INSTALL3c607e4c112e/simsalapar/R/graphics.R:472)
    mayplot: no visible global function definition for 'axTicks'
     (D:/temp/RtmpgT5MkX/R.INSTALL3c607e4c112e/simsalapar/R/graphics.R:473)
    mayplot: no visible global function definition for 'par'
     (D:/temp/RtmpgT5MkX/R.INSTALL3c607e4c112e/simsalapar/R/graphics.R:473)
    mayplot: no visible global function definition for 'axTicks'
     (D:/temp/RtmpgT5MkX/R.INSTALL3c607e4c112e/simsalapar/R/graphics.R:474)
    mayplot: no visible global function definition for 'par'
     (D:/temp/RtmpgT5MkX/R.INSTALL3c607e4c112e/simsalapar/R/graphics.R:474)
    mayplot: no visible global function definition for 'par'
     (D:/temp/RtmpgT5MkX/R.INSTALL3c607e4c112e/simsalapar/R/graphics.R:478)
    mayplot: no visible global function definition for 'axis'
     (D:/temp/RtmpgT5MkX/R.INSTALL3c607e4c112e/simsalapar/R/graphics.R:515-519)
    mayplot: no visible global function definition for 'axTicks'
     (D:/temp/RtmpgT5MkX/R.INSTALL3c607e4c112e/simsalapar/R/graphics.R:533)
    mayplot: no visible global function definition for 'mtext'
     (D:/temp/RtmpgT5MkX/R.INSTALL3c607e4c112e/simsalapar/R/graphics.R:535)
    mayplot: no visible global function definition for 'par'
     (D:/temp/RtmpgT5MkX/R.INSTALL3c607e4c112e/simsalapar/R/graphics.R:548)
    panelLegend : markNA: no visible global function definition for 'axis'
     (D:/temp/RtmpgT5MkX/R.INSTALL3c607e4c112e/simsalapar/R/graphics.R:201-203)
    panelLegend : <anonymous>: no visible global function definition for
     'boxplot.matrix'
     (D:/temp/RtmpgT5MkX/R.INSTALL3c607e4c112e/simsalapar/R/graphics.R:215-218)
    panelLegend : <anonymous>: no visible global function definition for
     'lines'
     (D:/temp/RtmpgT5MkX/R.INSTALL3c607e4c112e/simsalapar/R/graphics.R:220)
    panelLegend : <anonymous>: no visible global function definition for
     'lines'
     (D:/temp/RtmpgT5MkX/R.INSTALL3c607e4c112e/simsalapar/R/graphics.R:229)
    Undefined global functions or variables:
     axTicks axis boxplot.matrix lines mtext par plot.new plot.window
Flavor: r-devel-windows-ix86+x86_64

Version: 1.0-5
Check: package dependencies
Result: NOTE
    Package suggested but not available for checking: ‘Rmpi’
Flavor: r-release-osx-x86_64-mavericks

Version: 1.0-5
Check: Rd cross-references
Result: NOTE
    Package unavailable to check Rd xrefs: ‘Rmpi’
Flavor: r-release-osx-x86_64-mavericks