CRAN Package Check Results for Package simsalapar

Last updated on 2016-08-31 15:48:14.

Flavor Version Tinstall Tcheck Ttotal Status Flags
r-devel-linux-x86_64-debian-clang 1.0-9 1.17 64.49 65.66 OK
r-devel-linux-x86_64-debian-gcc 1.0-9 1.34 63.29 64.63 OK
r-devel-linux-x86_64-fedora-clang 1.0-9 69.72 OK
r-devel-linux-x86_64-fedora-gcc 1.0-9 65.09 OK
r-devel-osx-x86_64-clang 1.0-9 54.57 OK
r-devel-windows-ix86+x86_64 1.0-9 7.00 122.00 129.00 OK
r-patched-linux-x86_64 1.0-9 1.17 64.94 66.11 OK
r-patched-solaris-sparc 1.0-9 881.50 OK
r-patched-solaris-x86 1.0-9 176.80 OK
r-release-linux-x86_64 1.0-9 1.24 63.54 64.77 OK
r-release-osx-x86_64-mavericks 1.0-9 NOTE
r-release-windows-ix86+x86_64 1.0-9 6.00 125.00 131.00 OK
r-oldrel-windows-ix86+x86_64 1.0-9 8.00 123.00 131.00 OK

Check Details

Version: 1.0-9
Check: package dependencies
Result: NOTE
    Package suggested but not available for checking: ‘Rmpi’
Flavor: r-release-osx-x86_64-mavericks

Version: 1.0-9
Check: Rd cross-references
Result: NOTE
    Package unavailable to check Rd xrefs: ‘Rmpi’
Flavor: r-release-osx-x86_64-mavericks