CRAN Package Check Results for Package simsalapar

Last updated on 2017-03-25 03:48:15.

Flavor Version Tinstall Tcheck Ttotal Status Flags
r-devel-linux-x86_64-debian-clang 1.0-9 1.22 23.62 24.84 OK --no-tests
r-devel-linux-x86_64-debian-gcc 1.0-9 1.31 22.52 23.83 OK --no-tests
r-devel-linux-x86_64-fedora-clang 1.0-9 83.50 OK --no-stop-on-test-error
r-devel-linux-x86_64-fedora-gcc 1.0-9 76.57 OK --no-stop-on-test-error
r-devel-macos-x86_64-clang 1.0-9 59.98 OK --no-stop-on-test-error
r-devel-windows-ix86+x86_64 1.0-9 4.00 96.00 100.00 OK
r-patched-linux-x86_64 1.0-9 1.24 20.57 21.80 OK --no-tests
r-patched-solaris-sparc 1.0-9 906.80 OK
r-patched-solaris-x86 1.0-9 207.40 OK
r-release-linux-x86_64 1.0-9 1.27 21.90 23.17 OK --no-tests
r-release-osx-x86_64-mavericks 1.0-9 NOTE
r-release-windows-ix86+x86_64 1.0-9 6.00 93.00 99.00 OK
r-oldrel-windows-ix86+x86_64 1.0-9 5.00 119.00 124.00 OK

Check Details

Version: 1.0-9
Check: package dependencies
Result: NOTE
    Package suggested but not available for checking: ‘Rmpi’
Flavor: r-release-osx-x86_64-mavericks

Version: 1.0-9
Check: Rd cross-references
Result: NOTE
    Package unavailable to check Rd xrefs: ‘Rmpi’
Flavor: r-release-osx-x86_64-mavericks