CRAN Package Check Results for Package simsalapar

Last updated on 2016-09-28 15:48:14.

Flavor Version Tinstall Tcheck Ttotal Status Flags
r-devel-linux-x86_64-debian-clang 1.0-9 1.26 15774.89 15776.15 FAIL
r-devel-linux-x86_64-debian-gcc 1.0-9 1.20 44948.35 44949.55 FAIL
r-devel-linux-x86_64-fedora-clang 1.0-9 67.31 OK
r-devel-linux-x86_64-fedora-gcc 1.0-9 65.99 OK
r-devel-macos-x86_64-clang 1.0-9 53.03 OK
r-devel-windows-ix86+x86_64 1.0-9 4.00 121.00 125.00 OK
r-patched-linux-x86_64 1.0-9 1.19 74226.51 74227.70 FAIL
r-patched-solaris-sparc 1.0-9 881.50 OK
r-patched-solaris-x86 1.0-9 177.50 OK
r-release-linux-x86_64 1.0-9 1.24 33396.24 33397.48 FAIL
r-release-osx-x86_64-mavericks 1.0-9 NOTE
r-release-windows-ix86+x86_64 1.0-9 6.00 110.00 116.00 OK
r-oldrel-windows-ix86+x86_64 1.0-9 6.00 116.00 122.00 OK

Check Details

Version: 1.0-9
Check: tests
Result: FAIL
    
Flavors: r-devel-linux-x86_64-debian-clang, r-devel-linux-x86_64-debian-gcc, r-patched-linux-x86_64, r-release-linux-x86_64

Version: 1.0-9
Check: package dependencies
Result: NOTE
    Package suggested but not available for checking: ‘Rmpi’
Flavor: r-release-osx-x86_64-mavericks

Version: 1.0-9
Check: Rd cross-references
Result: NOTE
    Package unavailable to check Rd xrefs: ‘Rmpi’
Flavor: r-release-osx-x86_64-mavericks