CRAN Package Check Results for Package simsalapar

Last updated on 2016-02-12 12:47:33.

Flavor Version Tinstall Tcheck Ttotal Status Flags
r-devel-linux-x86_64-debian-gcc 1.0-8 1.31 62.93 64.23 OK
r-devel-linux-x86_64-fedora-clang 1.0-9 71.95 OK
r-devel-linux-x86_64-fedora-gcc 1.0-8 65.74 OK
r-devel-osx-x86_64-clang 1.0-9 50.11 OK
r-devel-windows-ix86+x86_64 1.0-8 6.00 76.00 82.00 OK
r-patched-linux-x86_64 1.0-8 1.28 64.82 66.09 OK
r-patched-solaris-sparc 1.0-8 912.00 OK
r-patched-solaris-x86 1.0-8 184.70 OK
r-release-linux-x86_64 1.0-8 1.34 64.35 65.69 OK
r-release-osx-x86_64-mavericks 1.0-8 NOTE
r-release-windows-ix86+x86_64 1.0-8 6.00 110.00 116.00 OK
r-oldrel-windows-ix86+x86_64 1.0-8 8.00 86.00 94.00 OK

Check Details

Version: 1.0-8
Check: package dependencies
Result: NOTE
    Package suggested but not available for checking: ‘Rmpi’
Flavor: r-release-osx-x86_64-mavericks

Version: 1.0-8
Check: Rd cross-references
Result: NOTE
    Package unavailable to check Rd xrefs: ‘Rmpi’
Flavor: r-release-osx-x86_64-mavericks