CRAN Package Check Results for Package simsalapar

Last updated on 2018-07-23 07:48:04 CEST.

Flavor Version Tinstall Tcheck Ttotal Status Flags
r-devel-linux-x86_64-debian-clang 1.0-10 3.28 29.67 32.95 OK --no-tests
r-devel-linux-x86_64-debian-gcc 1.0-10 2.83 29.03 31.86 OK --no-tests
r-devel-linux-x86_64-fedora-clang 1.0-10 45.37 OK --no-tests
r-devel-linux-x86_64-fedora-gcc 1.0-10 43.39 OK --no-tests
r-devel-windows-ix86+x86_64 1.0-10 10.00 93.00 103.00 OK
r-patched-linux-x86_64 1.0-10 OK --no-tests
r-patched-solaris-x86 1.0-10 202.00 OK
r-release-linux-x86_64 1.0-10 3.23 34.23 37.46 OK --no-tests
r-release-windows-ix86+x86_64 1.0-10 6.00 86.00 92.00 OK
r-release-osx-x86_64 1.0-10 NOTE
r-oldrel-windows-ix86+x86_64 1.0-10 4.00 125.00 129.00 OK
r-oldrel-osx-x86_64 1.0-10 NOTE

Check Details

Version: 1.0-10
Check: package dependencies
Result: NOTE
    Package suggested but not available for checking: ‘Rmpi’
Flavors: r-release-osx-x86_64, r-oldrel-osx-x86_64

Version: 1.0-10
Check: Rd cross-references
Result: NOTE
    Package unavailable to check Rd xrefs: ‘Rmpi’
Flavors: r-release-osx-x86_64, r-oldrel-osx-x86_64