CRAN Package Check Results for Package simsalapar

Last updated on 2014-11-24 03:49:17.

Flavor Version Tinstall Tcheck Ttotal Status Flags
r-devel-linux-x86_64-debian-clang 1.0-4 1.43 39.47 40.90 OK
r-devel-linux-x86_64-debian-gcc 1.0-4 1.38 41.37 42.74 OK
r-devel-linux-x86_64-fedora-clang 1.0-4 69.83 OK
r-devel-linux-x86_64-fedora-gcc 1.0-4 63.96 OK
r-devel-osx-x86_64-clang 1.0-4 86.52 OK
r-devel-windows-ix86+x86_64 1.0-4 5.00 50.00 55.00 OK
r-patched-linux-x86_64 1.0-4 1.46 42.37 43.82 OK
r-patched-solaris-sparc 1.0-4 568.90 OK
r-patched-solaris-x86 1.0-4 135.20 OK
r-release-linux-ix86 1.0-4 1.94 54.20 56.14 OK
r-release-linux-x86_64 1.0-4 1.45 42.06 43.51 OK
r-release-osx-x86_64-mavericks 1.0-4 ERROR
r-release-osx-x86_64-snowleopard 1.0-4 OK
r-release-windows-ix86+x86_64 1.0-4 5.00 55.00 60.00 OK
r-oldrel-windows-ix86+x86_64 1.0-4 4.00 58.00 62.00 OK

Check Details

Version: 1.0-4
Check: package dependencies
Result: NOTE
    Packages suggested but not available for checking: ‘Rmpi’ ‘copula’
Flavor: r-release-osx-x86_64-mavericks

Version: 1.0-4
Check: Rd cross-references
Result: NOTE
    Package unavailable to check Rd xrefs: ‘Rmpi’
Flavor: r-release-osx-x86_64-mavericks

Version: 1.0-4
Check: tests
Result: ERROR
    Running the tests in ‘tests/tstVaRsuperadd.R’ failed.
    Last 13 lines of output:
     + }))
     + stopifnot( doRes.equal(res, res3) )
     + }
    
     > ### 3) Analysis ################################################################
     >
     > ## extract results
     > val <- getArray(res) # array of values
     Error in valArray(x, err.value = err.value, FUN = FUN) :
     no non-error values
     Calls: demo ... withVisible -> eval -> eval -> getArray -> valArray
     In addition: There were 50 or more warnings (use warnings() to see the first 50)
     Execution halted
Flavor: r-release-osx-x86_64-mavericks