CRAN Package Check Results for Package simsalapar

Last updated on 2017-01-17 20:51:00.

Flavor Version Tinstall Tcheck Ttotal Status Flags
r-devel-linux-x86_64-debian-clang 1.0-9 1.34 23.33 24.67 OK --no-tests
r-devel-linux-x86_64-debian-gcc 1.0-9 1.36 22.81 24.17 OK --no-tests
r-devel-linux-x86_64-fedora-clang 1.0-9 76.48 OK --no-stop-on-test-error
r-devel-linux-x86_64-fedora-gcc 1.0-9 77.35 OK --no-stop-on-test-error
r-devel-macos-x86_64-clang 1.0-9 58.91 OK --no-stop-on-test-error
r-devel-windows-ix86+x86_64 1.0-9 9.00 86.00 95.00 OK
r-patched-linux-x86_64 1.0-9 1.34 20.57 21.91 OK --no-tests
r-patched-solaris-sparc 1.0-9 883.30 OK
r-patched-solaris-x86 1.0-9 185.50 OK
r-release-linux-x86_64 1.0-9 1.24 20.76 22.00 OK --no-tests
r-release-osx-x86_64-mavericks 1.0-9 NOTE
r-release-windows-ix86+x86_64 1.0-9 4.00 115.00 119.00 OK
r-oldrel-windows-ix86+x86_64 1.0-9 5.00 122.00 127.00 OK

Check Details

Version: 1.0-9
Check: package dependencies
Result: NOTE
    Package suggested but not available for checking: ‘Rmpi’
Flavor: r-release-osx-x86_64-mavericks

Version: 1.0-9
Check: Rd cross-references
Result: NOTE
    Package unavailable to check Rd xrefs: ‘Rmpi’
Flavor: r-release-osx-x86_64-mavericks