CRAN Package Check Results for Package simstandard

Last updated on 2019-04-23 07:48:09 CEST.

Flavor Version Tinstall Tcheck Ttotal Status Flags
r-devel-linux-x86_64-debian-clang 0.3.0 2.65 35.43 38.08 OK
r-devel-linux-x86_64-debian-gcc 0.3.0 1.93 28.01 29.94 OK
r-devel-linux-x86_64-fedora-clang 0.3.0 44.99 OK
r-devel-linux-x86_64-fedora-gcc 0.3.0 42.71 OK
r-devel-windows-ix86+x86_64 0.3.0 7.00 46.00 53.00 OK
r-patched-linux-x86_64 0.3.0 2.69 34.85 37.54 OK
r-patched-solaris-x86 0.3.0 69.00 OK
r-release-linux-x86_64 0.3.0 1.88 33.77 35.65 OK
r-release-windows-ix86+x86_64 0.3.0 3.00 73.00 76.00 OK
r-release-osx-x86_64 0.3.0 OK
r-oldrel-osx-x86_64 0.3.0 ERROR

Check Details

Version: 0.3.0
Check: whether package can be installed
Result: ERROR
    Installation failed.
Flavor: r-oldrel-osx-x86_64