CRAN Package Check Results for Package sinartra

Last updated on 2014-04-16 06:48:02.

Flavor Version Tinstall Tcheck Ttotal Status Flags
r-devel-linux-x86_64-debian-clang 0.1.1 0.70 9.70 10.40 NOTE
r-devel-linux-x86_64-debian-gcc 0.1.1 0.68 9.78 10.46 NOTE
r-devel-linux-x86_64-fedora-clang 0.1.1 20.46 NOTE
r-devel-linux-x86_64-fedora-gcc 0.1.1 18.94 NOTE
r-devel-macosx-x86_64-clang 0.1.1 26.32 NOTE
r-devel-macosx-x86_64-gcc 0.1.1 ERROR
r-devel-windows-ix86+x86_64 0.1.1 3.00 17.00 20.00 NOTE
r-patched-linux-x86_64 0.1.1 0.69 9.75 10.44 NOTE
r-patched-solaris-sparc 0.1.1 115.70 NOTE
r-patched-solaris-x86 0.1.1 29.50 NOTE
r-release-linux-ix86 0.1.1 2.00 22.00 24.00 NOTE
r-release-linux-x86_64 0.1.1 0.68 10.06 10.75 NOTE
r-release-macosx-x86_64 0.1.1 NOTE
r-release-windows-ix86+x86_64 0.1.1 3.00 17.00 20.00 NOTE
r-oldrel-windows-ix86+x86_64 0.1.1 3.00 18.00 21.00 NOTE

Check Details

Version: 0.1.1
Check: dependencies in R code
Result: NOTE
    Namespace in Imports field not imported from: ‘mutatr’
     All declared Imports should be used.
    See the information on DESCRIPTION files in the chapter ‘Creating R
    packages’ of the ‘Writing R Extensions’ manual.
Flavors: r-devel-linux-x86_64-debian-clang, r-devel-linux-x86_64-debian-gcc, r-devel-linux-x86_64-fedora-clang, r-devel-linux-x86_64-fedora-gcc, r-devel-macosx-x86_64-clang, r-devel-windows-ix86+x86_64, r-patched-linux-x86_64, r-patched-solaris-sparc, r-patched-solaris-x86, r-release-linux-ix86, r-release-linux-x86_64, r-release-macosx-x86_64, r-release-windows-ix86+x86_64, r-oldrel-windows-ix86+x86_64

Version: 0.1.1
Check: R code for possible problems
Result: NOTE
    redirect: warning in render("Redirecting...", status = status, header =
     stringr::str_c("Location: ", url)): partial argument match of
     'header' to 'headers'
Flavors: r-devel-linux-x86_64-debian-clang, r-devel-linux-x86_64-debian-gcc, r-devel-linux-x86_64-fedora-clang, r-devel-linux-x86_64-fedora-gcc, r-devel-macosx-x86_64-clang, r-devel-windows-ix86+x86_64, r-patched-linux-x86_64, r-patched-solaris-sparc, r-patched-solaris-x86, r-release-linux-ix86, r-release-linux-x86_64, r-release-macosx-x86_64, r-release-windows-ix86+x86_64, r-oldrel-windows-ix86+x86_64

Version: 0.1.1
Check: package dependencies
Result: ERROR
    Package required but not available: ‘evaluate’
    
    See the information on DESCRIPTION files in the chapter ‘Creating R
    packages’ of the ‘Writing R Extensions’ manual.
Flavor: r-devel-macosx-x86_64-gcc