CRAN Package Check Results for Package sindyr

Last updated on 2020-10-01 22:49:36 CEST.

Flavor Version Tinstall Tcheck Ttotal Status Flags
r-devel-linux-x86_64-debian-clang 0.2.3 2.99 32.93 35.92 OK
r-devel-linux-x86_64-debian-gcc 0.2.3 2.07 25.64 27.71 OK
r-devel-linux-x86_64-fedora-clang 0.2.3 55.67 NOTE
r-devel-linux-x86_64-fedora-gcc 0.2.3 44.16 NOTE
r-devel-windows-ix86+x86_64 0.2.3 7.00 39.00 46.00 OK
r-patched-linux-x86_64 0.2.3 2.87 31.38 34.25 OK
r-patched-solaris-x86 0.2.3 66.80 NOTE
r-release-linux-x86_64 0.2.3 2.90 31.85 34.75 OK
r-release-macos-x86_64 0.2.3 NOTE
r-release-windows-ix86+x86_64 0.2.3 8.00 52.00 60.00 OK
r-oldrel-macos-x86_64 0.2.3 NOTE
r-oldrel-windows-ix86+x86_64 0.2.3 6.00 56.00 62.00 OK

Check Details

Version: 0.2.3
Check: dependencies in R code
Result: NOTE
    Namespaces in Imports field not imported from:
     ‘crqa’ ‘plot3D’
     All declared Imports should be used.
Flavors: r-devel-linux-x86_64-fedora-clang, r-devel-linux-x86_64-fedora-gcc, r-patched-solaris-x86, r-release-macos-x86_64, r-oldrel-macos-x86_64