CRAN Package Check Results for Package sinew

Last updated on 2022-01-24 20:18:03 CET.

Flavor Version Tinstall Tcheck Ttotal Status Flags
r-devel-linux-x86_64-debian-clang 0.3.8 7.77 69.70 77.47 NOTE
r-devel-linux-x86_64-debian-gcc 0.3.8 5.90 53.12 59.02 NOTE
r-devel-linux-x86_64-fedora-clang 0.3.8 94.15 NOTE
r-devel-linux-x86_64-fedora-gcc 0.3.8 81.04 NOTE
r-devel-windows-x86_64-new-UL 0.3.8 31.00 103.00 134.00 NOTE
r-devel-windows-x86_64-new-TK 0.3.8 NOTE
r-patched-linux-x86_64 0.3.8 7.15 57.93 65.08 NOTE
r-release-linux-x86_64 0.3.8 6.22 56.78 63.00 NOTE
r-release-macos-arm64 0.3.8 NOTE
r-release-macos-x86_64 0.3.8 NOTE
r-release-windows-ix86+x86_64 0.3.8 16.00 73.00 89.00 NOTE
r-oldrel-macos-x86_64 0.3.8 OK
r-oldrel-windows-ix86+x86_64 0.3.8 16.00 73.00 89.00 OK

Check Details

Version: 0.3.8
Check: LazyData
Result: NOTE
     'LazyData' is specified without a 'data' directory
Flavors: r-devel-linux-x86_64-debian-clang, r-devel-linux-x86_64-debian-gcc, r-devel-linux-x86_64-fedora-clang, r-devel-linux-x86_64-fedora-gcc, r-devel-windows-x86_64-new-UL, r-devel-windows-x86_64-new-TK, r-patched-linux-x86_64, r-release-linux-x86_64, r-release-macos-arm64, r-release-macos-x86_64, r-release-windows-ix86+x86_64