Last updated on 2021-02-25 08:48:11 CET.
Flavor | Version | Tinstall | Tcheck | Ttotal | Status | Flags |
---|---|---|---|---|---|---|
r-devel-linux-x86_64-debian-clang | 0.3.3 | 11.38 | 216.58 | 227.96 | NOTE | |
r-devel-linux-x86_64-debian-gcc | 0.3.3 | 8.68 | 165.15 | 173.83 | NOTE | |
r-devel-linux-x86_64-fedora-clang | 0.3.3 | 276.40 | NOTE | |||
r-devel-linux-x86_64-fedora-gcc | 0.3.3 | 265.38 | NOTE | |||
r-devel-windows-ix86+x86_64 | 0.3.3 | 21.00 | 215.00 | 236.00 | NOTE | |
r-patched-linux-x86_64 | 0.3.3 | 10.85 | 205.38 | 216.23 | NOTE | |
r-patched-solaris-x86 | 0.3.3 | 467.20 | NOTE | |||
r-release-linux-x86_64 | 0.3.3 | 11.10 | 203.47 | 214.57 | NOTE | |
r-release-macos-x86_64 | 0.3.3 | NOTE | ||||
r-release-windows-ix86+x86_64 | 0.3.3 | 26.00 | 254.00 | 280.00 | NOTE | |
r-oldrel-macos-x86_64 | 0.3.3 | NOTE | ||||
r-oldrel-windows-ix86+x86_64 | 0.3.3 | 16.00 | 241.00 | 257.00 | NOTE |
Version: 0.3.3
Check: package dependencies
Result: NOTE
Package suggested but not available for checking: 'SeuratData'
Flavors: r-devel-linux-x86_64-debian-clang, r-devel-linux-x86_64-debian-gcc, r-devel-linux-x86_64-fedora-clang, r-devel-linux-x86_64-fedora-gcc, r-devel-windows-ix86+x86_64, r-patched-linux-x86_64, r-patched-solaris-x86, r-release-linux-x86_64, r-release-macos-x86_64, r-release-windows-ix86+x86_64, r-oldrel-windows-ix86+x86_64
Version: 0.3.3
Check: package dependencies
Result: NOTE
Packages suggested but not available for checking:
'SingleCellExperiment', 'SeuratData'
Flavor: r-oldrel-macos-x86_64