CRAN Package Check Results for Package sirad

Last updated on 2014-09-01 14:46:40.

Flavor Version Tinstall Tcheck Ttotal Status Flags
r-devel-linux-x86_64-debian-clang 2.0-7 3.52 37.74 41.26 NOTE
r-devel-linux-x86_64-debian-gcc 2.0-7 3.35 36.62 39.97 NOTE
r-devel-linux-x86_64-fedora-clang 2.0-7 96.13 NOTE
r-devel-linux-x86_64-fedora-gcc 2.0-7 89.76 NOTE
r-devel-osx-x86_64-clang 2.0-7 84.89 NOTE
r-devel-windows-ix86+x86_64 2.0-7 7.00 48.00 55.00 NOTE
r-patched-linux-x86_64 2.0-7 3.50 39.99 43.49 NOTE
r-patched-solaris-sparc 2.0-7 587.80 NOTE
r-patched-solaris-x86 2.0-7 127.90 NOTE
r-release-linux-ix86 2.0-7 4.48 50.53 55.02 NOTE
r-release-linux-x86_64 2.0-7 3.57 39.96 43.53 NOTE
r-release-osx-x86_64-mavericks 2.0-7 NOTE
r-release-osx-x86_64-snowleopard 2.0-7 NOTE
r-release-windows-ix86+x86_64 2.0-7 12.00 64.00 76.00 NOTE
r-oldrel-windows-ix86+x86_64 2.0-7 11.00 63.00 74.00 NOTE

Check Details

Version: 2.0-7
Check: dependencies in R code
Result: NOTE
    'library' or 'require' call to ‘raster’ which was already attached by Depends.
     Please remove these calls from your code.
    Packages in Depends field not imported from:
     ‘RNetCDF’ ‘ncdf’ ‘raster’ ‘zoo’
     These packages need to be imported from (in the NAMESPACE file)
     for when this namespace is loaded but not attached.
    See the information on DESCRIPTION files in the chapter ‘Creating R
    packages’ of the ‘Writing R Extensions’ manual.
Flavors: r-devel-linux-x86_64-debian-clang, r-devel-linux-x86_64-debian-gcc, r-devel-linux-x86_64-fedora-clang, r-devel-linux-x86_64-fedora-gcc, r-devel-osx-x86_64-clang, r-devel-windows-ix86+x86_64, r-patched-linux-x86_64, r-patched-solaris-sparc, r-patched-solaris-x86, r-release-linux-ix86, r-release-linux-x86_64, r-release-osx-x86_64-mavericks, r-release-windows-ix86+x86_64, r-oldrel-windows-ix86+x86_64

Version: 2.0-7
Check: R code for possible problems
Result: NOTE
    bc: no visible global function definition for ‘zoo’
    bcauto: no visible global function definition for ‘extract’
    bcauto: no visible binding for global variable ‘CFC’
    bcauto: no visible global function definition for ‘zoo’
    bccal: no visible global function definition for ‘zoo’
    cstRead: no visible global function definition for ‘extract’
    cstRead: no visible binding for global variable ‘CSTmap’
    hauto: no visible global function definition for ‘extract’
    hauto: no visible binding for global variable ‘CFC’
    ts.CMSAF: no visible global function definition for ‘open.ncdf’
    ts.CMSAF: no visible global function definition for ‘att.get.ncdf’
    ts.CMSAF: no visible global function definition for ‘utcal.nc’
    ts.CMSAF: no visible global function definition for ‘get.var.ncdf’
    ts.CMSAF: no visible global function definition for ‘close.ncdf’
    ts.CMSAF: no visible global function definition for ‘zoo’
Flavors: r-devel-linux-x86_64-debian-clang, r-devel-linux-x86_64-debian-gcc, r-devel-linux-x86_64-fedora-clang, r-devel-linux-x86_64-fedora-gcc, r-devel-osx-x86_64-clang, r-devel-windows-ix86+x86_64

Version: 2.0-7
Check: Rd line widths
Result: NOTE
    Rd file 'bcauto.Rd':
     \usage lines wider than 90 characters:
     bcauto(lat,lon,days,extraT=NULL,Tmax,Tmin,tal,BCb_guess=0.13,epsilon=0.5,perce=NA,dcoast=NA)
    
    Rd file 'et0.Rd':
     \examples lines wider than 100 characters:
     et0(Tmax=tmax,Tmin=tmin, vap_pres=vpres,sol_rad=rad_mea,tal=tal,z=Metdata$ALTITUDE,uz=wind,meah=10,extraT=NA,days=days,lat=lat)
    
    Rd file 'hauto.Rd':
     \usage lines wider than 90 characters:
     hauto(lat, lon, days,extraT = NULL, Tmax, Tmin, tal, Ha_guess = 0.16, Hb_guess = 0.1, epsilon=0.5, perce = NA)
    
    Rd file 'modeval.Rd':
     \usage lines wider than 90 characters:
     modeval(calculated,measured,stat=c("N","pearson","MBE","MAE","RMSE","RRMSE","R2","slope","intercept","EF","SD","CRM","MPE","AC","ACu"," ... [TRUNCATED]
    
    Rd file 'su.Rd':
     \examples lines wider than 100 characters:
     plot(zoo(su(days=days, lat=lat, extraT=NULL, A=0.07, B=0.54, C=-0.2, tmax=tmax, tmin=tmin, CC=cc),order.by=days))
    
    These lines will be truncated in the PDF manual.
Flavors: r-devel-linux-x86_64-fedora-clang, r-devel-linux-x86_64-fedora-gcc

Version: 2.0-7
Check: dependencies in R code
Result: NOTE
    'library' or 'require' call to 'raster' which was already attached by Depends.
     Please remove these calls from your code.
    See the information on DESCRIPTION files in the chapter 'Creating R
    packages' of the 'Writing R Extensions' manual.
Flavor: r-release-osx-x86_64-snowleopard