CRAN Package Check Results for Package sirad

Last updated on 2015-04-26 00:47:35.

Flavor Version Tinstall Tcheck Ttotal Status Flags
r-devel-linux-x86_64-debian-clang 2.0-7 2.74 31.42 34.16 NOTE
r-devel-linux-x86_64-debian-gcc 2.0-7 2.88 31.12 34.00 NOTE
r-devel-linux-x86_64-fedora-clang 2.0-7 69.67 NOTE
r-devel-linux-x86_64-fedora-gcc 2.0-7 65.96 NOTE
r-devel-osx-x86_64-clang 2.0-7 65.33 NOTE
r-devel-windows-ix86+x86_64 2.0-7 8.00 46.00 54.00 NOTE
r-patched-linux-x86_64 2.0-7 2.74 31.18 33.92 NOTE
r-patched-solaris-sparc 2.0-7 443.50 NOTE
r-patched-solaris-x86 2.0-7 95.60 NOTE
r-release-linux-x86_64 2.0-7 2.94 30.58 33.52 NOTE
r-release-osx-x86_64-mavericks 2.0-7 NOTE
r-release-osx-x86_64-snowleopard 2.0-7 ERROR
r-release-windows-ix86+x86_64 2.0-7 8.00 52.00 60.00 NOTE
r-oldrel-windows-ix86+x86_64 2.0-7 9.00 53.00 62.00 NOTE

Check Details

Version: 2.0-7
Check: dependencies in R code
Result: NOTE
    'library' or 'require' call to 'raster' which was already attached by Depends.
     Please remove these calls from your code.
    Packages in Depends field not imported from:
     'RNetCDF' 'ncdf' 'raster' 'zoo'
     These packages need to be imported from (in the NAMESPACE file)
     for when this namespace is loaded but not attached.
Flavors: r-devel-windows-ix86+x86_64, r-release-windows-ix86+x86_64, r-oldrel-windows-ix86+x86_64

Version: 2.0-7
Check: R code for possible problems
Result: NOTE
    bc: no visible global function definition for 'zoo'
    bcauto: no visible global function definition for 'extract'
    bcauto: no visible binding for global variable 'CFC'
    bcauto: no visible global function definition for 'zoo'
    bccal: no visible global function definition for 'zoo'
    cstRead: no visible global function definition for 'extract'
    cstRead: no visible binding for global variable 'CSTmap'
    hauto: no visible global function definition for 'extract'
    hauto: no visible binding for global variable 'CFC'
    ts.CMSAF: no visible global function definition for 'open.ncdf'
    ts.CMSAF: no visible global function definition for 'att.get.ncdf'
    ts.CMSAF: no visible global function definition for 'utcal.nc'
    ts.CMSAF: no visible global function definition for 'get.var.ncdf'
    ts.CMSAF: no visible global function definition for 'close.ncdf'
    ts.CMSAF: no visible global function definition for 'zoo'
Flavors: r-devel-windows-ix86+x86_64, r-release-windows-ix86+x86_64, r-oldrel-windows-ix86+x86_64