CRAN Package Check Results for Package sjdbc

Last updated on 2015-06-30 11:48:38.

Flavor Version Tinstall Tcheck Ttotal Status Flags
r-devel-linux-x86_64-debian-clang 1.5.0-71 1.18 17.82 19.00 NOTE
r-devel-linux-x86_64-debian-gcc 1.5.0-71 1.15 17.12 18.27 NOTE
r-devel-linux-x86_64-fedora-clang 1.5.0-71 37.12 NOTE
r-devel-linux-x86_64-fedora-gcc 1.5.0-71 35.12 NOTE
r-devel-osx-x86_64-clang 1.5.0-71 34.07 NOTE
r-devel-windows-ix86+x86_64 1.5.0-71 5.00 28.00 33.00 NOTE
r-patched-linux-x86_64 1.5.0-71 1.16 17.30 18.46 NOTE
r-patched-solaris-sparc 1.5.0-71 227.90 NOTE
r-patched-solaris-x86 1.5.0-71 61.20 NOTE
r-release-linux-x86_64 1.5.0-71 1.16 16.96 18.13 NOTE
r-release-osx-x86_64-mavericks 1.5.0-71 NOTE
r-release-windows-ix86+x86_64 1.5.0-71 4.00 31.00 35.00 NOTE
r-oldrel-windows-ix86+x86_64 1.5.0-71 8.00 36.00 44.00 NOTE

Check Details

Version: 1.5.0-71
Check: R code for possible problems
Result: NOTE
    .JavaMethod: no visible global function definition for ‘.jarray’
Flavors: r-devel-linux-x86_64-debian-clang, r-devel-linux-x86_64-debian-gcc, r-devel-linux-x86_64-fedora-clang, r-devel-linux-x86_64-fedora-gcc, r-devel-osx-x86_64-clang, r-devel-windows-ix86+x86_64, r-patched-linux-x86_64, r-patched-solaris-sparc, r-patched-solaris-x86, r-release-linux-x86_64, r-release-osx-x86_64-mavericks, r-release-windows-ix86+x86_64, r-oldrel-windows-ix86+x86_64