CRAN Package Check Results for Package sjdbc

Last updated on 2015-01-28 22:47:50.

Flavor Version Tinstall Tcheck Ttotal Status Flags
r-devel-linux-x86_64-debian-clang 1.5.0-71 1.48 19.78 21.27 NOTE
r-devel-linux-x86_64-debian-gcc 1.5.0-71 1.43 18.63 20.06 NOTE
r-devel-linux-x86_64-fedora-clang 1.5.0-71 46.25 NOTE
r-devel-linux-x86_64-fedora-gcc 1.5.0-71 42.05 NOTE
r-devel-osx-x86_64-clang 1.5.0-71 48.65 NOTE
r-devel-windows-ix86+x86_64 1.5.0-71 6.00 33.00 39.00 NOTE
r-patched-linux-x86_64 1.5.0-71 1.75 20.96 22.71 NOTE
r-patched-solaris-sparc 1.5.0-71 267.50 NOTE
r-patched-solaris-x86 1.5.0-71 68.50 NOTE
r-release-linux-ix86 1.5.0-71 1.95 27.52 29.47 NOTE
r-release-linux-x86_64 1.5.0-71 1.62 21.73 23.35 NOTE
r-release-osx-x86_64-mavericks 1.5.0-71 NOTE
r-release-osx-x86_64-snowleopard 1.5.0-71 OK
r-release-windows-ix86+x86_64 1.5.0-71 6.00 44.00 50.00 NOTE
r-oldrel-windows-ix86+x86_64 1.5.0-71 5.00 34.00 39.00 OK

Check Details

Version: 1.5.0-71
Check: R code for possible problems
Result: NOTE
    .JavaMethod: no visible global function definition for ‘.jarray’
Flavors: r-devel-linux-x86_64-debian-clang, r-devel-linux-x86_64-debian-gcc, r-devel-linux-x86_64-fedora-clang, r-devel-linux-x86_64-fedora-gcc, r-devel-osx-x86_64-clang, r-devel-windows-ix86+x86_64, r-patched-linux-x86_64, r-patched-solaris-sparc, r-patched-solaris-x86, r-release-linux-ix86, r-release-linux-x86_64, r-release-osx-x86_64-mavericks, r-release-windows-ix86+x86_64