CRAN Package Check Results for Package sjdbc

Last updated on 2014-08-30 08:50:16.

Flavor Version Tinstall Tcheck Ttotal Status Flags
r-devel-linux-x86_64-debian-clang 1.5.0-71 1.66 20.74 22.40 NOTE
r-devel-linux-x86_64-debian-gcc 1.5.0-71 1.60 20.07 21.66 NOTE
r-devel-linux-x86_64-fedora-clang 1.5.0-71 46.00 NOTE
r-devel-linux-x86_64-fedora-gcc 1.5.0-71 44.46 NOTE
r-devel-osx-x86_64-clang 1.5.0-71 43.45 NOTE
r-devel-windows-ix86+x86_64 1.5.0-71 5.00 32.00 37.00 NOTE
r-patched-linux-x86_64 1.5.0-71 1.66 21.17 22.82 OK
r-patched-solaris-sparc 1.5.0-71 298.30 OK
r-patched-solaris-x86 1.5.0-71 70.50 OK
r-release-linux-ix86 1.5.0-71 2.07 27.58 29.65 OK
r-release-linux-x86_64 1.5.0-71 1.67 21.83 23.50 OK
r-release-osx-x86_64-mavericks 1.5.0-71 OK
r-release-osx-x86_64-snowleopard 1.5.0-71 OK
r-release-windows-ix86+x86_64 1.5.0-71 7.00 45.00 52.00 OK
r-oldrel-windows-ix86+x86_64 1.5.0-71 5.00 34.00 39.00 OK

Check Details

Version: 1.5.0-71
Check: R code for possible problems
Result: NOTE
    .JavaMethod: no visible global function definition for ‘.jarray’
Flavors: r-devel-linux-x86_64-debian-clang, r-devel-linux-x86_64-debian-gcc, r-devel-linux-x86_64-fedora-clang, r-devel-linux-x86_64-fedora-gcc, r-devel-osx-x86_64-clang, r-devel-windows-ix86+x86_64