CRAN Package Check Results for Package sjdbc

Last updated on 2016-12-03 15:47:44.

Flavor Version Tinstall Tcheck Ttotal Status Flags
r-devel-linux-x86_64-debian-clang 1.5.0-71 1.32 19.96 21.28 NOTE
r-devel-linux-x86_64-debian-gcc 1.5.0-71 1.35 19.39 20.75 NOTE
r-devel-linux-x86_64-fedora-clang 1.5.0-71 39.70 NOTE
r-devel-linux-x86_64-fedora-gcc 1.5.0-71 38.02 NOTE
r-devel-macos-x86_64-clang 1.5.0-71 34.48 NOTE
r-devel-windows-ix86+x86_64 1.5.0-71 6.00 39.00 45.00 NOTE
r-patched-linux-x86_64 1.5.0-71 1.14 17.83 18.97 NOTE
r-patched-solaris-sparc 1.5.0-71 205.10 NOTE
r-patched-solaris-x86 1.5.0-71 44.40 NOTE
r-release-linux-x86_64 1.5.0-71 1.16 17.22 18.39 NOTE
r-release-osx-x86_64-mavericks 1.5.0-71 NOTE
r-release-windows-ix86+x86_64 1.5.0-71 4.00 38.00 42.00 NOTE
r-oldrel-windows-ix86+x86_64 1.5.0-71 4.00 37.00 41.00 NOTE

Check Details

Version: 1.5.0-71
Check: R code for possible problems
Result: NOTE
    .JavaMethod: no visible global function definition for ‘.jarray’
    Undefined global functions or variables:
     .jarray
Flavors: r-devel-linux-x86_64-debian-clang, r-devel-linux-x86_64-debian-gcc, r-devel-linux-x86_64-fedora-clang, r-devel-linux-x86_64-fedora-gcc, r-devel-macos-x86_64-clang, r-devel-windows-ix86+x86_64, r-patched-linux-x86_64, r-patched-solaris-sparc, r-patched-solaris-x86, r-release-linux-x86_64, r-release-osx-x86_64-mavericks, r-release-windows-ix86+x86_64

Version: 1.5.0-71
Check: R code for possible problems
Result: NOTE
    .JavaMethod: no visible global function definition for '.jarray'
Flavor: r-oldrel-windows-ix86+x86_64