CRAN Package Check Results for Package sjdbc

Last updated on 2014-09-17 08:49:29.

Flavor Version Tinstall Tcheck Ttotal Status Flags
r-devel-linux-x86_64-debian-clang 1.5.0-71 1.99 20.93 22.92 NOTE
r-devel-linux-x86_64-debian-gcc 1.5.0-71 1.84 20.00 21.84 NOTE
r-devel-linux-x86_64-fedora-clang 1.5.0-71 45.34 NOTE
r-devel-linux-x86_64-fedora-gcc 1.5.0-71 43.09 NOTE
r-devel-osx-x86_64-clang 1.5.0-71 44.23 NOTE
r-devel-windows-ix86+x86_64 1.5.0-71 4.00 29.00 33.00 NOTE
r-patched-linux-x86_64 1.5.0-71 1.68 21.01 22.69 OK
r-patched-solaris-sparc 1.5.0-71 298.30 OK
r-patched-solaris-x86 1.5.0-71 65.80 OK
r-release-linux-ix86 1.5.0-71 2.08 28.01 30.10 OK
r-release-linux-x86_64 1.5.0-71 1.68 22.14 23.82 OK
r-release-osx-x86_64-mavericks 1.5.0-71 OK
r-release-osx-x86_64-snowleopard 1.5.0-71 OK
r-release-windows-ix86+x86_64 1.5.0-71 7.00 45.00 52.00 OK
r-oldrel-windows-ix86+x86_64 1.5.0-71 5.00 34.00 39.00 OK

Check Details

Version: 1.5.0-71
Check: R code for possible problems
Result: NOTE
    .JavaMethod: no visible global function definition for ‘.jarray’
Flavors: r-devel-linux-x86_64-debian-clang, r-devel-linux-x86_64-debian-gcc, r-devel-linux-x86_64-fedora-clang, r-devel-linux-x86_64-fedora-gcc, r-devel-osx-x86_64-clang, r-devel-windows-ix86+x86_64