CRAN Package Check Results for Package sjdbc

Last updated on 2015-08-05 08:48:47.

Flavor Version Tinstall Tcheck Ttotal Status Flags
r-devel-linux-x86_64-debian-clang 1.5.0-71 1.21 17.41 18.62 NOTE
r-devel-linux-x86_64-debian-gcc 1.5.0-71 1.16 17.02 18.18 NOTE
r-devel-linux-x86_64-fedora-clang 1.5.0-71 37.10 NOTE
r-devel-linux-x86_64-fedora-gcc 1.5.0-71 34.82 NOTE
r-devel-osx-x86_64-clang 1.5.0-71 37.74 NOTE
r-devel-windows-ix86+x86_64 1.5.0-71 5.00 30.00 35.00 NOTE
r-patched-linux-x86_64 1.5.0-71 1.18 16.95 18.13 NOTE
r-patched-solaris-sparc 1.5.0-71 234.20 NOTE
r-patched-solaris-x86 1.5.0-71 63.60 NOTE
r-release-linux-x86_64 1.5.0-71 1.16 16.93 18.09 NOTE
r-release-osx-x86_64-mavericks 1.5.0-71 NOTE
r-release-windows-ix86+x86_64 1.5.0-71 6.00 30.00 36.00 NOTE
r-oldrel-windows-ix86+x86_64 1.5.0-71 8.00 40.00 48.00 NOTE

Check Details

Version: 1.5.0-71
Check: R code for possible problems
Result: NOTE
    .JavaMethod: no visible global function definition for ‘.jarray’
    Undefined global functions or variables:
     .jarray
Flavors: r-devel-linux-x86_64-debian-clang, r-devel-linux-x86_64-debian-gcc, r-devel-linux-x86_64-fedora-clang, r-devel-linux-x86_64-fedora-gcc, r-devel-osx-x86_64-clang, r-devel-windows-ix86+x86_64

Version: 1.5.0-71
Check: R code for possible problems
Result: NOTE
    .JavaMethod: no visible global function definition for ‘.jarray’
Flavors: r-patched-linux-x86_64, r-patched-solaris-sparc, r-patched-solaris-x86, r-release-linux-x86_64, r-release-osx-x86_64-mavericks, r-release-windows-ix86+x86_64, r-oldrel-windows-ix86+x86_64