CRAN Package Check Results for Package sjdbc

Last updated on 2016-02-11 06:50:58.

Flavor Version Tinstall Tcheck Ttotal Status Flags
r-devel-linux-x86_64-debian-gcc 1.5.0-71 1.11 15.71 16.82 NOTE
r-devel-linux-x86_64-fedora-clang 1.5.0-71 33.66 NOTE
r-devel-linux-x86_64-fedora-gcc 1.5.0-71 29.85 NOTE
r-devel-osx-x86_64-clang 1.5.0-71 37.38 NOTE
r-devel-windows-ix86+x86_64 1.5.0-71 6.00 38.00 44.00 NOTE
r-patched-linux-x86_64 1.5.0-71 1.20 17.18 18.38 NOTE
r-patched-solaris-sparc 1.5.0-71 215.50 NOTE
r-patched-solaris-x86 1.5.0-71 45.70 NOTE
r-release-linux-x86_64 1.5.0-71 1.22 17.72 18.93 NOTE
r-release-osx-x86_64-mavericks 1.5.0-71 NOTE
r-release-windows-ix86+x86_64 1.5.0-71 6.00 32.00 38.00 NOTE
r-oldrel-windows-ix86+x86_64 1.5.0-71 8.00 39.00 47.00 NOTE

Check Details

Version: 1.5.0-71
Check: R code for possible problems
Result: NOTE
    .JavaMethod: no visible global function definition for ‘.jarray’
    Undefined global functions or variables:
     .jarray
Flavors: r-devel-linux-x86_64-debian-gcc, r-devel-linux-x86_64-fedora-clang, r-devel-linux-x86_64-fedora-gcc, r-devel-osx-x86_64-clang, r-devel-windows-ix86+x86_64

Version: 1.5.0-71
Check: R code for possible problems
Result: NOTE
    .JavaMethod: no visible global function definition for ‘.jarray’
Flavors: r-patched-linux-x86_64, r-patched-solaris-sparc, r-patched-solaris-x86, r-release-linux-x86_64, r-release-osx-x86_64-mavericks, r-release-windows-ix86+x86_64, r-oldrel-windows-ix86+x86_64