CRAN Package Check Results for Package sjdbc

Last updated on 2016-07-28 06:47:36.

Flavor Version Tinstall Tcheck Ttotal Status Flags
r-devel-linux-x86_64-debian-clang 1.5.0-71 1.36 21.24 22.61 NOTE
r-devel-linux-x86_64-debian-gcc 1.5.0-71 1.49 21.09 22.58 NOTE
r-devel-linux-x86_64-fedora-clang 1.5.0-71 37.28 NOTE
r-devel-linux-x86_64-fedora-gcc 1.5.0-71 32.33 NOTE
r-devel-osx-x86_64-clang 1.5.0-71 30.31 NOTE
r-devel-windows-ix86+x86_64 1.5.0-71 4.00 41.00 45.00 NOTE
r-patched-linux-x86_64 1.5.0-71 1.42 21.07 22.49 NOTE
r-patched-solaris-sparc 1.5.0-71 205.10 NOTE
r-patched-solaris-x86 1.5.0-71 43.90 NOTE
r-release-linux-x86_64 1.5.0-71 1.42 21.94 23.37 NOTE
r-release-osx-x86_64-mavericks 1.5.0-71 NOTE
r-release-windows-ix86+x86_64 1.5.0-71 4.00 49.00 53.00 NOTE
r-oldrel-windows-ix86+x86_64 1.5.0-71 6.00 32.00 38.00 NOTE

Check Details

Version: 1.5.0-71
Check: R code for possible problems
Result: NOTE
    .JavaMethod: no visible global function definition for ‘.jarray’
    Undefined global functions or variables:
     .jarray
Flavors: r-devel-linux-x86_64-debian-clang, r-devel-linux-x86_64-debian-gcc, r-devel-linux-x86_64-fedora-clang, r-devel-linux-x86_64-fedora-gcc, r-devel-osx-x86_64-clang, r-devel-windows-ix86+x86_64, r-patched-linux-x86_64, r-patched-solaris-sparc, r-patched-solaris-x86, r-release-linux-x86_64, r-release-osx-x86_64-mavericks, r-release-windows-ix86+x86_64

Version: 1.5.0-71
Check: R code for possible problems
Result: NOTE
    .JavaMethod: no visible global function definition for '.jarray'
Flavor: r-oldrel-windows-ix86+x86_64