CRAN Package Check Results for Package sjdbc

Last updated on 2014-04-24 17:49:54.

Flavor Version Tinstall Tcheck Ttotal Status Flags
r-devel-linux-x86_64-debian-clang 1.5.0-71 2.02 22.28 24.30 OK
r-devel-linux-x86_64-debian-gcc 1.5.0-71 1.74 22.02 23.75 OK
r-devel-linux-x86_64-fedora-clang 1.5.0-71 47.55 OK
r-devel-linux-x86_64-fedora-gcc 1.5.0-71 45.42 OK
r-devel-osx-x86_64-clang 1.5.0-71 44.90 OK
r-devel-osx-x86_64-gcc 1.5.0-71 OK
r-devel-windows-ix86+x86_64 1.5.0-71 5.00 33.00 38.00 OK
r-patched-linux-x86_64 1.5.0-71 1.81 21.78 23.60 OK
r-patched-solaris-sparc 1.5.0-71 275.70 OK
r-patched-solaris-x86 1.5.0-71 66.30 OK
r-release-linux-ix86 1.5.0-71 3.00 40.00 43.00 OK
r-release-linux-x86_64 1.5.0-71 1.77 21.71 23.48 OK
r-release-osx-x86_64-mavericks 1.5.0-71 WARN
r-release-osx-x86_64-snowleopard 1.5.0-71 OK
r-release-windows-ix86+x86_64 1.5.0-71 9.00 42.00 51.00 OK
r-oldrel-windows-ix86+x86_64 1.5.0-71 5.00 34.00 39.00 OK

Check Details

Version: 1.5.0-71
Check: PDF version of manual
Result: WARNING
    LaTeX errors when creating PDF version.
    This typically indicates Rd problems.
    LaTeX errors found:
    ! LaTeX Error: File `upquote.sty' not found.
    
    Type X to quit or <RETURN> to proceed,
    or enter new name. (Default extension: sty)
    
    459670b2/Rd2.tex:8: ==> Fatal error occurred, no output PDF file produced!
Flavor: r-release-osx-x86_64-mavericks