CRAN Package Check Results for Package sjdbc

Last updated on 2016-05-04 17:50:09.

Flavor Version Tinstall Tcheck Ttotal Status Flags
r-devel-linux-x86_64-debian-gcc 1.5.0-71 1.12 17.14 18.27 NOTE
r-devel-linux-x86_64-fedora-clang 1.5.0-71 32.29 NOTE
r-devel-linux-x86_64-fedora-gcc 1.5.0-71 30.25 NOTE
r-devel-osx-x86_64-clang 1.5.0-71 38.59 NOTE
r-devel-windows-ix86+x86_64 1.5.0-71 4.00 49.00 53.00 NOTE
r-patched-linux-x86_64 1.5.0-71 1.18 16.77 17.95 NOTE
r-patched-solaris-sparc 1.5.0-71 204.80 NOTE
r-patched-solaris-x86 1.5.0-71 45.00 NOTE
r-release-linux-x86_64 1.5.0-71 1.17 17.02 18.19 NOTE
r-release-osx-x86_64-mavericks 1.5.0-71 NOTE
r-release-windows-ix86+x86_64 1.5.0-71 4.00 49.00 53.00 NOTE
r-oldrel-windows-ix86+x86_64 1.5.0-71 6.00 32.00 38.00 NOTE

Check Details

Version: 1.5.0-71
Check: R code for possible problems
Result: NOTE
    .JavaMethod: no visible global function definition for ‘.jarray’
    Undefined global functions or variables:
     .jarray
Flavors: r-devel-linux-x86_64-debian-gcc, r-devel-linux-x86_64-fedora-clang, r-devel-linux-x86_64-fedora-gcc, r-devel-osx-x86_64-clang, r-devel-windows-ix86+x86_64, r-patched-linux-x86_64, r-patched-solaris-sparc, r-patched-solaris-x86, r-release-linux-x86_64, r-release-windows-ix86+x86_64

Version: 1.5.0-71
Check: R code for possible problems
Result: NOTE
    .JavaMethod: no visible global function definition for ‘.jarray’
Flavors: r-release-osx-x86_64-mavericks, r-oldrel-windows-ix86+x86_64