CRAN Package Check Results for Package sjdbc

Last updated on 2015-03-27 07:48:58.

Flavor Version Tinstall Tcheck Ttotal Status Flags
r-devel-linux-x86_64-debian-clang 1.5.0-71 1.29 17.20 18.48 NOTE
r-devel-linux-x86_64-debian-gcc 1.5.0-71 1.56 16.35 17.90 NOTE
r-devel-linux-x86_64-fedora-clang 1.5.0-71 37.67 NOTE
r-devel-linux-x86_64-fedora-gcc 1.5.0-71 36.69 NOTE
r-devel-osx-x86_64-clang 1.5.0-71 44.83 NOTE
r-prerel-windows-ix86+x86_64 1.5.0-71 5.00 26.00 31.00 NOTE
r-prerel-linux-x86_64 1.5.0-71 1.24 16.73 17.97 NOTE
r-prerel-solaris-sparc 1.5.0-71 243.40 NOTE
r-prerel-solaris-x86 1.5.0-71 58.00 NOTE
r-release-linux-x86_64 1.5.0-71 1.66 21.44 23.10 NOTE
r-release-osx-x86_64-mavericks 1.5.0-71 NOTE
r-release-osx-x86_64-snowleopard 1.5.0-71 OK
r-release-windows-ix86+x86_64 1.5.0-71 8.00 36.00 44.00 NOTE
r-oldrel-windows-ix86+x86_64 1.5.0-71 5.00 34.00 39.00 OK

Check Details

Version: 1.5.0-71
Check: R code for possible problems
Result: NOTE
    .JavaMethod: no visible global function definition for ‘.jarray’
Flavors: r-devel-linux-x86_64-debian-clang, r-devel-linux-x86_64-debian-gcc, r-devel-linux-x86_64-fedora-clang, r-devel-linux-x86_64-fedora-gcc, r-devel-osx-x86_64-clang, r-prerel-windows-ix86+x86_64, r-prerel-linux-x86_64, r-prerel-solaris-sparc, r-prerel-solaris-x86, r-release-linux-x86_64, r-release-osx-x86_64-mavericks, r-release-windows-ix86+x86_64