CRAN Package Check Results for Package sjdbc

Last updated on 2015-04-19 11:51:21.

Flavor Version Tinstall Tcheck Ttotal Status Flags
r-devel-linux-x86_64-debian-clang 1.5.0-71 1.21 17.54 18.76 NOTE
r-devel-linux-x86_64-debian-gcc 1.5.0-71 1.17 16.86 18.04 NOTE
r-devel-linux-x86_64-fedora-clang 1.5.0-71 37.26 NOTE
r-devel-linux-x86_64-fedora-gcc 1.5.0-71 36.41 NOTE
r-devel-osx-x86_64-clang 1.5.0-71 40.11 NOTE
r-devel-windows-ix86+x86_64 1.5.0-71 6.00 41.00 47.00 NOTE
r-patched-linux-x86_64 1.5.0-71 1.36 16.83 18.19 NOTE
r-patched-solaris-sparc 1.5.0-71 243.40 NOTE
r-patched-solaris-x86 1.5.0-71 59.80 NOTE
r-release-linux-x86_64 1.5.0-71 1.17 15.58 16.75 NOTE
r-release-osx-x86_64-mavericks 1.5.0-71 NOTE
r-release-osx-x86_64-snowleopard 1.5.0-71 NOTE
r-release-windows-ix86+x86_64 1.5.0-71 4.00 31.00 35.00 NOTE
r-oldrel-windows-ix86+x86_64 1.5.0-71 8.00 36.00 44.00 NOTE

Check Details

Version: 1.5.0-71
Check: R code for possible problems
Result: NOTE
    .JavaMethod: no visible global function definition for ‘.jarray’
Flavors: r-devel-linux-x86_64-debian-clang, r-devel-linux-x86_64-debian-gcc, r-devel-linux-x86_64-fedora-clang, r-devel-linux-x86_64-fedora-gcc, r-devel-osx-x86_64-clang, r-devel-windows-ix86+x86_64, r-patched-linux-x86_64, r-patched-solaris-sparc, r-patched-solaris-x86, r-release-linux-x86_64, r-release-osx-x86_64-mavericks, r-release-osx-x86_64-snowleopard, r-release-windows-ix86+x86_64, r-oldrel-windows-ix86+x86_64