CRAN Package Check Results for Package sjdbc

Last updated on 2014-10-31 03:47:59.

Flavor Version Tinstall Tcheck Ttotal Status Flags
r-devel-linux-x86_64-debian-clang 1.5.0-71 2.06 20.68 22.74 NOTE
r-devel-linux-x86_64-debian-gcc 1.5.0-71 1.58 20.98 22.56 NOTE
r-devel-linux-x86_64-fedora-clang 1.5.0-71 45.64 NOTE
r-devel-linux-x86_64-fedora-gcc 1.5.0-71 42.98 NOTE
r-devel-osx-x86_64-clang 1.5.0-71 46.39 NOTE
r-devel-windows-ix86+x86_64 1.5.0-71 4.00 31.00 35.00 NOTE
r-patched-linux-x86_64 1.5.0-71 1.68 21.02 22.70 NOTE
r-patched-solaris-sparc 1.5.0-71 278.60 NOTE
r-patched-solaris-x86 1.5.0-71 68.60 NOTE
r-release-linux-ix86 1.5.0-71 2.11 27.81 29.92 OK
r-release-linux-x86_64 1.5.0-71 1.71 21.72 23.43 OK
r-release-osx-x86_64-mavericks 1.5.0-71 OK
r-release-osx-x86_64-snowleopard 1.5.0-71 OK
r-release-windows-ix86+x86_64 1.5.0-71 7.00 45.00 52.00 OK
r-oldrel-windows-ix86+x86_64 1.5.0-71 5.00 34.00 39.00 OK

Check Details

Version: 1.5.0-71
Check: R code for possible problems
Result: NOTE
    .JavaMethod: no visible global function definition for ‘.jarray’
Flavors: r-devel-linux-x86_64-debian-clang, r-devel-linux-x86_64-debian-gcc, r-devel-linux-x86_64-fedora-clang, r-devel-linux-x86_64-fedora-gcc, r-devel-osx-x86_64-clang, r-devel-windows-ix86+x86_64, r-patched-linux-x86_64, r-patched-solaris-sparc, r-patched-solaris-x86