CRAN Package Check Results for Package sjdbc

Last updated on 2015-09-04 11:47:53.

Flavor Version Tinstall Tcheck Ttotal Status Flags
r-devel-linux-x86_64-debian-clang 1.5.0-71 1.16 16.50 17.66 NOTE
r-devel-linux-x86_64-debian-gcc 1.5.0-71 1.20 15.68 16.88 NOTE
r-devel-linux-x86_64-fedora-clang 1.5.0-71 34.25 NOTE
r-devel-linux-x86_64-fedora-gcc 1.5.0-71 31.60 NOTE
r-devel-osx-x86_64-clang 1.5.0-71 30.50 NOTE
r-devel-windows-ix86+x86_64 1.5.0-71 4.00 30.00 34.00 NOTE
r-patched-linux-x86_64 1.5.0-71 1.20 16.64 17.85 NOTE
r-patched-solaris-sparc 1.5.0-71 234.20 NOTE
r-patched-solaris-x86 1.5.0-71 68.90 NOTE
r-release-linux-x86_64 1.5.0-71 1.26 16.94 18.19 NOTE
r-release-osx-x86_64-mavericks 1.5.0-71 NOTE
r-release-windows-ix86+x86_64 1.5.0-71 7.00 30.00 37.00 NOTE
r-oldrel-windows-ix86+x86_64 1.5.0-71 8.00 40.00 48.00 NOTE

Check Details

Version: 1.5.0-71
Check: R code for possible problems
Result: NOTE
    .JavaMethod: no visible global function definition for ‘.jarray’
    Undefined global functions or variables:
     .jarray
Flavors: r-devel-linux-x86_64-debian-clang, r-devel-linux-x86_64-debian-gcc, r-devel-linux-x86_64-fedora-clang, r-devel-linux-x86_64-fedora-gcc, r-devel-osx-x86_64-clang, r-devel-windows-ix86+x86_64

Version: 1.5.0-71
Check: R code for possible problems
Result: NOTE
    .JavaMethod: no visible global function definition for ‘.jarray’
Flavors: r-patched-linux-x86_64, r-patched-solaris-sparc, r-patched-solaris-x86, r-release-linux-x86_64, r-release-osx-x86_64-mavericks, r-release-windows-ix86+x86_64, r-oldrel-windows-ix86+x86_64