CRAN Package Check Results for Package sjdbc

Last updated on 2014-11-26 01:48:10.

Flavor Version Tinstall Tcheck Ttotal Status Flags
r-devel-linux-x86_64-debian-clang 1.5.0-71 1.66 21.27 22.93 NOTE
r-devel-linux-x86_64-debian-gcc 1.5.0-71 1.54 20.36 21.90 NOTE
r-devel-linux-x86_64-fedora-clang 1.5.0-71 48.65 NOTE
r-devel-linux-x86_64-fedora-gcc 1.5.0-71 44.17 NOTE
r-devel-osx-x86_64-clang 1.5.0-71 49.33 NOTE
r-devel-windows-ix86+x86_64 1.5.0-71 5.00 31.00 36.00 NOTE
r-patched-linux-x86_64 1.5.0-71 1.68 21.50 23.18 NOTE
r-patched-solaris-sparc 1.5.0-71 278.60 NOTE
r-patched-solaris-x86 1.5.0-71 70.60 NOTE
r-release-linux-ix86 1.5.0-71 1.96 26.83 28.79 NOTE
r-release-linux-x86_64 1.5.0-71 1.67 21.02 22.69 NOTE
r-release-osx-x86_64-mavericks 1.5.0-71 OK
r-release-osx-x86_64-snowleopard 1.5.0-71 OK
r-release-windows-ix86+x86_64 1.5.0-71 6.00 44.00 50.00 NOTE
r-oldrel-windows-ix86+x86_64 1.5.0-71 5.00 34.00 39.00 OK

Check Details

Version: 1.5.0-71
Check: R code for possible problems
Result: NOTE
    .JavaMethod: no visible global function definition for ‘.jarray’
Flavors: r-devel-linux-x86_64-debian-clang, r-devel-linux-x86_64-debian-gcc, r-devel-linux-x86_64-fedora-clang, r-devel-linux-x86_64-fedora-gcc, r-devel-osx-x86_64-clang, r-devel-windows-ix86+x86_64, r-patched-linux-x86_64, r-patched-solaris-sparc, r-patched-solaris-x86, r-release-linux-ix86, r-release-linux-x86_64, r-release-windows-ix86+x86_64