CRAN Package Check Results for Package skatMeta

Last updated on 2014-07-25 14:47:43.

Flavor Version Tinstall Tcheck Ttotal Status Flags
r-devel-linux-x86_64-debian-clang 1.4.3 5.39 121.24 126.62 NOTE
r-devel-linux-x86_64-debian-gcc 1.4.3 5.30 123.71 129.01 NOTE
r-devel-linux-x86_64-fedora-clang 1.4.3 279.34 NOTE
r-devel-linux-x86_64-fedora-gcc 1.4.3 274.79 NOTE
r-devel-osx-x86_64-clang 1.4.3 205.05 NOTE
r-devel-windows-ix86+x86_64 1.4.3 20.00 200.00 220.00 NOTE
r-patched-linux-x86_64 1.4.3 5.57 118.61 124.18 NOTE
r-patched-solaris-sparc 1.4.3 1616.00 NOTE
r-patched-solaris-x86 1.4.3 342.70 NOTE
r-release-linux-ix86 1.4.3 6.71 156.34 163.05 NOTE
r-release-linux-x86_64 1.4.3 5.50 121.86 127.37 NOTE
r-release-osx-x86_64-mavericks 1.4.3 NOTE
r-release-osx-x86_64-snowleopard 1.4.3 NOTE
r-release-windows-ix86+x86_64 1.4.3 20.00 202.00 222.00 NOTE
r-oldrel-windows-ix86+x86_64 1.4.3 20.00 212.00 232.00 NOTE

Check Details

Version: 1.4.3
Check: dependencies in R code
Result: NOTE
    'library' or 'require' calls to packages already attached by Depends:
     ‘coxme’ ‘survival’
     Please remove these calls from your code.
    Packages in Depends field not imported from:
     ‘CompQuadForm’ ‘Matrix’ ‘coxme’ ‘survival’
     These packages need to be imported from (in the NAMESPACE file)
     for when this namespace is loaded but not attached.
    ':::' call which should be '::': ‘coxme:::lmekin’
     See the note in ?`:::` about the use of this operator.
    See the information on DESCRIPTION files in the chapter ‘Creating R
    packages’ of the ‘Writing R Extensions’ manual.
Flavors: r-devel-linux-x86_64-debian-clang, r-devel-linux-x86_64-debian-gcc, r-devel-linux-x86_64-fedora-clang, r-devel-linux-x86_64-fedora-gcc, r-devel-osx-x86_64-clang, r-devel-windows-ix86+x86_64, r-patched-linux-x86_64, r-patched-solaris-sparc, r-patched-solaris-x86, r-release-linux-ix86, r-release-linux-x86_64, r-release-osx-x86_64-mavericks, r-release-windows-ix86+x86_64, r-oldrel-windows-ix86+x86_64

Version: 1.4.3
Check: files in ‘vignettes’
Result: NOTE
    The following files look like leftovers/mistakes:
     ‘skatMeta.bbl’
    Please remove them from your package.
Flavors: r-devel-linux-x86_64-debian-clang, r-devel-linux-x86_64-debian-gcc, r-devel-linux-x86_64-fedora-clang, r-devel-linux-x86_64-fedora-gcc, r-devel-osx-x86_64-clang, r-patched-linux-x86_64, r-patched-solaris-sparc, r-patched-solaris-x86, r-release-linux-ix86, r-release-linux-x86_64, r-release-osx-x86_64-mavericks, r-release-osx-x86_64-snowleopard

Version: 1.4.3
Check: files in 'vignettes'
Result: NOTE
    The following files look like leftovers/mistakes:
     'skatMeta.bbl'
    Please remove them from your package.
    * checking examples ...
Flavors: r-devel-windows-ix86+x86_64, r-release-windows-ix86+x86_64, r-oldrel-windows-ix86+x86_64

Version: 1.4.3
Check: dependencies in R code
Result: NOTE
    'library' or 'require' calls to packages already attached by Depends:
     'coxme' 'survival'
     Please remove these calls from your code.
    ':::' call which should be '::': 'coxme:::lmekin'
     See the note in ?`:::` about the use of this operator.
    See the information on DESCRIPTION files in the chapter 'Creating R
    packages' of the 'Writing R Extensions' manual.
Flavor: r-release-osx-x86_64-snowleopard