CRAN Package Check Results for Package skatMeta

Last updated on 2015-04-25 15:46:21.

Flavor Version Tinstall Tcheck Ttotal Status Flags
r-devel-linux-x86_64-debian-clang 1.4.3 4.23 103.44 107.67 NOTE
r-devel-linux-x86_64-debian-gcc 1.4.3 4.32 100.47 104.80 NOTE
r-devel-linux-x86_64-fedora-clang 1.4.3 220.18 NOTE
r-devel-linux-x86_64-fedora-gcc 1.4.3 211.75 NOTE
r-devel-osx-x86_64-clang 1.4.3 173.41 NOTE
r-devel-windows-ix86+x86_64 1.4.3 18.00 181.00 199.00 NOTE
r-patched-linux-x86_64 1.4.3 4.24 106.86 111.10 NOTE
r-patched-solaris-sparc 1.4.3 1378.60 NOTE
r-patched-solaris-x86 1.4.3 276.60 NOTE
r-release-linux-x86_64 1.4.3 4.34 101.41 105.76 NOTE
r-release-osx-x86_64-mavericks 1.4.3 NOTE
r-release-osx-x86_64-snowleopard 1.4.3 NOTE
r-release-windows-ix86+x86_64 1.4.3 18.00 178.00 196.00 NOTE
r-oldrel-windows-ix86+x86_64 1.4.3 17.00 217.00 234.00 NOTE

Check Details

Version: 1.4.3
Check: dependencies in R code
Result: NOTE
    'library' or 'require' calls to packages already attached by Depends:
     'coxme' 'survival'
     Please remove these calls from your code.
    Packages in Depends field not imported from:
     'CompQuadForm' 'Matrix' 'coxme' 'survival'
     These packages need to be imported from (in the NAMESPACE file)
     for when this namespace is loaded but not attached.
    ':::' call which should be '::': 'coxme:::lmekin'
     See the note in ?`:::` about the use of this operator.
Flavors: r-devel-windows-ix86+x86_64, r-release-windows-ix86+x86_64, r-oldrel-windows-ix86+x86_64

Version: 1.4.3
Check: R code for possible problems
Result: NOTE
    pchisqsum2: no visible global function definition for 'davies'
    pchisqsum2: no visible global function definition for 'farebrother'
    pchisqsum2: no visible global function definition for 'liu'
    skatCoxCohort: no visible global function definition for 'coxph'
    skatCoxCohort : <anonymous>: no visible global function definition for
     'coxph.control'
    skatFamCohort: no visible global function definition for 'Matrix'
    skatFamCohort: no visible global function definition for
     'forceSymmetric'
    skatFamCohort: no visible global function definition for 'Diagonal'
Flavors: r-devel-windows-ix86+x86_64, r-release-windows-ix86+x86_64, r-oldrel-windows-ix86+x86_64

Version: 1.4.3
Check: files in 'vignettes'
Result: NOTE
    The following files look like leftovers/mistakes:
     'skatMeta.bbl'
    Please remove them from your package.
Flavors: r-devel-windows-ix86+x86_64, r-release-windows-ix86+x86_64, r-oldrel-windows-ix86+x86_64