CRAN Package Check Results for Package skatMeta

Last updated on 2015-01-31 13:48:35.

Flavor Version Tinstall Tcheck Ttotal Status Flags
r-devel-linux-x86_64-debian-clang 1.4.3 4.24 102.62 106.86 NOTE
r-devel-linux-x86_64-debian-gcc 1.4.3 4.43 102.05 106.48 NOTE
r-devel-linux-x86_64-fedora-clang 1.4.3 262.48 NOTE
r-devel-linux-x86_64-fedora-gcc 1.4.3 255.00 NOTE
r-devel-osx-x86_64-clang 1.4.3 209.19 NOTE
r-devel-windows-ix86+x86_64 1.4.3 21.00 176.00 197.00 NOTE
r-patched-linux-x86_64 1.4.3 5.43 123.26 128.70 NOTE
r-patched-solaris-sparc 1.4.3 1579.20 NOTE
r-patched-solaris-x86 1.4.3 337.50 NOTE
r-release-linux-ix86 1.4.3 6.45 151.40 157.85 NOTE
r-release-linux-x86_64 1.4.3 5.39 118.79 124.18 NOTE
r-release-osx-x86_64-mavericks 1.4.3 NOTE
r-release-osx-x86_64-snowleopard 1.4.3 NOTE
r-release-windows-ix86+x86_64 1.4.3 20.00 205.00 225.00 NOTE
r-oldrel-windows-ix86+x86_64 1.4.3 20.00 216.00 236.00 NOTE

Check Details

Version: 1.4.3
Check: dependencies in R code
Result: NOTE
    'library' or 'require' calls to packages already attached by Depends:
     ‘coxme’ ‘survival’
     Please remove these calls from your code.
    Packages in Depends field not imported from:
     ‘CompQuadForm’ ‘Matrix’ ‘coxme’ ‘survival’
     These packages need to be imported from (in the NAMESPACE file)
     for when this namespace is loaded but not attached.
    ':::' call which should be '::': ‘coxme:::lmekin’
     See the note in ?`:::` about the use of this operator.
Flavors: r-devel-linux-x86_64-debian-clang, r-devel-linux-x86_64-debian-gcc, r-devel-linux-x86_64-fedora-clang, r-devel-linux-x86_64-fedora-gcc, r-devel-osx-x86_64-clang, r-devel-windows-ix86+x86_64

Version: 1.4.3
Check: R code for possible problems
Result: NOTE
    pchisqsum2: no visible global function definition for ‘davies’
    pchisqsum2: no visible global function definition for ‘farebrother’
    pchisqsum2: no visible global function definition for ‘liu’
    skatCoxCohort: no visible global function definition for ‘coxph’
    skatCoxCohort : <anonymous>: no visible global function definition for
     ‘coxph.control’
    skatFamCohort: no visible global function definition for ‘Matrix’
    skatFamCohort: no visible global function definition for
     ‘forceSymmetric’
    skatFamCohort: no visible global function definition for ‘Diagonal’
Flavors: r-devel-linux-x86_64-debian-clang, r-devel-linux-x86_64-debian-gcc, r-devel-linux-x86_64-fedora-clang, r-devel-linux-x86_64-fedora-gcc, r-devel-osx-x86_64-clang, r-devel-windows-ix86+x86_64, r-patched-linux-x86_64, r-patched-solaris-sparc, r-patched-solaris-x86, r-release-linux-ix86, r-release-linux-x86_64, r-release-osx-x86_64-mavericks, r-release-windows-ix86+x86_64

Version: 1.4.3
Check: files in ‘vignettes’
Result: NOTE
    The following files look like leftovers/mistakes:
     ‘skatMeta.bbl’
    Please remove them from your package.
Flavors: r-devel-linux-x86_64-debian-clang, r-devel-linux-x86_64-debian-gcc, r-devel-linux-x86_64-fedora-clang, r-devel-linux-x86_64-fedora-gcc, r-devel-osx-x86_64-clang, r-devel-windows-ix86+x86_64, r-patched-linux-x86_64, r-patched-solaris-sparc, r-patched-solaris-x86, r-release-linux-ix86, r-release-linux-x86_64, r-release-osx-x86_64-mavericks, r-release-osx-x86_64-snowleopard, r-release-windows-ix86+x86_64, r-oldrel-windows-ix86+x86_64

Version: 1.4.3
Check: dependencies in R code
Result: NOTE
    'library' or 'require' calls to packages already attached by Depends:
     ‘coxme’ ‘survival’
     Please remove these calls from your code.
    Packages in Depends field not imported from:
     ‘CompQuadForm’ ‘Matrix’ ‘coxme’ ‘survival’
     These packages need to be imported from (in the NAMESPACE file)
     for when this namespace is loaded but not attached.
    ':::' call which should be '::': ‘coxme:::lmekin’
     See the note in ?`:::` about the use of this operator.
    See the information on DESCRIPTION files in the chapter ‘Creating R
    packages’ of the ‘Writing R Extensions’ manual.
Flavors: r-patched-linux-x86_64, r-patched-solaris-sparc, r-patched-solaris-x86, r-release-linux-ix86, r-release-linux-x86_64, r-release-osx-x86_64-mavericks, r-release-windows-ix86+x86_64, r-oldrel-windows-ix86+x86_64

Version: 1.4.3
Check: dependencies in R code
Result: NOTE
    'library' or 'require' calls to packages already attached by Depends:
     'coxme' 'survival'
     Please remove these calls from your code.
    ':::' call which should be '::': 'coxme:::lmekin'
     See the note in ?`:::` about the use of this operator.
    See the information on DESCRIPTION files in the chapter 'Creating R
    packages' of the 'Writing R Extensions' manual.
Flavor: r-release-osx-x86_64-snowleopard