CRAN Package Check Results for Package skda

Last updated on 2019-01-17 16:52:54 CET.

Flavor Version Tinstall Tcheck Ttotal Status Flags
r-devel-linux-x86_64-debian-clang 0.1 1.91 27.42 29.33 NOTE
r-devel-linux-x86_64-debian-gcc 0.1 1.32 21.29 22.61 NOTE
r-devel-linux-x86_64-fedora-clang 0.1 38.17 NOTE
r-devel-linux-x86_64-fedora-gcc 0.1 39.22 NOTE
r-devel-windows-ix86+x86_64 0.1 6.00 81.00 87.00 NOTE
r-patched-linux-x86_64 0.1 1.82 26.55 28.37 NOTE
r-patched-solaris-x86 0.1 51.40 NOTE
r-release-linux-x86_64 0.1 1.68 26.06 27.74 NOTE
r-release-windows-ix86+x86_64 0.1 6.00 62.00 68.00 NOTE
r-release-osx-x86_64 0.1 NOTE
r-oldrel-windows-ix86+x86_64 0.1 6.00 75.00 81.00 NOTE
r-oldrel-osx-x86_64 0.1 NOTE

Check Details

Version: 0.1
Check: DESCRIPTION meta-information
Result: NOTE
    Malformed Description field: should contain one or more complete sentences.
Flavors: r-devel-linux-x86_64-debian-clang, r-devel-linux-x86_64-debian-gcc, r-devel-linux-x86_64-fedora-clang, r-devel-linux-x86_64-fedora-gcc, r-devel-windows-ix86+x86_64, r-patched-linux-x86_64, r-patched-solaris-x86, r-release-linux-x86_64, r-release-windows-ix86+x86_64, r-release-osx-x86_64, r-oldrel-windows-ix86+x86_64, r-oldrel-osx-x86_64

Version: 0.1
Check: dependencies in R code
Result: NOTE
    Package in Depends field not imported from: ‘parallel’
     These packages need to be imported from (in the NAMESPACE file)
     for when this namespace is loaded but not attached.
Flavors: r-devel-linux-x86_64-debian-clang, r-devel-linux-x86_64-debian-gcc, r-devel-linux-x86_64-fedora-clang, r-devel-linux-x86_64-fedora-gcc, r-devel-windows-ix86+x86_64, r-patched-linux-x86_64, r-patched-solaris-x86, r-release-linux-x86_64, r-release-windows-ix86+x86_64, r-release-osx-x86_64, r-oldrel-windows-ix86+x86_64, r-oldrel-osx-x86_64

Version: 0.1
Check: R code for possible problems
Result: NOTE
    cvskda: no visible global function definition for ‘detectCores’
    cvskda: no visible global function definition for ‘makeCluster’
    cvskda: no visible global function definition for ‘clusterApplyLB’
    cvskda: no visible global function definition for ‘mclapply’
    cvskda: no visible global function definition for ‘stopCluster’
    Undefined global functions or variables:
     clusterApplyLB detectCores makeCluster mclapply stopCluster
Flavors: r-devel-linux-x86_64-debian-clang, r-devel-linux-x86_64-debian-gcc, r-devel-linux-x86_64-fedora-clang, r-devel-linux-x86_64-fedora-gcc, r-devel-windows-ix86+x86_64, r-patched-linux-x86_64, r-patched-solaris-x86, r-release-linux-x86_64, r-release-windows-ix86+x86_64, r-release-osx-x86_64, r-oldrel-windows-ix86+x86_64, r-oldrel-osx-x86_64

Version: 0.1
Check: compiled code
Result: NOTE
    File ‘skda/libs/skda.so’:
     Found no calls to: ‘R_registerRoutines’, ‘R_useDynamicSymbols’
    
    It is good practice to register native routines and to disable symbol
    search.
    
    See ‘Writing portable packages’ in the ‘Writing R Extensions’ manual.
Flavors: r-devel-linux-x86_64-fedora-clang, r-devel-linux-x86_64-fedora-gcc