CRAN Package Check Results for Package skda

Last updated on 2019-06-25 19:49:59 CEST.

Flavor Version Tinstall Tcheck Ttotal Status Flags
r-devel-linux-x86_64-debian-clang 0.1 2.91 26.81 29.72 NOTE
r-devel-linux-x86_64-debian-gcc 0.1 2.00 21.21 23.21 NOTE
r-devel-linux-x86_64-fedora-clang 0.1 36.99 NOTE
r-devel-linux-x86_64-fedora-gcc 0.1 36.23 NOTE
r-devel-windows-ix86+x86_64 0.1 15.00 67.00 82.00 NOTE
r-patched-linux-x86_64 0.1 2.11 26.92 29.03 NOTE
r-patched-solaris-x86 0.1 54.60 NOTE
r-release-linux-x86_64 0.1 2.24 27.03 29.27 NOTE
r-release-windows-ix86+x86_64 0.1 8.00 81.00 89.00 NOTE
r-release-osx-x86_64 0.1 NOTE
r-oldrel-windows-ix86+x86_64 0.1 6.00 62.00 68.00 NOTE
r-oldrel-osx-x86_64 0.1 NOTE

Check Details

Version: 0.1
Check: DESCRIPTION meta-information
Result: NOTE
    Malformed Description field: should contain one or more complete sentences.
Flavors: r-devel-linux-x86_64-debian-clang, r-devel-linux-x86_64-debian-gcc, r-devel-linux-x86_64-fedora-clang, r-devel-linux-x86_64-fedora-gcc, r-devel-windows-ix86+x86_64, r-patched-linux-x86_64, r-patched-solaris-x86, r-release-linux-x86_64, r-release-windows-ix86+x86_64, r-release-osx-x86_64, r-oldrel-windows-ix86+x86_64, r-oldrel-osx-x86_64

Version: 0.1
Check: dependencies in R code
Result: NOTE
    Package in Depends field not imported from: 'parallel'
     These packages need to be imported from (in the NAMESPACE file)
     for when this namespace is loaded but not attached.
Flavors: r-devel-linux-x86_64-debian-clang, r-devel-linux-x86_64-debian-gcc, r-devel-linux-x86_64-fedora-clang, r-devel-linux-x86_64-fedora-gcc, r-devel-windows-ix86+x86_64, r-patched-linux-x86_64, r-patched-solaris-x86, r-release-linux-x86_64, r-release-windows-ix86+x86_64, r-release-osx-x86_64, r-oldrel-windows-ix86+x86_64, r-oldrel-osx-x86_64

Version: 0.1
Check: R code for possible problems
Result: NOTE
    cvskda: no visible global function definition for 'detectCores'
    cvskda: no visible global function definition for 'makeCluster'
    cvskda: no visible global function definition for 'clusterApplyLB'
    cvskda: no visible global function definition for 'mclapply'
    cvskda: no visible global function definition for 'stopCluster'
    Undefined global functions or variables:
     clusterApplyLB detectCores makeCluster mclapply stopCluster
Flavors: r-devel-linux-x86_64-debian-clang, r-devel-linux-x86_64-debian-gcc, r-devel-linux-x86_64-fedora-clang, r-devel-linux-x86_64-fedora-gcc, r-devel-windows-ix86+x86_64, r-patched-linux-x86_64, r-patched-solaris-x86, r-release-linux-x86_64, r-release-windows-ix86+x86_64, r-release-osx-x86_64, r-oldrel-windows-ix86+x86_64, r-oldrel-osx-x86_64

Version: 0.1
Check: compiled code
Result: NOTE
    File ‘skda/libs/skda.so’:
     Found no calls to: ‘R_registerRoutines’, ‘R_useDynamicSymbols’
    
    It is good practice to register native routines and to disable symbol
    search.
    
    See ‘Writing portable packages’ in the ‘Writing R Extensions’ manual.
Flavors: r-devel-linux-x86_64-fedora-clang, r-devel-linux-x86_64-fedora-gcc