CRAN Package Check Results for Package skewt

Last updated on 2017-12-16 01:56:31 CET.

Flavor Version Tinstall Tcheck Ttotal Status Flags
r-devel-linux-x86_64-debian-clang 0.1 0.48 15.22 15.70 NOTE
r-devel-linux-x86_64-debian-gcc 0.1 0.53 12.57 13.10 NOTE
r-devel-linux-x86_64-fedora-clang 0.1 18.49 NOTE
r-devel-linux-x86_64-fedora-gcc 0.1 17.32 NOTE
r-devel-windows-ix86+x86_64 0.1 3.00 23.00 26.00 NOTE
r-patched-linux-x86_64 0.1 0.61 13.47 14.08 NOTE
r-patched-solaris-x86 0.1 26.90 NOTE
r-release-linux-x86_64 0.1 0.72 13.48 14.20 NOTE
r-release-windows-ix86+x86_64 0.1 2.00 23.00 25.00 NOTE
r-release-osx-x86_64 0.1 NOTE
r-oldrel-windows-ix86+x86_64 0.1 2.00 23.00 25.00 NOTE
r-oldrel-osx-x86_64 0.1 NOTE

Check Details

Version: 0.1
Check: R code for possible problems
Result: NOTE
    dskt: no visible global function definition for ‘dt’
    pskt: no visible global function definition for ‘pt’
    qskt: no visible global function definition for ‘qt’
    rskt: no visible global function definition for ‘runif’
    Undefined global functions or variables:
     dt pt qt runif
    Consider adding
     importFrom("stats", "dt", "pt", "qt", "runif")
    to your NAMESPACE file.
Flavors: r-devel-linux-x86_64-debian-clang, r-devel-linux-x86_64-debian-gcc, r-devel-linux-x86_64-fedora-clang, r-devel-linux-x86_64-fedora-gcc, r-devel-windows-ix86+x86_64, r-patched-linux-x86_64, r-patched-solaris-x86, r-release-linux-x86_64, r-release-windows-ix86+x86_64, r-release-osx-x86_64, r-oldrel-windows-ix86+x86_64, r-oldrel-osx-x86_64