CRAN Package Check Results for Package skewt

Last updated on 2017-02-20 13:51:18.

Flavor Version Tinstall Tcheck Ttotal Status Flags
r-devel-linux-x86_64-debian-clang 0.1 0.51 10.84 11.35 NOTE
r-devel-linux-x86_64-debian-gcc 0.1 0.70 10.33 11.03 NOTE
r-devel-linux-x86_64-fedora-clang 0.1 16.29 NOTE --no-stop-on-test-error
r-devel-linux-x86_64-fedora-gcc 0.1 16.02 NOTE --no-stop-on-test-error
r-devel-macos-x86_64-clang 0.1 16.63 NOTE --no-stop-on-test-error
r-devel-windows-ix86+x86_64 0.1 2.00 24.00 26.00 NOTE
r-patched-linux-x86_64 0.1 0.50 8.41 8.91 NOTE
r-patched-solaris-sparc 0.1 83.00 NOTE
r-patched-solaris-x86 0.1 20.90 NOTE
r-release-linux-x86_64 0.1 0.44 8.41 8.85 NOTE
r-release-osx-x86_64-mavericks 0.1 NOTE
r-release-windows-ix86+x86_64 0.1 2.00 23.00 25.00 NOTE
r-oldrel-windows-ix86+x86_64 0.1 2.00 18.00 20.00 OK

Check Details

Version: 0.1
Check: R code for possible problems
Result: NOTE
    dskt: no visible global function definition for ‘dt’
    pskt: no visible global function definition for ‘pt’
    qskt: no visible global function definition for ‘qt’
    rskt: no visible global function definition for ‘runif’
    Undefined global functions or variables:
     dt pt qt runif
    Consider adding
     importFrom("stats", "dt", "pt", "qt", "runif")
    to your NAMESPACE file.
Flavors: r-devel-linux-x86_64-debian-clang, r-devel-linux-x86_64-debian-gcc, r-devel-windows-ix86+x86_64, r-patched-linux-x86_64, r-patched-solaris-sparc, r-patched-solaris-x86, r-release-linux-x86_64, r-release-osx-x86_64-mavericks, r-release-windows-ix86+x86_64

Version: 0.1
Flags: --no-stop-on-test-error
Check: R code for possible problems
Result: NOTE
    dskt: no visible global function definition for ‘dt’
    pskt: no visible global function definition for ‘pt’
    qskt: no visible global function definition for ‘qt’
    rskt: no visible global function definition for ‘runif’
    Undefined global functions or variables:
     dt pt qt runif
    Consider adding
     importFrom("stats", "dt", "pt", "qt", "runif")
    to your NAMESPACE file.
Flavors: r-devel-linux-x86_64-fedora-clang, r-devel-linux-x86_64-fedora-gcc, r-devel-macos-x86_64-clang