CRAN Package Check Results for Package skewt

Last updated on 2016-12-04 18:47:46.

Flavor Version Tinstall Tcheck Ttotal Status Flags
r-devel-linux-x86_64-debian-clang 0.1 0.64 9.85 10.48 NOTE
r-devel-linux-x86_64-debian-gcc 0.1 0.60 9.85 10.45 NOTE
r-devel-linux-x86_64-fedora-clang 0.1 17.44 NOTE --no-stop-on-test-error
r-devel-linux-x86_64-fedora-gcc 0.1 16.25 NOTE
r-devel-macos-x86_64-clang 0.1 15.96 NOTE
r-devel-windows-ix86+x86_64 0.1 3.00 22.00 25.00 NOTE
r-patched-linux-x86_64 0.1 0.49 8.16 8.65 NOTE
r-patched-solaris-sparc 0.1 82.60 NOTE
r-patched-solaris-x86 0.1 18.90 NOTE
r-release-linux-x86_64 0.1 0.53 8.58 9.11 NOTE
r-release-osx-x86_64-mavericks 0.1 NOTE
r-release-windows-ix86+x86_64 0.1 2.00 23.00 25.00 NOTE
r-oldrel-windows-ix86+x86_64 0.1 2.00 18.00 20.00 OK

Check Details

Version: 0.1
Check: R code for possible problems
Result: NOTE
    dskt: no visible global function definition for ‘dt’
    pskt: no visible global function definition for ‘pt’
    qskt: no visible global function definition for ‘qt’
    rskt: no visible global function definition for ‘runif’
    Undefined global functions or variables:
     dt pt qt runif
    Consider adding
     importFrom("stats", "dt", "pt", "qt", "runif")
    to your NAMESPACE file.
Flavors: r-devel-linux-x86_64-debian-clang, r-devel-linux-x86_64-debian-gcc, r-devel-linux-x86_64-fedora-gcc, r-devel-macos-x86_64-clang, r-devel-windows-ix86+x86_64, r-patched-linux-x86_64, r-patched-solaris-sparc, r-patched-solaris-x86, r-release-linux-x86_64, r-release-osx-x86_64-mavericks, r-release-windows-ix86+x86_64

Version: 0.1
Flags: --no-stop-on-test-error
Check: R code for possible problems
Result: NOTE
    dskt: no visible global function definition for ‘dt’
    pskt: no visible global function definition for ‘pt’
    qskt: no visible global function definition for ‘qt’
    rskt: no visible global function definition for ‘runif’
    Undefined global functions or variables:
     dt pt qt runif
    Consider adding
     importFrom("stats", "dt", "pt", "qt", "runif")
    to your NAMESPACE file.
Flavor: r-devel-linux-x86_64-fedora-clang