CRAN Package Check Results for Package skewt

Last updated on 2015-08-01 08:52:03.

Flavor Version Tinstall Tcheck Ttotal Status Flags
r-devel-linux-x86_64-debian-clang 0.1 0.45 7.86 8.31 NOTE
r-devel-linux-x86_64-debian-gcc 0.1 0.45 7.65 8.10 NOTE
r-devel-linux-x86_64-fedora-clang 0.1 15.09 NOTE
r-devel-linux-x86_64-fedora-gcc 0.1 14.12 NOTE
r-devel-osx-x86_64-clang 0.1 17.55 OK
r-devel-windows-ix86+x86_64 0.1 2.00 14.00 16.00 NOTE
r-patched-linux-x86_64 0.1 0.44 7.76 8.20 OK
r-patched-solaris-sparc 0.1 108.30 OK
r-patched-solaris-x86 0.1 25.20 OK
r-release-linux-x86_64 0.1 0.44 7.56 8.01 OK
r-release-osx-x86_64-mavericks 0.1 OK
r-release-windows-ix86+x86_64 0.1 2.00 15.00 17.00 OK
r-oldrel-windows-ix86+x86_64 0.1 4.00 15.00 19.00 OK

Check Details

Version: 0.1
Check: R code for possible problems
Result: NOTE
    dskt: no visible global function definition for ‘dt’
    pskt: no visible global function definition for ‘pt’
    qskt: no visible global function definition for ‘qt’
    rskt: no visible global function definition for ‘runif’
    Undefined global functions or variables:
     dt pt qt runif
    Consider adding
     importFrom("stats", "dt", "pt", "qt", "runif")
    to your NAMESPACE.
Flavors: r-devel-linux-x86_64-debian-clang, r-devel-linux-x86_64-debian-gcc, r-devel-linux-x86_64-fedora-clang, r-devel-linux-x86_64-fedora-gcc, r-devel-windows-ix86+x86_64