CRAN Package Check Results for Package skewt

Last updated on 2016-02-06 13:48:33.

Flavor Version Tinstall Tcheck Ttotal Status Flags
r-devel-linux-x86_64-debian-gcc 0.1 0.53 7.20 7.73 NOTE
r-devel-linux-x86_64-fedora-clang 0.1 13.74 NOTE
r-devel-linux-x86_64-fedora-gcc 0.1 12.25 NOTE
r-devel-osx-x86_64-clang 0.1 16.64 NOTE
r-devel-windows-ix86+x86_64 0.1 3.00 20.00 23.00 NOTE
r-patched-linux-x86_64 0.1 0.53 8.05 8.58 OK
r-patched-solaris-sparc 0.1 87.50 OK
r-patched-solaris-x86 0.1 20.20 OK
r-release-linux-x86_64 0.1 0.48 8.09 8.57 OK
r-release-osx-x86_64-mavericks 0.1 OK
r-release-windows-ix86+x86_64 0.1 2.00 25.00 27.00 OK
r-oldrel-windows-ix86+x86_64 0.1 4.00 15.00 19.00 OK

Check Details

Version: 0.1
Check: R code for possible problems
Result: NOTE
    dskt: no visible global function definition for ‘dt’
    pskt: no visible global function definition for ‘pt’
    qskt: no visible global function definition for ‘qt’
    rskt: no visible global function definition for ‘runif’
    Undefined global functions or variables:
     dt pt qt runif
    Consider adding
     importFrom("stats", "dt", "pt", "qt", "runif")
    to your NAMESPACE.
Flavors: r-devel-linux-x86_64-debian-gcc, r-devel-linux-x86_64-fedora-clang, r-devel-linux-x86_64-fedora-gcc, r-devel-windows-ix86+x86_64

Version: 0.1
Check: R code for possible problems
Result: NOTE
    dskt: no visible global function definition for ‘dt’
    pskt: no visible global function definition for ‘pt’
    qskt: no visible global function definition for ‘qt’
    rskt: no visible global function definition for ‘runif’
    Undefined global functions or variables:
     dt pt qt runif
    Consider adding
     importFrom("stats", "dt", "pt", "qt", "runif")
    to your NAMESPACE file.
Flavor: r-devel-osx-x86_64-clang