CRAN Package Check Results for Package skewt

Last updated on 2017-04-23 09:48:51.

Flavor Version Tinstall Tcheck Ttotal Status Flags
r-devel-linux-x86_64-debian-clang 0.1 0.58 10.65 11.23 NOTE
r-devel-linux-x86_64-debian-gcc 0.1 0.52 10.95 11.47 NOTE
r-devel-linux-x86_64-fedora-clang 0.1 19.55 NOTE --no-stop-on-test-error
r-devel-linux-x86_64-fedora-gcc 0.1 16.02 NOTE --no-stop-on-test-error
r-devel-windows-ix86+x86_64 0.1 2.00 23.00 25.00 NOTE
r-patched-linux-x86_64 0.1 0.51 10.59 11.09 NOTE
r-patched-solaris-sparc 0.1 103.70 NOTE
r-patched-solaris-x86 0.1 24.40 NOTE
r-release-linux-x86_64 0.1 0.57 10.17 10.74 NOTE
r-release-windows-ix86+x86_64 0.1 2.00 23.00 25.00 NOTE
r-release-osx-x86_64 0.1 NOTE
r-oldrel-windows-ix86+x86_64 0.1 2.00 23.00 25.00 NOTE
r-oldrel-osx-x86_64 0.1 NOTE

Check Details

Version: 0.1
Check: R code for possible problems
Result: NOTE
    dskt: no visible global function definition for ‘dt’
    pskt: no visible global function definition for ‘pt’
    qskt: no visible global function definition for ‘qt’
    rskt: no visible global function definition for ‘runif’
    Undefined global functions or variables:
     dt pt qt runif
    Consider adding
     importFrom("stats", "dt", "pt", "qt", "runif")
    to your NAMESPACE file.
Flavors: r-devel-linux-x86_64-debian-clang, r-devel-linux-x86_64-debian-gcc, r-devel-windows-ix86+x86_64, r-patched-linux-x86_64, r-patched-solaris-sparc, r-patched-solaris-x86, r-release-linux-x86_64, r-release-windows-ix86+x86_64, r-release-osx-x86_64, r-oldrel-windows-ix86+x86_64, r-oldrel-osx-x86_64

Version: 0.1
Flags: --no-stop-on-test-error
Check: R code for possible problems
Result: NOTE
    dskt: no visible global function definition for ‘dt’
    pskt: no visible global function definition for ‘pt’
    qskt: no visible global function definition for ‘qt’
    rskt: no visible global function definition for ‘runif’
    Undefined global functions or variables:
     dt pt qt runif
    Consider adding
     importFrom("stats", "dt", "pt", "qt", "runif")
    to your NAMESPACE file.
Flavors: r-devel-linux-x86_64-fedora-clang, r-devel-linux-x86_64-fedora-gcc