CRAN Package Check Results for Package skewt

Last updated on 2018-05-27 02:47:01 CEST.

Flavor Version Tinstall Tcheck Ttotal Status Flags
r-devel-linux-x86_64-debian-clang 0.1 0.83 16.11 16.94 NOTE
r-devel-linux-x86_64-debian-gcc 0.1 0.68 12.90 13.58 NOTE
r-devel-linux-x86_64-fedora-clang 0.1 20.26 NOTE
r-devel-linux-x86_64-fedora-gcc 0.1 19.00 NOTE
r-devel-windows-ix86+x86_64 0.1 3.00 33.00 36.00 NOTE
r-patched-linux-x86_64 0.1 0.73 15.19 15.92 NOTE
r-patched-solaris-x86 0.1 31.20 NOTE
r-release-linux-x86_64 0.1 0.82 15.04 15.86 NOTE
r-release-windows-ix86+x86_64 0.1 3.00 24.00 27.00 NOTE
r-release-osx-x86_64 0.1 NOTE
r-oldrel-windows-ix86+x86_64 0.1 2.00 23.00 25.00 NOTE
r-oldrel-osx-x86_64 0.1 NOTE

Check Details

Version: 0.1
Check: R code for possible problems
Result: NOTE
    dskt: no visible global function definition for ‘dt’
    pskt: no visible global function definition for ‘pt’
    qskt: no visible global function definition for ‘qt’
    rskt: no visible global function definition for ‘runif’
    Undefined global functions or variables:
     dt pt qt runif
    Consider adding
     importFrom("stats", "dt", "pt", "qt", "runif")
    to your NAMESPACE file.
Flavors: r-devel-linux-x86_64-debian-clang, r-devel-linux-x86_64-debian-gcc, r-devel-linux-x86_64-fedora-clang, r-devel-linux-x86_64-fedora-gcc, r-devel-windows-ix86+x86_64, r-patched-linux-x86_64, r-patched-solaris-x86, r-release-linux-x86_64, r-release-windows-ix86+x86_64, r-release-osx-x86_64, r-oldrel-windows-ix86+x86_64, r-oldrel-osx-x86_64