CRAN Package Check Results for Package skewt

Last updated on 2017-03-26 21:48:14.

Flavor Version Tinstall Tcheck Ttotal Status Flags
r-devel-linux-x86_64-debian-clang 0.1 0.53 10.36 10.89 NOTE
r-devel-linux-x86_64-debian-gcc 0.1 0.56 10.43 10.99 NOTE
r-devel-linux-x86_64-fedora-clang 0.1 19.56 NOTE --no-stop-on-test-error
r-devel-linux-x86_64-fedora-gcc 0.1 15.91 NOTE --no-stop-on-test-error
r-devel-macos-x86_64-clang 0.1 16.00 NOTE --no-stop-on-test-error
r-devel-windows-ix86+x86_64 0.1 2.00 28.00 30.00 NOTE
r-patched-linux-x86_64 0.1 0.65 10.36 11.01 NOTE
r-patched-solaris-sparc 0.1 103.70 NOTE
r-patched-solaris-x86 0.1 25.20 NOTE
r-release-linux-x86_64 0.1 0.46 8.77 9.23 NOTE
r-release-osx-x86_64-mavericks 0.1 NOTE
r-release-windows-ix86+x86_64 0.1 2.00 23.00 25.00 NOTE
r-oldrel-windows-ix86+x86_64 0.1 2.00 18.00 20.00 OK

Check Details

Version: 0.1
Check: R code for possible problems
Result: NOTE
    dskt: no visible global function definition for ‘dt’
    pskt: no visible global function definition for ‘pt’
    qskt: no visible global function definition for ‘qt’
    rskt: no visible global function definition for ‘runif’
    Undefined global functions or variables:
     dt pt qt runif
    Consider adding
     importFrom("stats", "dt", "pt", "qt", "runif")
    to your NAMESPACE file.
Flavors: r-devel-linux-x86_64-debian-clang, r-devel-linux-x86_64-debian-gcc, r-devel-windows-ix86+x86_64, r-patched-linux-x86_64, r-patched-solaris-sparc, r-patched-solaris-x86, r-release-linux-x86_64, r-release-osx-x86_64-mavericks, r-release-windows-ix86+x86_64

Version: 0.1
Flags: --no-stop-on-test-error
Check: R code for possible problems
Result: NOTE
    dskt: no visible global function definition for ‘dt’
    pskt: no visible global function definition for ‘pt’
    qskt: no visible global function definition for ‘qt’
    rskt: no visible global function definition for ‘runif’
    Undefined global functions or variables:
     dt pt qt runif
    Consider adding
     importFrom("stats", "dt", "pt", "qt", "runif")
    to your NAMESPACE file.
Flavors: r-devel-linux-x86_64-fedora-clang, r-devel-linux-x86_64-fedora-gcc, r-devel-macos-x86_64-clang