CRAN Package Check Results for Package skm

Last updated on 2022-10-02 18:51:00 CEST.

Flavor Version Tinstall Tcheck Ttotal Status Flags
r-devel-linux-x86_64-debian-clang 0.1.5.4 79.51 452.68 532.19 NOTE
r-devel-linux-x86_64-debian-gcc 0.1.5.4 67.53 346.27 413.80 NOTE
r-devel-linux-x86_64-fedora-clang 0.1.5.4 699.49 NOTE
r-devel-linux-x86_64-fedora-gcc 0.1.5.4 701.13 NOTE
r-devel-windows-x86_64 0.1.5.4 70.00 84.00 154.00 NOTE --no-vignettes
r-patched-linux-x86_64 0.1.5.4 64.33 468.23 532.56 NOTE
r-release-linux-x86_64 0.1.5.4 75.08 467.93 543.01 NOTE
r-release-macos-arm64 0.1.5.4 305.00 NOTE
r-release-macos-x86_64 0.1.5.4 384.00 NOTE
r-release-windows-x86_64 0.1.5.4 70.00 88.00 158.00 NOTE --no-vignettes
r-oldrel-macos-arm64 0.1.5.4 356.00 NOTE
r-oldrel-macos-x86_64 0.1.5.4 701.00 NOTE
r-oldrel-windows-ix86+x86_64 0.1.5.4 208.00 90.00 298.00 NOTE --no-vignettes

Check Details

Version: 0.1.5.4
Check: for GNU extensions in Makefiles
Result: NOTE
    GNU make is a SystemRequirements.
Flavors: r-devel-linux-x86_64-debian-clang, r-devel-linux-x86_64-debian-gcc, r-devel-linux-x86_64-fedora-clang, r-devel-linux-x86_64-fedora-gcc, r-patched-linux-x86_64, r-release-linux-x86_64, r-release-macos-arm64, r-release-macos-x86_64, r-oldrel-macos-arm64, r-oldrel-macos-x86_64

Version: 0.1.5.4
Check: compiled code
Result: NOTE
    File ‘skm/libs/skm.so’:
     Found no calls to: ‘R_registerRoutines’, ‘R_useDynamicSymbols’
    
    It is good practice to register native routines and to disable symbol
    search.
    
    See ‘Writing portable packages’ in the ‘Writing R Extensions’ manual.
Flavors: r-devel-linux-x86_64-fedora-clang, r-devel-linux-x86_64-fedora-gcc

Version: 0.1.5.4
Flags: --no-vignettes
Check: for GNU extensions in Makefiles
Result: NOTE
    GNU make is a SystemRequirements.
Flavors: r-devel-windows-x86_64, r-release-windows-x86_64, r-oldrel-windows-ix86+x86_64

Version: 0.1.5.4
Check: installed package size
Result: NOTE
     installed size is 7.1Mb
     sub-directories of 1Mb or more:
     doc 1.1Mb
     libs 5.0Mb
Flavors: r-release-macos-arm64, r-release-macos-x86_64, r-oldrel-macos-arm64, r-oldrel-macos-x86_64