CRAN Package Check Results for Package skmeans

Last updated on 2014-04-23 12:48:28.

Flavor Version Tinstall Tcheck Ttotal Status Flags
r-devel-linux-x86_64-debian-clang 0.2-6 0.78 20.46 21.24 NOTE
r-devel-linux-x86_64-debian-gcc 0.2-6 0.74 20.36 21.10 NOTE
r-devel-linux-x86_64-fedora-clang 0.2-6 41.44 NOTE
r-devel-linux-x86_64-fedora-gcc 0.2-6 39.46 NOTE
r-devel-osx-x86_64-clang 0.2-6 40.49 NOTE
r-devel-osx-x86_64-gcc 0.2-6 NOTE
r-devel-windows-ix86+x86_64 0.2-6 3.00 32.00 35.00 NOTE
r-patched-linux-x86_64 0.2-6 0.76 20.36 21.12 NOTE
r-patched-solaris-sparc 0.2-6 251.90 NOTE
r-patched-solaris-x86 0.2-6 56.20 NOTE
r-release-linux-ix86 0.2-6 1.00 39.00 40.00 NOTE
r-release-linux-x86_64 0.2-6 0.74 20.63 21.37 NOTE
r-release-osx-x86_64-mavericks 0.2-6 WARN
r-release-osx-x86_64-snowleopard 0.2-6 NOTE
r-release-windows-ix86+x86_64 0.2-6 4.00 32.00 36.00 NOTE
r-oldrel-windows-ix86+x86_64 0.2-6 4.00 31.00 35.00 NOTE

Check Details

Version: 0.2-6
Check: package dependencies
Result: NOTE
    Package which this enhances but not available for checking: ‘kmndirs’
Flavors: r-devel-linux-x86_64-debian-clang, r-devel-linux-x86_64-debian-gcc, r-devel-linux-x86_64-fedora-clang, r-devel-linux-x86_64-fedora-gcc, r-devel-osx-x86_64-clang, r-devel-osx-x86_64-gcc, r-devel-windows-ix86+x86_64, r-patched-linux-x86_64, r-patched-solaris-sparc, r-patched-solaris-x86, r-release-linux-ix86, r-release-linux-x86_64, r-release-osx-x86_64-mavericks, r-release-osx-x86_64-snowleopard, r-release-windows-ix86+x86_64, r-oldrel-windows-ix86+x86_64

Version: 0.2-6
Check: dependencies in R code
Result: NOTE
    Unavailable namespace imported from by a ':::' call: ‘kmndirs’
     See the note in ?`:::` about the use of this operator.
    See the information on DESCRIPTION files in the chapter ‘Creating R
    packages’ of the ‘Writing R Extensions’ manual.
Flavors: r-devel-linux-x86_64-debian-clang, r-devel-linux-x86_64-debian-gcc, r-devel-linux-x86_64-fedora-clang, r-devel-linux-x86_64-fedora-gcc, r-devel-osx-x86_64-clang, r-devel-osx-x86_64-gcc, r-devel-windows-ix86+x86_64, r-patched-linux-x86_64, r-patched-solaris-sparc, r-patched-solaris-x86, r-release-linux-ix86, r-release-linux-x86_64, r-release-osx-x86_64-mavericks, r-release-osx-x86_64-snowleopard, r-release-windows-ix86+x86_64, r-oldrel-windows-ix86+x86_64

Version: 0.2-6
Check: PDF version of manual
Result: WARNING
    LaTeX errors when creating PDF version.
    This typically indicates Rd problems.
    LaTeX errors found:
    ! LaTeX Error: File `upquote.sty' not found.
    
    Type X to quit or <RETURN> to proceed,
    or enter new name. (Default extension: sty)
    
    /private/tmp/RtmpgPzjjQ/Rd2pdfa6481fcb4ca8/Rd2.tex:8: ==> Fatal error occurred
    , no output PDF file produced!
Flavor: r-release-osx-x86_64-mavericks