CRAN Package Check Results for Package skmeans

Last updated on 2017-06-25 06:48:00.

Flavor Version Tinstall Tcheck Ttotal Status Flags
r-devel-linux-x86_64-debian-clang 0.2-10 0.74 22.13 22.87 NOTE
r-devel-linux-x86_64-debian-gcc 0.2-10 0.75 20.90 21.64 NOTE
r-devel-linux-x86_64-fedora-clang 0.2-10 38.10 NOTE
r-devel-linux-x86_64-fedora-gcc 0.2-10 36.54 NOTE
r-devel-windows-ix86+x86_64 0.2-10 3.00 52.00 55.00 NOTE
r-patched-linux-x86_64 0.2-10 0.67 22.04 22.71 NOTE
r-patched-solaris-sparc 0.2-10 245.80 NOTE
r-patched-solaris-x86 0.2-10 50.60 NOTE
r-release-linux-x86_64 0.2-10 0.75 20.42 21.17 NOTE
r-release-windows-ix86+x86_64 0.2-10 4.00 51.00 55.00 NOTE
r-release-osx-x86_64 0.2-10 NOTE
r-oldrel-windows-ix86+x86_64 0.2-10 6.00 51.00 57.00 NOTE
r-oldrel-osx-x86_64 0.2-10 NOTE

Check Details

Version: 0.2-10
Check: package dependencies
Result: NOTE
    Package which this enhances but not available for checking: ‘kmndirs’
Flavors: r-devel-linux-x86_64-debian-clang, r-devel-linux-x86_64-debian-gcc, r-devel-linux-x86_64-fedora-clang, r-devel-linux-x86_64-fedora-gcc, r-devel-windows-ix86+x86_64, r-patched-linux-x86_64, r-patched-solaris-sparc, r-patched-solaris-x86, r-release-linux-x86_64, r-release-windows-ix86+x86_64, r-release-osx-x86_64, r-oldrel-windows-ix86+x86_64, r-oldrel-osx-x86_64

Version: 0.2-10
Check: dependencies in R code
Result: NOTE
    Unavailable namespace imported from by a ':::' call: ‘kmndirs’
     See the note in ?`:::` about the use of this operator.
Flavors: r-devel-linux-x86_64-debian-clang, r-devel-linux-x86_64-debian-gcc, r-devel-linux-x86_64-fedora-clang, r-devel-linux-x86_64-fedora-gcc, r-devel-windows-ix86+x86_64, r-patched-linux-x86_64, r-patched-solaris-sparc, r-patched-solaris-x86, r-release-linux-x86_64, r-release-windows-ix86+x86_64, r-release-osx-x86_64, r-oldrel-windows-ix86+x86_64, r-oldrel-osx-x86_64