CRAN Package Check Results for Package skmeans

Last updated on 2014-12-21 21:47:32.

Flavor Version Tinstall Tcheck Ttotal Status Flags
r-devel-linux-x86_64-debian-clang 0.2-6 0.70 20.97 21.68 NOTE
r-devel-linux-x86_64-debian-gcc 0.2-6 0.68 20.05 20.73 NOTE
r-devel-linux-x86_64-fedora-clang 0.2-6 23.77 NOTE
r-devel-linux-x86_64-fedora-gcc 0.2-6 40.58 NOTE
r-devel-osx-x86_64-clang 0.2-6 28.19 NOTE
r-devel-windows-ix86+x86_64 0.2-6 4.00 33.00 37.00 NOTE
r-patched-linux-x86_64 0.2-6 0.72 20.86 21.58 NOTE
r-patched-solaris-sparc 0.2-6 280.10 NOTE
r-patched-solaris-x86 0.2-6 49.30 NOTE
r-release-linux-ix86 0.2-6 1.07 28.20 29.27 NOTE
r-release-linux-x86_64 0.2-6 0.76 20.43 21.19 NOTE
r-release-osx-x86_64-mavericks 0.2-6 NOTE
r-release-osx-x86_64-snowleopard 0.2-6 NOTE
r-release-windows-ix86+x86_64 0.2-6 4.00 36.00 40.00 NOTE
r-oldrel-windows-ix86+x86_64 0.2-6 5.00 37.00 42.00 NOTE

Check Details

Version: 0.2-6
Check: package dependencies
Result: NOTE
    Package which this enhances but not available for checking: ‘kmndirs’
Flavors: r-devel-linux-x86_64-debian-clang, r-devel-linux-x86_64-debian-gcc, r-devel-linux-x86_64-fedora-clang, r-devel-linux-x86_64-fedora-gcc, r-devel-osx-x86_64-clang, r-devel-windows-ix86+x86_64, r-patched-linux-x86_64, r-patched-solaris-sparc, r-patched-solaris-x86, r-release-linux-ix86, r-release-linux-x86_64, r-release-osx-x86_64-mavericks, r-release-osx-x86_64-snowleopard, r-release-windows-ix86+x86_64, r-oldrel-windows-ix86+x86_64

Version: 0.2-6
Check: dependencies in R code
Result: NOTE
    Unavailable namespace imported from by a ':::' call: ‘kmndirs’
     See the note in ?`:::` about the use of this operator.
    See the information on DESCRIPTION files in the chapter ‘Creating R
    packages’ of the ‘Writing R Extensions’ manual.
Flavors: r-devel-linux-x86_64-debian-clang, r-devel-linux-x86_64-debian-gcc, r-devel-linux-x86_64-fedora-clang, r-devel-linux-x86_64-fedora-gcc, r-devel-osx-x86_64-clang, r-devel-windows-ix86+x86_64, r-patched-linux-x86_64, r-patched-solaris-sparc, r-patched-solaris-x86, r-release-linux-ix86, r-release-linux-x86_64, r-release-osx-x86_64-mavericks, r-release-osx-x86_64-snowleopard, r-release-windows-ix86+x86_64, r-oldrel-windows-ix86+x86_64