CRAN Package Check Results for Package skmeans

Last updated on 2018-04-25 19:47:30 CEST.

Flavor Version Tinstall Tcheck Ttotal Status Flags
r-devel-linux-x86_64-debian-clang 0.2-11 1.78 30.77 32.55 NOTE
r-devel-linux-x86_64-debian-gcc 0.2-11 1.45 23.79 25.24 NOTE
r-devel-linux-x86_64-fedora-clang 0.2-11 40.06 NOTE
r-devel-linux-x86_64-fedora-gcc 0.2-11 38.13 NOTE
r-devel-windows-ix86+x86_64 0.2-11 7.00 39.00 46.00 NOTE
r-patched-linux-x86_64 0.2-11 1.68 29.62 31.30 NOTE
r-patched-solaris-x86 0.2-11 59.50 NOTE
r-release-linux-x86_64 0.2-11 1.82 29.56 31.38 NOTE
r-release-windows-ix86+x86_64 0.2-11 7.00 39.00 46.00 NOTE
r-release-osx-x86_64 0.2-11 NOTE
r-oldrel-windows-ix86+x86_64 0.2-11 6.00 52.00 58.00 NOTE
r-oldrel-osx-x86_64 0.2-11 NOTE

Check Details

Version: 0.2-11
Check: package dependencies
Result: NOTE
    Package which this enhances but not available for checking: ‘kmndirs’
Flavors: r-devel-linux-x86_64-debian-clang, r-devel-linux-x86_64-debian-gcc, r-devel-linux-x86_64-fedora-clang, r-devel-linux-x86_64-fedora-gcc, r-devel-windows-ix86+x86_64, r-patched-linux-x86_64, r-patched-solaris-x86, r-release-linux-x86_64, r-release-windows-ix86+x86_64, r-release-osx-x86_64, r-oldrel-windows-ix86+x86_64, r-oldrel-osx-x86_64

Version: 0.2-11
Check: dependencies in R code
Result: NOTE
    Unavailable namespace imported from by a ':::' call: ‘kmndirs’
     See the note in ?`:::` about the use of this operator.
Flavors: r-devel-linux-x86_64-debian-clang, r-devel-linux-x86_64-debian-gcc, r-devel-linux-x86_64-fedora-clang, r-devel-linux-x86_64-fedora-gcc, r-devel-windows-ix86+x86_64, r-patched-linux-x86_64, r-patched-solaris-x86, r-release-linux-x86_64, r-release-windows-ix86+x86_64, r-release-osx-x86_64, r-oldrel-windows-ix86+x86_64, r-oldrel-osx-x86_64