CRAN Package Check Results for Package skmeans

Last updated on 2017-12-11 17:49:19 CET.

Flavor Version Tinstall Tcheck Ttotal Status Flags
r-devel-linux-x86_64-debian-clang 0.2-11 0.94 25.38 26.32 NOTE
r-devel-linux-x86_64-debian-gcc 0.2-11 0.76 24.23 24.99 NOTE
r-devel-linux-x86_64-fedora-clang 0.2-11 35.98 NOTE
r-devel-linux-x86_64-fedora-gcc 0.2-11 36.24 NOTE
r-devel-windows-ix86+x86_64 0.2-11 7.00 39.00 46.00 NOTE
r-patched-linux-x86_64 0.2-11 0.91 29.52 30.43 NOTE
r-patched-solaris-x86 0.2-11 51.80 NOTE
r-release-linux-x86_64 0.2-11 0.90 30.25 31.15 NOTE
r-release-windows-ix86+x86_64 0.2-11 4.00 52.00 56.00 NOTE
r-release-osx-x86_64 0.2-11 NOTE
r-oldrel-windows-ix86+x86_64 0.2-11 5.00 48.00 53.00 NOTE
r-oldrel-osx-x86_64 0.2-11 NOTE

Check Details

Version: 0.2-11
Check: package dependencies
Result: NOTE
    Package which this enhances but not available for checking: ‘kmndirs’
Flavors: r-devel-linux-x86_64-debian-clang, r-devel-linux-x86_64-debian-gcc, r-devel-linux-x86_64-fedora-clang, r-devel-linux-x86_64-fedora-gcc, r-devel-windows-ix86+x86_64, r-patched-linux-x86_64, r-patched-solaris-x86, r-release-linux-x86_64, r-release-windows-ix86+x86_64, r-release-osx-x86_64, r-oldrel-windows-ix86+x86_64, r-oldrel-osx-x86_64

Version: 0.2-11
Check: dependencies in R code
Result: NOTE
    Unavailable namespace imported from by a ':::' call: ‘kmndirs’
     See the note in ?`:::` about the use of this operator.
Flavors: r-devel-linux-x86_64-debian-clang, r-devel-linux-x86_64-debian-gcc, r-devel-linux-x86_64-fedora-clang, r-devel-linux-x86_64-fedora-gcc, r-devel-windows-ix86+x86_64, r-patched-linux-x86_64, r-patched-solaris-x86, r-release-linux-x86_64, r-release-windows-ix86+x86_64, r-release-osx-x86_64, r-oldrel-windows-ix86+x86_64, r-oldrel-osx-x86_64