CRAN Package Check Results for Package skmeans

Last updated on 2016-08-30 00:47:45.

Flavor Version Tinstall Tcheck Ttotal Status Flags
r-devel-linux-x86_64-debian-clang 0.2-8 0.65 18.92 19.57 NOTE
r-devel-linux-x86_64-debian-gcc 0.2-8 0.62 18.51 19.13 NOTE
r-devel-linux-x86_64-fedora-clang 0.2-8 33.67 NOTE
r-devel-linux-x86_64-fedora-gcc 0.2-8 30.82 NOTE
r-devel-osx-x86_64-clang 0.2-8 28.80 NOTE
r-devel-windows-ix86+x86_64 0.2-8 5.00 43.00 48.00 NOTE
r-patched-linux-x86_64 0.2-8 0.74 18.74 19.49 NOTE
r-patched-solaris-sparc 0.2-8 216.40 NOTE
r-patched-solaris-x86 0.2-8 43.80 NOTE
r-release-linux-x86_64 0.2-8 0.66 18.59 19.25 NOTE
r-release-osx-x86_64-mavericks 0.2-8 NOTE
r-release-windows-ix86+x86_64 0.2-8 4.00 58.00 62.00 NOTE
r-oldrel-windows-ix86+x86_64 0.2-8 6.00 48.00 54.00 NOTE

Check Details

Version: 0.2-8
Check: package dependencies
Result: NOTE
    Package which this enhances but not available for checking: ‘kmndirs’
Flavors: r-devel-linux-x86_64-debian-clang, r-devel-linux-x86_64-debian-gcc, r-devel-linux-x86_64-fedora-clang, r-devel-linux-x86_64-fedora-gcc, r-devel-osx-x86_64-clang, r-devel-windows-ix86+x86_64, r-patched-linux-x86_64, r-patched-solaris-sparc, r-patched-solaris-x86, r-release-linux-x86_64, r-release-osx-x86_64-mavericks, r-release-windows-ix86+x86_64, r-oldrel-windows-ix86+x86_64

Version: 0.2-8
Check: dependencies in R code
Result: NOTE
    Unavailable namespace imported from by a ':::' call: ‘kmndirs’
     See the note in ?`:::` about the use of this operator.
Flavors: r-devel-linux-x86_64-debian-clang, r-devel-linux-x86_64-debian-gcc, r-devel-linux-x86_64-fedora-clang, r-devel-linux-x86_64-fedora-gcc, r-devel-osx-x86_64-clang, r-devel-windows-ix86+x86_64, r-patched-linux-x86_64, r-patched-solaris-sparc, r-patched-solaris-x86, r-release-linux-x86_64, r-release-osx-x86_64-mavericks, r-release-windows-ix86+x86_64, r-oldrel-windows-ix86+x86_64