CRAN Package Check Results for Package skmeans

Last updated on 2016-07-24 22:47:10.

Flavor Version Tinstall Tcheck Ttotal Status Flags
r-devel-linux-x86_64-debian-clang 0.2-8 0.85 23.39 24.24 NOTE
r-devel-linux-x86_64-debian-gcc 0.2-8 0.72 21.42 22.15 NOTE
r-devel-linux-x86_64-fedora-clang 0.2-8 36.78 NOTE
r-devel-linux-x86_64-fedora-gcc 0.2-8 32.57 NOTE
r-devel-osx-x86_64-clang 0.2-8 28.95 NOTE
r-devel-windows-ix86+x86_64 0.2-8 4.00 39.00 43.00 NOTE
r-patched-linux-x86_64 0.2-8 0.70 21.63 22.34 NOTE
r-patched-solaris-sparc 0.2-8 216.40 NOTE
r-patched-solaris-x86 0.2-8 43.90 NOTE
r-release-linux-x86_64 0.2-8 0.78 22.19 22.97 NOTE
r-release-osx-x86_64-mavericks 0.2-8 NOTE
r-release-windows-ix86+x86_64 0.2-8 3.00 47.00 50.00 NOTE
r-oldrel-windows-ix86+x86_64 0.2-8 6.00 36.00 42.00 NOTE

Check Details

Version: 0.2-8
Check: package dependencies
Result: NOTE
    Package which this enhances but not available for checking: ‘kmndirs’
Flavors: r-devel-linux-x86_64-debian-clang, r-devel-linux-x86_64-debian-gcc, r-devel-linux-x86_64-fedora-clang, r-devel-linux-x86_64-fedora-gcc, r-devel-osx-x86_64-clang, r-devel-windows-ix86+x86_64, r-patched-linux-x86_64, r-patched-solaris-sparc, r-patched-solaris-x86, r-release-linux-x86_64, r-release-osx-x86_64-mavericks, r-release-windows-ix86+x86_64, r-oldrel-windows-ix86+x86_64

Version: 0.2-8
Check: dependencies in R code
Result: NOTE
    Unavailable namespace imported from by a ':::' call: ‘kmndirs’
     See the note in ?`:::` about the use of this operator.
Flavors: r-devel-linux-x86_64-debian-clang, r-devel-linux-x86_64-debian-gcc, r-devel-linux-x86_64-fedora-clang, r-devel-linux-x86_64-fedora-gcc, r-devel-osx-x86_64-clang, r-devel-windows-ix86+x86_64, r-patched-linux-x86_64, r-patched-solaris-sparc, r-patched-solaris-x86, r-release-linux-x86_64, r-release-osx-x86_64-mavericks, r-release-windows-ix86+x86_64, r-oldrel-windows-ix86+x86_64