CRAN Package Check Results for Package skmeans

Last updated on 2017-02-19 23:48:37.

Flavor Version Tinstall Tcheck Ttotal Status Flags
r-devel-linux-x86_64-debian-clang 0.2-9 0.67 21.29 21.96 NOTE
r-devel-linux-x86_64-debian-gcc 0.2-9 0.70 20.43 21.14 NOTE
r-devel-linux-x86_64-fedora-clang 0.2-9 37.25 NOTE --no-stop-on-test-error
r-devel-linux-x86_64-fedora-gcc 0.2-9 36.26 NOTE --no-stop-on-test-error
r-devel-macos-x86_64-clang 0.2-9 32.38 NOTE --no-stop-on-test-error
r-devel-windows-ix86+x86_64 0.2-9 4.00 40.00 44.00 NOTE
r-patched-linux-x86_64 0.2-9 0.70 18.16 18.85 NOTE
r-patched-solaris-sparc 0.2-9 218.60 NOTE
r-patched-solaris-x86 0.2-9 45.80 NOTE
r-release-linux-x86_64 0.2-9 0.66 18.05 18.71 NOTE
r-release-osx-x86_64-mavericks 0.2-9 NOTE
r-release-windows-ix86+x86_64 0.2-9 4.00 37.00 41.00 NOTE
r-oldrel-windows-ix86+x86_64 0.2-9 5.00 46.00 51.00 NOTE

Check Details

Version: 0.2-9
Check: package dependencies
Result: NOTE
    Package which this enhances but not available for checking: ‘kmndirs’
Flavors: r-devel-linux-x86_64-debian-clang, r-devel-linux-x86_64-debian-gcc, r-devel-windows-ix86+x86_64, r-patched-linux-x86_64, r-patched-solaris-sparc, r-patched-solaris-x86, r-release-linux-x86_64, r-release-osx-x86_64-mavericks, r-release-windows-ix86+x86_64, r-oldrel-windows-ix86+x86_64

Version: 0.2-9
Check: dependencies in R code
Result: NOTE
    Unavailable namespace imported from by a ':::' call: ‘kmndirs’
     See the note in ?`:::` about the use of this operator.
Flavors: r-devel-linux-x86_64-debian-clang, r-devel-linux-x86_64-debian-gcc, r-devel-windows-ix86+x86_64, r-patched-linux-x86_64, r-patched-solaris-sparc, r-patched-solaris-x86, r-release-linux-x86_64, r-release-osx-x86_64-mavericks, r-release-windows-ix86+x86_64, r-oldrel-windows-ix86+x86_64

Version: 0.2-9
Flags: --no-stop-on-test-error
Check: package dependencies
Result: NOTE
    Package which this enhances but not available for checking: ‘kmndirs’
Flavors: r-devel-linux-x86_64-fedora-clang, r-devel-linux-x86_64-fedora-gcc, r-devel-macos-x86_64-clang

Version: 0.2-9
Flags: --no-stop-on-test-error
Check: dependencies in R code
Result: NOTE
    Unavailable namespace imported from by a ':::' call: ‘kmndirs’
     See the note in ?`:::` about the use of this operator.
Flavors: r-devel-linux-x86_64-fedora-clang, r-devel-linux-x86_64-fedora-gcc, r-devel-macos-x86_64-clang