CRAN Package Check Results for Package skmeans

Last updated on 2017-03-24 06:48:39.

Flavor Version Tinstall Tcheck Ttotal Status Flags
r-devel-linux-x86_64-debian-clang 0.2-10 0.75 20.79 21.54 NOTE
r-devel-linux-x86_64-debian-gcc 0.2-10 0.72 20.05 20.77 NOTE
r-devel-linux-x86_64-fedora-clang 0.2-10 42.10 NOTE --no-stop-on-test-error
r-devel-linux-x86_64-fedora-gcc 0.2-10 35.77 NOTE --no-stop-on-test-error
r-devel-macos-x86_64-clang 0.2-10 31.64 NOTE --no-stop-on-test-error
r-devel-windows-ix86+x86_64 0.2-10 4.00 62.00 66.00 NOTE
r-patched-linux-x86_64 0.2-10 0.75 18.55 19.30 NOTE
r-patched-solaris-sparc 0.2-10 245.80 NOTE
r-patched-solaris-x86 0.2-10 51.80 NOTE
r-release-linux-x86_64 0.2-10 0.75 19.13 19.88 NOTE
r-release-osx-x86_64-mavericks 0.2-10 NOTE
r-release-windows-ix86+x86_64 0.2-10 6.00 37.00 43.00 NOTE
r-oldrel-windows-ix86+x86_64 0.2-10 5.00 47.00 52.00 NOTE

Check Details

Version: 0.2-10
Check: package dependencies
Result: NOTE
    Package which this enhances but not available for checking: ‘kmndirs’
Flavors: r-devel-linux-x86_64-debian-clang, r-devel-linux-x86_64-debian-gcc, r-devel-windows-ix86+x86_64, r-patched-linux-x86_64, r-patched-solaris-sparc, r-patched-solaris-x86, r-release-linux-x86_64, r-release-osx-x86_64-mavericks, r-release-windows-ix86+x86_64, r-oldrel-windows-ix86+x86_64

Version: 0.2-10
Check: dependencies in R code
Result: NOTE
    Unavailable namespace imported from by a ':::' call: ‘kmndirs’
     See the note in ?`:::` about the use of this operator.
Flavors: r-devel-linux-x86_64-debian-clang, r-devel-linux-x86_64-debian-gcc, r-devel-windows-ix86+x86_64, r-patched-linux-x86_64, r-patched-solaris-sparc, r-patched-solaris-x86, r-release-linux-x86_64, r-release-osx-x86_64-mavericks, r-release-windows-ix86+x86_64, r-oldrel-windows-ix86+x86_64

Version: 0.2-10
Flags: --no-stop-on-test-error
Check: package dependencies
Result: NOTE
    Package which this enhances but not available for checking: ‘kmndirs’
Flavors: r-devel-linux-x86_64-fedora-clang, r-devel-linux-x86_64-fedora-gcc, r-devel-macos-x86_64-clang

Version: 0.2-10
Flags: --no-stop-on-test-error
Check: dependencies in R code
Result: NOTE
    Unavailable namespace imported from by a ':::' call: ‘kmndirs’
     See the note in ?`:::` about the use of this operator.
Flavors: r-devel-linux-x86_64-fedora-clang, r-devel-linux-x86_64-fedora-gcc, r-devel-macos-x86_64-clang