CRAN Package Check Results for Package skmeans

Last updated on 2017-01-23 23:53:18.

Flavor Version Tinstall Tcheck Ttotal Status Flags
r-devel-linux-x86_64-debian-clang 0.2-9 0.68 20.38 21.06 NOTE
r-devel-linux-x86_64-debian-gcc 0.2-9 0.67 20.69 21.36 NOTE
r-devel-linux-x86_64-fedora-clang 0.2-9 36.40 NOTE --no-stop-on-test-error
r-devel-linux-x86_64-fedora-gcc 0.2-9 34.54 NOTE --no-stop-on-test-error
r-devel-macos-x86_64-clang 0.2-9 31.34 NOTE --no-stop-on-test-error
r-devel-windows-ix86+x86_64 0.2-9 4.00 43.00 47.00 NOTE
r-patched-linux-x86_64 0.2-9 0.65 18.40 19.05 NOTE
r-patched-solaris-sparc 0.2-9 218.60 NOTE
r-patched-solaris-x86 0.2-9 44.90 NOTE
r-release-linux-x86_64 0.2-9 0.64 18.84 19.49 NOTE
r-release-osx-x86_64-mavericks 0.2-9 NOTE
r-release-windows-ix86+x86_64 0.2-9 10.00 36.00 46.00 NOTE
r-oldrel-windows-ix86+x86_64 0.2-9 9.00 48.00 57.00 NOTE

Check Details

Version: 0.2-9
Check: package dependencies
Result: NOTE
    Package which this enhances but not available for checking: ‘kmndirs’
Flavors: r-devel-linux-x86_64-debian-clang, r-devel-linux-x86_64-debian-gcc, r-devel-windows-ix86+x86_64, r-patched-linux-x86_64, r-patched-solaris-sparc, r-patched-solaris-x86, r-release-linux-x86_64, r-release-osx-x86_64-mavericks, r-release-windows-ix86+x86_64, r-oldrel-windows-ix86+x86_64

Version: 0.2-9
Check: dependencies in R code
Result: NOTE
    Unavailable namespace imported from by a ':::' call: ‘kmndirs’
     See the note in ?`:::` about the use of this operator.
Flavors: r-devel-linux-x86_64-debian-clang, r-devel-linux-x86_64-debian-gcc, r-devel-windows-ix86+x86_64, r-patched-linux-x86_64, r-patched-solaris-sparc, r-patched-solaris-x86, r-release-linux-x86_64, r-release-osx-x86_64-mavericks, r-release-windows-ix86+x86_64, r-oldrel-windows-ix86+x86_64

Version: 0.2-9
Flags: --no-stop-on-test-error
Check: package dependencies
Result: NOTE
    Package which this enhances but not available for checking: ‘kmndirs’
Flavors: r-devel-linux-x86_64-fedora-clang, r-devel-linux-x86_64-fedora-gcc, r-devel-macos-x86_64-clang

Version: 0.2-9
Flags: --no-stop-on-test-error
Check: dependencies in R code
Result: NOTE
    Unavailable namespace imported from by a ':::' call: ‘kmndirs’
     See the note in ?`:::` about the use of this operator.
Flavors: r-devel-linux-x86_64-fedora-clang, r-devel-linux-x86_64-fedora-gcc, r-devel-macos-x86_64-clang