CRAN Package Check Results for Package skmeans

Last updated on 2017-10-19 17:48:45.

Flavor Version Tinstall Tcheck Ttotal Status Flags
r-devel-linux-x86_64-debian-clang 0.2-11 0.66 20.93 21.58 NOTE
r-devel-linux-x86_64-debian-gcc 0.2-11 0.88 21.84 22.71 NOTE
r-devel-linux-x86_64-fedora-clang 0.2-11 39.62 NOTE
r-devel-linux-x86_64-fedora-gcc 0.2-11 37.67 NOTE
r-devel-windows-ix86+x86_64 0.2-11 4.00 38.00 42.00 NOTE
r-patched-linux-x86_64 0.2-11 0.68 20.59 21.26 NOTE
r-patched-solaris-x86 0.2-11 56.20 NOTE
r-release-linux-x86_64 0.2-11 0.76 20.18 20.94 NOTE
r-release-windows-ix86+x86_64 0.2-11 6.00 37.00 43.00 NOTE
r-release-osx-x86_64 0.2-11 NOTE
r-oldrel-windows-ix86+x86_64 0.2-11 5.00 50.00 55.00 NOTE
r-oldrel-osx-x86_64 0.2-11 NOTE

Check Details

Version: 0.2-11
Check: package dependencies
Result: NOTE
    Package which this enhances but not available for checking: ‘kmndirs’
Flavors: r-devel-linux-x86_64-debian-clang, r-devel-linux-x86_64-debian-gcc, r-devel-linux-x86_64-fedora-clang, r-devel-linux-x86_64-fedora-gcc, r-devel-windows-ix86+x86_64, r-patched-linux-x86_64, r-patched-solaris-x86, r-release-linux-x86_64, r-release-windows-ix86+x86_64, r-release-osx-x86_64, r-oldrel-windows-ix86+x86_64, r-oldrel-osx-x86_64

Version: 0.2-11
Check: dependencies in R code
Result: NOTE
    Unavailable namespace imported from by a ':::' call: ‘kmndirs’
     See the note in ?`:::` about the use of this operator.
Flavors: r-devel-linux-x86_64-debian-clang, r-devel-linux-x86_64-debian-gcc, r-devel-linux-x86_64-fedora-clang, r-devel-linux-x86_64-fedora-gcc, r-devel-windows-ix86+x86_64, r-patched-linux-x86_64, r-patched-solaris-x86, r-release-linux-x86_64, r-release-windows-ix86+x86_64, r-release-osx-x86_64, r-oldrel-windows-ix86+x86_64, r-oldrel-osx-x86_64