CRAN Package Check Results for Package skmeans

Last updated on 2017-08-19 12:52:05.

Flavor Version Tinstall Tcheck Ttotal Status Flags
r-devel-linux-x86_64-debian-clang 0.2-11 0.72 21.68 22.40 NOTE
r-devel-linux-x86_64-debian-gcc 0.2-11 0.76 20.79 21.55 NOTE
r-devel-linux-x86_64-fedora-clang 0.2-11 37.87 NOTE
r-devel-linux-x86_64-fedora-gcc 0.2-11 35.65 NOTE
r-devel-windows-ix86+x86_64 0.2-11 5.00 39.00 44.00 NOTE
r-patched-linux-x86_64 0.2-11 0.66 21.86 22.52 NOTE
r-patched-solaris-x86 0.2-11 54.40 NOTE
r-release-linux-x86_64 0.2-11 0.79 20.75 21.54 NOTE
r-release-windows-ix86+x86_64 0.2-11 5.00 60.00 65.00 NOTE
r-release-osx-x86_64 0.2-11 NOTE
r-oldrel-windows-ix86+x86_64 0.2-11 4.00 47.00 51.00 NOTE
r-oldrel-osx-x86_64 0.2-11 NOTE

Check Details

Version: 0.2-11
Check: package dependencies
Result: NOTE
    Package which this enhances but not available for checking: ‘kmndirs’
Flavors: r-devel-linux-x86_64-debian-clang, r-devel-linux-x86_64-debian-gcc, r-devel-linux-x86_64-fedora-clang, r-devel-linux-x86_64-fedora-gcc, r-devel-windows-ix86+x86_64, r-patched-linux-x86_64, r-patched-solaris-x86, r-release-linux-x86_64, r-release-windows-ix86+x86_64, r-release-osx-x86_64, r-oldrel-windows-ix86+x86_64, r-oldrel-osx-x86_64

Version: 0.2-11
Check: dependencies in R code
Result: NOTE
    Unavailable namespace imported from by a ':::' call: ‘kmndirs’
     See the note in ?`:::` about the use of this operator.
Flavors: r-devel-linux-x86_64-debian-clang, r-devel-linux-x86_64-debian-gcc, r-devel-linux-x86_64-fedora-clang, r-devel-linux-x86_64-fedora-gcc, r-devel-windows-ix86+x86_64, r-patched-linux-x86_64, r-patched-solaris-x86, r-release-linux-x86_64, r-release-windows-ix86+x86_64, r-release-osx-x86_64, r-oldrel-windows-ix86+x86_64, r-oldrel-osx-x86_64