CRAN Package Check Results for Package skmeans

Last updated on 2018-02-23 01:46:44 CET.

Flavor Version Tinstall Tcheck Ttotal Status Flags
r-devel-linux-x86_64-debian-clang 0.2-11 1.65 26.35 28.00 NOTE
r-devel-linux-x86_64-debian-gcc 0.2-11 1.44 23.56 25.00 NOTE
r-devel-linux-x86_64-fedora-clang 0.2-11 40.40 NOTE
r-devel-linux-x86_64-fedora-gcc 0.2-11 37.03 NOTE
r-devel-windows-ix86+x86_64 0.2-11 8.00 42.00 50.00 NOTE
r-patched-linux-x86_64 0.2-11 0.78 30.10 30.88 NOTE
r-patched-solaris-x86 0.2-11 54.60 NOTE
r-release-linux-x86_64 0.2-11 0.81 29.70 30.51 NOTE
r-release-windows-ix86+x86_64 0.2-11 4.00 53.00 57.00 NOTE
r-release-osx-x86_64 0.2-11 NOTE
r-oldrel-windows-ix86+x86_64 0.2-11 4.00 57.00 61.00 NOTE
r-oldrel-osx-x86_64 0.2-11 NOTE

Check Details

Version: 0.2-11
Check: package dependencies
Result: NOTE
    Package which this enhances but not available for checking: ‘kmndirs’
Flavors: r-devel-linux-x86_64-debian-clang, r-devel-linux-x86_64-debian-gcc, r-devel-linux-x86_64-fedora-clang, r-devel-linux-x86_64-fedora-gcc, r-devel-windows-ix86+x86_64, r-patched-linux-x86_64, r-patched-solaris-x86, r-release-linux-x86_64, r-release-windows-ix86+x86_64, r-release-osx-x86_64, r-oldrel-windows-ix86+x86_64, r-oldrel-osx-x86_64

Version: 0.2-11
Check: dependencies in R code
Result: NOTE
    Unavailable namespace imported from by a ':::' call: ‘kmndirs’
     See the note in ?`:::` about the use of this operator.
Flavors: r-devel-linux-x86_64-debian-clang, r-devel-linux-x86_64-debian-gcc, r-devel-linux-x86_64-fedora-clang, r-devel-linux-x86_64-fedora-gcc, r-devel-windows-ix86+x86_64, r-patched-linux-x86_64, r-patched-solaris-x86, r-release-linux-x86_64, r-release-windows-ix86+x86_64, r-release-osx-x86_64, r-oldrel-windows-ix86+x86_64, r-oldrel-osx-x86_64