CRAN Package Check Results for Package skmeans

Last updated on 2018-06-20 06:47:06 CEST.

Flavor Version Tinstall Tcheck Ttotal Status Flags
r-devel-linux-x86_64-debian-clang 0.2-11 1.90 32.55 34.45 NOTE
r-devel-linux-x86_64-debian-gcc 0.2-11 1.37 24.95 26.32 NOTE
r-devel-linux-x86_64-fedora-clang 0.2-11 40.20 NOTE
r-devel-linux-x86_64-fedora-gcc 0.2-11 37.94 NOTE
r-devel-windows-ix86+x86_64 0.2-11 7.00 54.00 61.00 NOTE
r-patched-linux-x86_64 0.2-11 2.01 30.08 32.09 NOTE
r-patched-solaris-x86 0.2-11 58.90 NOTE
r-release-linux-x86_64 0.2-11 1.65 30.02 31.67 NOTE
r-release-windows-ix86+x86_64 0.2-11 5.00 66.00 71.00 NOTE
r-release-osx-x86_64 0.2-11 NOTE
r-oldrel-windows-ix86+x86_64 0.2-11 6.00 38.00 44.00 NOTE
r-oldrel-osx-x86_64 0.2-11 NOTE

Check Details

Version: 0.2-11
Check: package dependencies
Result: NOTE
    Package which this enhances but not available for checking: ‘kmndirs’
Flavors: r-devel-linux-x86_64-debian-clang, r-devel-linux-x86_64-debian-gcc, r-devel-linux-x86_64-fedora-clang, r-devel-linux-x86_64-fedora-gcc, r-devel-windows-ix86+x86_64, r-patched-linux-x86_64, r-patched-solaris-x86, r-release-linux-x86_64, r-release-windows-ix86+x86_64, r-release-osx-x86_64, r-oldrel-windows-ix86+x86_64, r-oldrel-osx-x86_64

Version: 0.2-11
Check: dependencies in R code
Result: NOTE
    Unavailable namespace imported from by a ':::' call: ‘kmndirs’
     See the note in ?`:::` about the use of this operator.
Flavors: r-devel-linux-x86_64-debian-clang, r-devel-linux-x86_64-debian-gcc, r-devel-linux-x86_64-fedora-clang, r-devel-linux-x86_64-fedora-gcc, r-devel-windows-ix86+x86_64, r-patched-linux-x86_64, r-patched-solaris-x86, r-release-linux-x86_64, r-release-windows-ix86+x86_64, r-release-osx-x86_64, r-oldrel-windows-ix86+x86_64, r-oldrel-osx-x86_64