CRAN Package Check Results for Package skmeans

Last updated on 2015-07-03 16:47:38.

Flavor Version Tinstall Tcheck Ttotal Status Flags
r-devel-linux-x86_64-debian-clang 0.2-7 0.60 16.82 17.42 NOTE
r-devel-linux-x86_64-debian-gcc 0.2-7 0.62 17.34 17.96 NOTE
r-devel-linux-x86_64-fedora-clang 0.2-7 34.32 NOTE
r-devel-linux-x86_64-fedora-gcc 0.2-7 33.17 NOTE
r-devel-osx-x86_64-clang 0.2-7 30.14 NOTE
r-devel-windows-ix86+x86_64 0.2-7 4.00 29.00 33.00 NOTE
r-patched-linux-x86_64 0.2-7 0.63 17.98 18.60 NOTE
r-patched-solaris-sparc 0.2-7 227.30 NOTE
r-patched-solaris-x86 0.2-7 51.70 NOTE
r-release-linux-x86_64 0.2-7 0.65 17.71 18.36 NOTE
r-release-osx-x86_64-mavericks 0.2-7 NOTE
r-release-windows-ix86+x86_64 0.2-7 5.00 30.00 35.00 NOTE
r-oldrel-windows-ix86+x86_64 0.2-7 4.00 35.00 39.00 NOTE

Check Details

Version: 0.2-7
Check: package dependencies
Result: NOTE
    Package which this enhances but not available for checking: ‘kmndirs’
Flavors: r-devel-linux-x86_64-debian-clang, r-devel-linux-x86_64-debian-gcc, r-devel-linux-x86_64-fedora-clang, r-devel-linux-x86_64-fedora-gcc, r-devel-osx-x86_64-clang, r-devel-windows-ix86+x86_64, r-patched-linux-x86_64, r-patched-solaris-sparc, r-patched-solaris-x86, r-release-linux-x86_64, r-release-osx-x86_64-mavericks, r-release-windows-ix86+x86_64, r-oldrel-windows-ix86+x86_64

Version: 0.2-7
Check: dependencies in R code
Result: NOTE
    Unavailable namespace imported from by a ':::' call: ‘kmndirs’
     See the note in ?`:::` about the use of this operator.
Flavors: r-devel-linux-x86_64-debian-clang, r-devel-linux-x86_64-debian-gcc, r-devel-linux-x86_64-fedora-clang, r-devel-linux-x86_64-fedora-gcc, r-devel-osx-x86_64-clang, r-devel-windows-ix86+x86_64, r-patched-linux-x86_64, r-patched-solaris-sparc, r-patched-solaris-x86, r-release-linux-x86_64, r-release-osx-x86_64-mavericks, r-release-windows-ix86+x86_64, r-oldrel-windows-ix86+x86_64