CRAN Package Check Results for Package skmeans

Last updated on 2016-02-11 17:52:32.

Flavor Version Tinstall Tcheck Ttotal Status Flags
r-devel-linux-x86_64-debian-gcc 0.2-8 0.67 17.27 17.94 NOTE
r-devel-linux-x86_64-fedora-clang 0.2-8 32.22 NOTE
r-devel-linux-x86_64-fedora-gcc 0.2-8 30.22 NOTE
r-devel-osx-x86_64-clang 0.2-8 36.96 NOTE
r-devel-windows-ix86+x86_64 0.2-8 6.00 32.00 38.00 NOTE
r-patched-linux-x86_64 0.2-8 0.74 18.19 18.93 NOTE
r-patched-solaris-sparc 0.2-8 228.40 NOTE
r-patched-solaris-x86 0.2-8 45.50 NOTE
r-release-linux-x86_64 0.2-8 0.67 18.00 18.67 NOTE
r-release-osx-x86_64-mavericks 0.2-8 NOTE
r-release-windows-ix86+x86_64 0.2-8 6.00 30.00 36.00 NOTE
r-oldrel-windows-ix86+x86_64 0.2-8 7.00 37.00 44.00 NOTE

Check Details

Version: 0.2-8
Check: package dependencies
Result: NOTE
    Package which this enhances but not available for checking: ‘kmndirs’
Flavors: r-devel-linux-x86_64-debian-gcc, r-devel-linux-x86_64-fedora-clang, r-devel-linux-x86_64-fedora-gcc, r-devel-osx-x86_64-clang, r-devel-windows-ix86+x86_64, r-patched-linux-x86_64, r-patched-solaris-sparc, r-patched-solaris-x86, r-release-linux-x86_64, r-release-osx-x86_64-mavericks, r-release-windows-ix86+x86_64, r-oldrel-windows-ix86+x86_64

Version: 0.2-8
Check: dependencies in R code
Result: NOTE
    Unavailable namespace imported from by a ':::' call: ‘kmndirs’
     See the note in ?`:::` about the use of this operator.
Flavors: r-devel-linux-x86_64-debian-gcc, r-devel-linux-x86_64-fedora-clang, r-devel-linux-x86_64-fedora-gcc, r-devel-osx-x86_64-clang, r-devel-windows-ix86+x86_64, r-patched-linux-x86_64, r-patched-solaris-sparc, r-patched-solaris-x86, r-release-linux-x86_64, r-release-osx-x86_64-mavericks, r-release-windows-ix86+x86_64, r-oldrel-windows-ix86+x86_64