CRAN Package Check Results for Package skmeans

Last updated on 2016-05-05 03:49:03.

Flavor Version Tinstall Tcheck Ttotal Status Flags
r-devel-linux-x86_64-debian-gcc 0.2-8 0.68 18.35 19.04 NOTE
r-devel-linux-x86_64-fedora-clang 0.2-8 33.25 NOTE
r-devel-linux-x86_64-fedora-gcc 0.2-8 30.37 NOTE
r-devel-osx-x86_64-clang 0.2-8 37.61 NOTE
r-devel-windows-ix86+x86_64 0.2-8 5.00 48.00 53.00 NOTE
r-patched-linux-x86_64 0.2-8 0.64 17.93 18.57 NOTE
r-patched-solaris-sparc 0.2-8 215.70 NOTE
r-patched-solaris-x86 0.2-8 43.90 NOTE
r-release-linux-x86_64 0.2-8 0.72 17.74 18.45 NOTE
r-release-osx-x86_64-mavericks 0.2-8 NOTE
r-release-windows-ix86+x86_64 0.2-8 5.00 48.00 53.00 NOTE
r-oldrel-windows-ix86+x86_64 0.2-8 5.00 38.00 43.00 NOTE

Check Details

Version: 0.2-8
Check: package dependencies
Result: NOTE
    Package which this enhances but not available for checking: ‘kmndirs’
Flavors: r-devel-linux-x86_64-debian-gcc, r-devel-linux-x86_64-fedora-clang, r-devel-linux-x86_64-fedora-gcc, r-devel-osx-x86_64-clang, r-devel-windows-ix86+x86_64, r-patched-linux-x86_64, r-patched-solaris-sparc, r-patched-solaris-x86, r-release-linux-x86_64, r-release-osx-x86_64-mavericks, r-release-windows-ix86+x86_64, r-oldrel-windows-ix86+x86_64

Version: 0.2-8
Check: dependencies in R code
Result: NOTE
    Unavailable namespace imported from by a ':::' call: ‘kmndirs’
     See the note in ?`:::` about the use of this operator.
Flavors: r-devel-linux-x86_64-debian-gcc, r-devel-linux-x86_64-fedora-clang, r-devel-linux-x86_64-fedora-gcc, r-devel-osx-x86_64-clang, r-devel-windows-ix86+x86_64, r-patched-linux-x86_64, r-patched-solaris-sparc, r-patched-solaris-x86, r-release-linux-x86_64, r-release-osx-x86_64-mavericks, r-release-windows-ix86+x86_64, r-oldrel-windows-ix86+x86_64