CRAN Package Check Results for Package skmeans

Last updated on 2017-04-28 21:47:40.

Flavor Version Tinstall Tcheck Ttotal Status Flags
r-devel-linux-x86_64-debian-clang 0.2-10 0.80 20.93 21.73 NOTE
r-devel-linux-x86_64-debian-gcc 0.2-10 0.76 20.67 21.42 NOTE
r-devel-linux-x86_64-fedora-clang 0.2-10 42.92 NOTE --no-stop-on-test-error
r-devel-linux-x86_64-fedora-gcc 0.2-10 36.60 NOTE --no-stop-on-test-error
r-devel-windows-ix86+x86_64 0.2-10 3.00 51.00 54.00 NOTE
r-patched-linux-x86_64 0.2-10 0.65 20.26 20.91 NOTE
r-patched-solaris-sparc 0.2-10 245.80 NOTE
r-patched-solaris-x86 0.2-10 50.90 NOTE
r-release-linux-x86_64 0.2-10 0.78 20.32 21.10 NOTE
r-release-windows-ix86+x86_64 0.2-10 7.00 52.00 59.00 NOTE
r-release-osx-x86_64 0.2-10 NOTE
r-oldrel-windows-ix86+x86_64 0.2-10 6.00 38.00 44.00 NOTE
r-oldrel-osx-x86_64 0.2-10 NOTE

Check Details

Version: 0.2-10
Check: package dependencies
Result: NOTE
    Package which this enhances but not available for checking: ‘kmndirs’
Flavors: r-devel-linux-x86_64-debian-clang, r-devel-linux-x86_64-debian-gcc, r-devel-windows-ix86+x86_64, r-patched-linux-x86_64, r-patched-solaris-sparc, r-patched-solaris-x86, r-release-linux-x86_64, r-release-windows-ix86+x86_64, r-release-osx-x86_64, r-oldrel-windows-ix86+x86_64, r-oldrel-osx-x86_64

Version: 0.2-10
Check: dependencies in R code
Result: NOTE
    Unavailable namespace imported from by a ':::' call: ‘kmndirs’
     See the note in ?`:::` about the use of this operator.
Flavors: r-devel-linux-x86_64-debian-clang, r-devel-linux-x86_64-debian-gcc, r-devel-windows-ix86+x86_64, r-patched-linux-x86_64, r-patched-solaris-sparc, r-patched-solaris-x86, r-release-linux-x86_64, r-release-windows-ix86+x86_64, r-release-osx-x86_64, r-oldrel-windows-ix86+x86_64, r-oldrel-osx-x86_64

Version: 0.2-10
Flags: --no-stop-on-test-error
Check: package dependencies
Result: NOTE
    Package which this enhances but not available for checking: ‘kmndirs’
Flavors: r-devel-linux-x86_64-fedora-clang, r-devel-linux-x86_64-fedora-gcc

Version: 0.2-10
Flags: --no-stop-on-test-error
Check: dependencies in R code
Result: NOTE
    Unavailable namespace imported from by a ':::' call: ‘kmndirs’
     See the note in ?`:::` about the use of this operator.
Flavors: r-devel-linux-x86_64-fedora-clang, r-devel-linux-x86_64-fedora-gcc