CRAN Package Check Results for Package skmeans

Last updated on 2015-03-27 07:48:58.

Flavor Version Tinstall Tcheck Ttotal Status Flags
r-devel-linux-x86_64-debian-clang 0.2-6 0.79 19.14 19.93 NOTE
r-devel-linux-x86_64-debian-gcc 0.2-6 2.66 17.89 20.55 NOTE
r-devel-linux-x86_64-fedora-clang 0.2-6 35.89 NOTE
r-devel-linux-x86_64-fedora-gcc 0.2-6 35.97 NOTE
r-devel-osx-x86_64-clang 0.2-6 44.00 NOTE
r-prerel-windows-ix86+x86_64 0.2-6 5.00 29.00 34.00 NOTE
r-prerel-linux-x86_64 0.2-6 0.62 18.77 19.39 NOTE
r-prerel-solaris-sparc 0.2-6 223.60 NOTE
r-prerel-solaris-x86 0.2-6 50.50 NOTE
r-release-linux-x86_64 0.2-6 0.69 20.37 21.06 NOTE
r-release-osx-x86_64-mavericks 0.2-6 NOTE
r-release-osx-x86_64-snowleopard 0.2-6 NOTE
r-release-windows-ix86+x86_64 0.2-6 4.00 38.00 42.00 NOTE
r-oldrel-windows-ix86+x86_64 0.2-6 5.00 54.00 59.00 NOTE

Check Details

Version: 0.2-6
Check: package dependencies
Result: NOTE
    Package which this enhances but not available for checking: ‘kmndirs’
Flavors: r-devel-linux-x86_64-debian-clang, r-devel-linux-x86_64-debian-gcc, r-devel-linux-x86_64-fedora-clang, r-devel-linux-x86_64-fedora-gcc, r-devel-osx-x86_64-clang, r-prerel-windows-ix86+x86_64, r-prerel-linux-x86_64, r-prerel-solaris-sparc, r-prerel-solaris-x86, r-release-linux-x86_64, r-release-osx-x86_64-mavericks, r-release-osx-x86_64-snowleopard, r-release-windows-ix86+x86_64, r-oldrel-windows-ix86+x86_64

Version: 0.2-6
Check: dependencies in R code
Result: NOTE
    Unavailable namespace imported from by a ':::' call: ‘kmndirs’
     See the note in ?`:::` about the use of this operator.
Flavors: r-devel-linux-x86_64-debian-clang, r-devel-linux-x86_64-debian-gcc, r-devel-linux-x86_64-fedora-clang, r-devel-linux-x86_64-fedora-gcc, r-devel-osx-x86_64-clang, r-prerel-windows-ix86+x86_64, r-prerel-linux-x86_64, r-prerel-solaris-sparc, r-prerel-solaris-x86, r-release-linux-x86_64, r-release-windows-ix86+x86_64

Version: 0.2-6
Check: dependencies in R code
Result: NOTE
    Unavailable namespace imported from by a ':::' call: ‘kmndirs’
     See the note in ?`:::` about the use of this operator.
    See the information on DESCRIPTION files in the chapter ‘Creating R
    packages’ of the ‘Writing R Extensions’ manual.
Flavors: r-release-osx-x86_64-mavericks, r-release-osx-x86_64-snowleopard, r-oldrel-windows-ix86+x86_64