CRAN Package Check Results for Package skmeans

Last updated on 2015-01-26 01:48:56.

Flavor Version Tinstall Tcheck Ttotal Status Flags
r-devel-linux-x86_64-debian-clang 0.2-6 0.67 18.49 19.16 NOTE
r-devel-linux-x86_64-debian-gcc 0.2-6 0.69 19.59 20.28 NOTE
r-devel-linux-x86_64-fedora-clang 0.2-6 41.80 NOTE
r-devel-linux-x86_64-fedora-gcc 0.2-6 41.39 NOTE
r-devel-osx-x86_64-clang 0.2-6 44.21 NOTE
r-devel-windows-ix86+x86_64 0.2-6 5.00 39.00 44.00 NOTE
r-patched-linux-x86_64 0.2-6 0.73 20.49 21.22 NOTE
r-patched-solaris-sparc 0.2-6 254.20 NOTE
r-patched-solaris-x86 0.2-6 57.00 NOTE
r-release-linux-ix86 0.2-6 1.09 28.14 29.23 NOTE
r-release-linux-x86_64 0.2-6 0.74 21.29 22.03 NOTE
r-release-osx-x86_64-mavericks 0.2-6 NOTE
r-release-osx-x86_64-snowleopard 0.2-6 NOTE
r-release-windows-ix86+x86_64 0.2-6 5.00 33.00 38.00 NOTE
r-oldrel-windows-ix86+x86_64 0.2-6 5.00 48.00 53.00 NOTE

Check Details

Version: 0.2-6
Check: package dependencies
Result: NOTE
    Package which this enhances but not available for checking: ‘kmndirs’
Flavors: r-devel-linux-x86_64-debian-clang, r-devel-linux-x86_64-debian-gcc, r-devel-linux-x86_64-fedora-clang, r-devel-linux-x86_64-fedora-gcc, r-devel-osx-x86_64-clang, r-devel-windows-ix86+x86_64, r-patched-linux-x86_64, r-patched-solaris-sparc, r-patched-solaris-x86, r-release-linux-ix86, r-release-linux-x86_64, r-release-osx-x86_64-mavericks, r-release-osx-x86_64-snowleopard, r-release-windows-ix86+x86_64, r-oldrel-windows-ix86+x86_64

Version: 0.2-6
Check: dependencies in R code
Result: NOTE
    Unavailable namespace imported from by a ':::' call: ‘kmndirs’
     See the note in ?`:::` about the use of this operator.
Flavors: r-devel-linux-x86_64-debian-clang, r-devel-linux-x86_64-debian-gcc, r-devel-linux-x86_64-fedora-clang, r-devel-linux-x86_64-fedora-gcc, r-devel-osx-x86_64-clang, r-devel-windows-ix86+x86_64

Version: 0.2-6
Check: dependencies in R code
Result: NOTE
    Unavailable namespace imported from by a ':::' call: ‘kmndirs’
     See the note in ?`:::` about the use of this operator.
    See the information on DESCRIPTION files in the chapter ‘Creating R
    packages’ of the ‘Writing R Extensions’ manual.
Flavors: r-patched-linux-x86_64, r-patched-solaris-sparc, r-patched-solaris-x86, r-release-linux-ix86, r-release-linux-x86_64, r-release-osx-x86_64-mavericks, r-release-osx-x86_64-snowleopard, r-release-windows-ix86+x86_64, r-oldrel-windows-ix86+x86_64