CRAN Package Check Results for Package skmeans

Last updated on 2016-12-09 09:52:49.

Flavor Version Tinstall Tcheck Ttotal Status Flags
r-devel-linux-x86_64-debian-clang 0.2-8 0.72 21.10 21.82 NOTE
r-devel-linux-x86_64-debian-gcc 0.2-8 0.67 20.35 21.02 NOTE
r-devel-linux-x86_64-fedora-clang 0.2-8 36.87 NOTE --no-stop-on-test-error
r-devel-linux-x86_64-fedora-gcc 0.2-8 36.33 NOTE --no-stop-on-test-error
r-devel-macos-x86_64-clang 0.2-8 32.58 NOTE
r-devel-windows-ix86+x86_64 0.2-8 4.00 50.00 54.00 NOTE
r-patched-linux-x86_64 0.2-8 0.62 17.57 18.19 NOTE
r-patched-solaris-sparc 0.2-8 216.40 NOTE
r-patched-solaris-x86 0.2-8 44.00 NOTE
r-release-linux-x86_64 0.2-8 0.65 18.36 19.01 NOTE
r-release-osx-x86_64-mavericks 0.2-8 NOTE
r-release-windows-ix86+x86_64 0.2-8 3.00 37.00 40.00 NOTE
r-oldrel-windows-ix86+x86_64 0.2-8 5.00 36.00 41.00 NOTE

Check Details

Version: 0.2-8
Check: package dependencies
Result: NOTE
    Package which this enhances but not available for checking: ‘kmndirs’
Flavors: r-devel-linux-x86_64-debian-clang, r-devel-linux-x86_64-debian-gcc, r-devel-macos-x86_64-clang, r-devel-windows-ix86+x86_64, r-patched-linux-x86_64, r-patched-solaris-sparc, r-patched-solaris-x86, r-release-linux-x86_64, r-release-osx-x86_64-mavericks, r-release-windows-ix86+x86_64, r-oldrel-windows-ix86+x86_64

Version: 0.2-8
Check: dependencies in R code
Result: NOTE
    Unavailable namespace imported from by a ':::' call: ‘kmndirs’
     See the note in ?`:::` about the use of this operator.
Flavors: r-devel-linux-x86_64-debian-clang, r-devel-linux-x86_64-debian-gcc, r-devel-macos-x86_64-clang, r-devel-windows-ix86+x86_64, r-patched-linux-x86_64, r-patched-solaris-sparc, r-patched-solaris-x86, r-release-linux-x86_64, r-release-osx-x86_64-mavericks, r-release-windows-ix86+x86_64, r-oldrel-windows-ix86+x86_64

Version: 0.2-8
Flags: --no-stop-on-test-error
Check: package dependencies
Result: NOTE
    Package which this enhances but not available for checking: ‘kmndirs’
Flavors: r-devel-linux-x86_64-fedora-clang, r-devel-linux-x86_64-fedora-gcc

Version: 0.2-8
Flags: --no-stop-on-test-error
Check: dependencies in R code
Result: NOTE
    Unavailable namespace imported from by a ':::' call: ‘kmndirs’
     See the note in ?`:::` about the use of this operator.
Flavors: r-devel-linux-x86_64-fedora-clang, r-devel-linux-x86_64-fedora-gcc