CRAN Package Check Results for Package skmeans

Last updated on 2014-07-25 03:49:54.

Flavor Version Tinstall Tcheck Ttotal Status Flags
r-devel-linux-x86_64-debian-clang 0.2-6 0.89 20.33 21.22 NOTE
r-devel-linux-x86_64-debian-gcc 0.2-6 0.68 19.74 20.42 NOTE
r-devel-linux-x86_64-fedora-clang 0.2-6 41.58 NOTE
r-devel-linux-x86_64-fedora-gcc 0.2-6 40.48 NOTE
r-devel-osx-x86_64-clang 0.2-6 38.98 NOTE
r-devel-windows-ix86+x86_64 0.2-6 3.00 34.00 37.00 NOTE
r-patched-linux-x86_64 0.2-6 0.70 19.92 20.62 NOTE
r-patched-solaris-sparc 0.2-6 251.90 NOTE
r-patched-solaris-x86 0.2-6 55.90 NOTE
r-release-linux-ix86 0.2-6 1.06 28.39 29.45 NOTE
r-release-linux-x86_64 0.2-6 0.79 20.07 20.86 NOTE
r-release-osx-x86_64-mavericks 0.2-6 NOTE
r-release-osx-x86_64-snowleopard 0.2-6 NOTE
r-release-windows-ix86+x86_64 0.2-6 4.00 32.00 36.00 NOTE
r-oldrel-windows-ix86+x86_64 0.2-6 4.00 38.00 42.00 NOTE

Check Details

Version: 0.2-6
Check: package dependencies
Result: NOTE
    Package which this enhances but not available for checking: ‘kmndirs’
Flavors: r-devel-linux-x86_64-debian-clang, r-devel-linux-x86_64-debian-gcc, r-devel-linux-x86_64-fedora-clang, r-devel-linux-x86_64-fedora-gcc, r-devel-osx-x86_64-clang, r-devel-windows-ix86+x86_64, r-patched-linux-x86_64, r-patched-solaris-sparc, r-patched-solaris-x86, r-release-linux-ix86, r-release-linux-x86_64, r-release-osx-x86_64-mavericks, r-release-osx-x86_64-snowleopard, r-release-windows-ix86+x86_64, r-oldrel-windows-ix86+x86_64

Version: 0.2-6
Check: dependencies in R code
Result: NOTE
    Unavailable namespace imported from by a ':::' call: ‘kmndirs’
     See the note in ?`:::` about the use of this operator.
    See the information on DESCRIPTION files in the chapter ‘Creating R
    packages’ of the ‘Writing R Extensions’ manual.
Flavors: r-devel-linux-x86_64-debian-clang, r-devel-linux-x86_64-debian-gcc, r-devel-linux-x86_64-fedora-clang, r-devel-linux-x86_64-fedora-gcc, r-devel-osx-x86_64-clang, r-devel-windows-ix86+x86_64, r-patched-linux-x86_64, r-patched-solaris-sparc, r-patched-solaris-x86, r-release-linux-ix86, r-release-linux-x86_64, r-release-osx-x86_64-mavericks, r-release-osx-x86_64-snowleopard, r-release-windows-ix86+x86_64, r-oldrel-windows-ix86+x86_64