CRAN Package Check Results for Package sknifedatar

Last updated on 2022-01-25 18:51:55 CET.

Flavor Version Tinstall Tcheck Ttotal Status Flags
r-devel-linux-x86_64-debian-clang 0.1.2 4.23 84.50 88.73 OK
r-devel-linux-x86_64-debian-gcc 0.1.2 4.71 66.87 71.58 OK
r-devel-linux-x86_64-fedora-clang 0.1.2 110.73 OK
r-devel-linux-x86_64-fedora-gcc 0.1.2 99.17 OK
r-devel-windows-x86_64-new-UL 0.1.2 87.00 123.00 210.00 OK
r-devel-windows-x86_64-new-TK 0.1.2 OK
r-patched-linux-x86_64 0.1.2 4.48 80.41 84.89 OK
r-release-linux-x86_64 0.1.2 0.51 11.12 11.63 ERROR
r-release-macos-arm64 0.1.2 OK
r-release-macos-x86_64 0.1.2 OK
r-release-windows-ix86+x86_64 0.1.2 13.00 98.00 111.00 OK
r-oldrel-macos-x86_64 0.1.2 OK
r-oldrel-windows-ix86+x86_64 0.1.2 12.00 106.00 118.00 OK

Check Details

Version: 0.1.2
Check: package dependencies
Result: ERROR
    Package required but not available: ‘modeltime’
    
    See section ‘The DESCRIPTION file’ in the ‘Writing R Extensions’
    manual.
Flavor: r-release-linux-x86_64