Last updated on 2022-05-16 20:52:56 CEST.
Flavor | Version | Tinstall | Tcheck | Ttotal | Status | Flags |
---|---|---|---|---|---|---|
r-devel-linux-x86_64-debian-clang | 1.0.0 | 18.39 | 330.35 | 348.74 | OK | |
r-devel-linux-x86_64-debian-gcc | 1.0.0 | 13.48 | 243.56 | 257.04 | OK | |
r-devel-linux-x86_64-fedora-clang | 1.0.0 | 393.36 | NOTE | |||
r-devel-linux-x86_64-fedora-gcc | 1.0.0 | 303.84 | NOTE | |||
r-devel-windows-x86_64 | 1.0.0 | 60.00 | 568.00 | 628.00 | OK | |
r-patched-linux-x86_64 | 1.0.0 | 16.65 | 317.75 | 334.40 | OK | |
r-release-linux-x86_64 | 1.0.0 | 18.28 | 306.96 | 325.24 | OK | |
r-release-macos-arm64 | 1.0.0 | 311.00 | NOTE | |||
r-release-macos-x86_64 | 1.0.0 | 398.00 | NOTE | |||
r-release-windows-x86_64 | 1.0.0 | 73.00 | 575.00 | 648.00 | OK | |
r-oldrel-macos-arm64 | 1.0.0 | 278.00 | NOTE | |||
r-oldrel-macos-x86_64 | 1.0.0 | 351.00 | NOTE | |||
r-oldrel-windows-ix86+x86_64 | 1.0.0 | 40.00 | 598.00 | 638.00 | OK |
Version: 1.0.0
Check: dependencies in R code
Result: NOTE
Namespaces in Imports field not imported from:
‘numDeriv’ ‘png’
All declared Imports should be used.
Flavors: r-devel-linux-x86_64-fedora-clang, r-devel-linux-x86_64-fedora-gcc, r-release-macos-arm64, r-release-macos-x86_64, r-oldrel-macos-arm64, r-oldrel-macos-x86_64