CRAN Package Check Results for Package slackr

Last updated on 2021-12-08 06:51:28 CET.

Flavor Version Tinstall Tcheck Ttotal Status Flags
r-devel-linux-x86_64-debian-clang 3.2.0 5.67 66.68 72.35 OK
r-devel-linux-x86_64-debian-gcc 3.2.0 4.81 50.50 55.31 OK
r-devel-linux-x86_64-fedora-clang 3.2.0 89.47 NOTE
r-devel-linux-x86_64-fedora-gcc 3.2.0 74.14 NOTE
r-devel-windows-x86_64-new-UL 3.2.0 15.00 111.00 126.00 OK
r-devel-windows-x86_64-new-TK 3.2.0 NOTE
r-devel-windows-x86_64-old 3.2.0 11.00 66.00 77.00 OK
r-patched-linux-x86_64 3.2.0 5.53 62.05 67.58 OK
r-release-linux-x86_64 3.2.0 4.88 62.66 67.54 OK
r-release-macos-arm64 3.2.0 NOTE
r-release-macos-x86_64 3.2.0 NOTE
r-release-windows-ix86+x86_64 3.2.0 9.00 82.00 91.00 OK
r-oldrel-macos-x86_64 3.2.0 NOTE
r-oldrel-windows-ix86+x86_64 3.2.0 18.00 86.00 104.00 OK

Check Details

Version: 3.2.0
Check: dependencies in R code
Result: NOTE
    Namespace in Imports field not imported from: ‘methods’
     All declared Imports should be used.
Flavors: r-devel-linux-x86_64-fedora-clang, r-devel-linux-x86_64-fedora-gcc, r-devel-windows-x86_64-new-TK, r-release-macos-arm64, r-release-macos-x86_64, r-oldrel-macos-x86_64