CRAN Package Check Results for Package slam

Last updated on 2015-04-21 06:47:40.

Flavor Version Tinstall Tcheck Ttotal Status Flags
r-devel-linux-x86_64-debian-clang 0.1-32 1.86 18.76 20.62 OK
r-devel-linux-x86_64-debian-gcc 0.1-32 1.72 18.63 20.35 OK
r-devel-linux-x86_64-fedora-clang 0.1-32 40.14 OK
r-devel-linux-x86_64-fedora-gcc 0.1-32 38.19 OK
r-devel-osx-x86_64-clang 0.1-32 43.21 OK
r-devel-windows-ix86+x86_64 0.1-32 10.00 53.00 63.00 OK
r-patched-linux-x86_64 0.1-32 1.67 18.74 20.41 OK
r-patched-solaris-sparc 0.1-32 227.40 OK
r-patched-solaris-x86 0.1-32 55.20 OK
r-release-linux-x86_64 0.1-32 1.62 18.38 20.00 OK
r-release-osx-x86_64-mavericks 0.1-32 OK
r-release-osx-x86_64-snowleopard 0.1-32 NOTE
r-release-windows-ix86+x86_64 0.1-32 7.00 47.00 54.00 OK
r-oldrel-windows-ix86+x86_64 0.1-32 15.00 46.00 61.00 OK

Check Details

Version: 0.1-32
Check: package dependencies
Result: NOTE
    Package which this enhances but not available for checking: ‘spam’
Flavor: r-release-osx-x86_64-snowleopard