CRAN Package Check Results for Package slam

Last updated on 2017-02-22 03:47:51.

Flavor Version Tinstall Tcheck Ttotal Status Flags
r-devel-linux-x86_64-debian-clang 0.1-40 1.86 25.98 27.84 NOTE
r-devel-linux-x86_64-debian-gcc 0.1-40 1.78 25.18 26.96 NOTE
r-devel-linux-x86_64-fedora-clang 0.1-40 46.83 NOTE --no-stop-on-test-error
r-devel-linux-x86_64-fedora-gcc 0.1-40 50.36 NOTE --no-stop-on-test-error
r-devel-macos-x86_64-clang 0.1-40 42.58 NOTE --no-stop-on-test-error
r-devel-windows-ix86+x86_64 0.1-40 12.00 65.00 77.00 OK
r-patched-linux-x86_64 0.1-40 1.58 20.41 21.99 OK
r-patched-solaris-sparc 0.1-40 234.70 OK
r-patched-solaris-x86 0.1-40 51.80 OK
r-release-linux-x86_64 0.1-40 1.78 20.33 22.10 OK
r-release-osx-x86_64-mavericks 0.1-40 OK
r-release-windows-ix86+x86_64 0.1-40 14.00 66.00 80.00 OK
r-oldrel-windows-ix86+x86_64 0.1-37 13.00 62.00 75.00 OK

Check Details

Version: 0.1-40
Check: compiled code
Result: NOTE
    File ‘slam/libs/slam.so’:
     Found no calls to: ‘R_registerRoutines’, ‘R_useDynamicSymbols’
    
    It is good practice to register native routines and to disable symbol
    search.
    
    See ‘Writing portable packages’ in the ‘Writing R Extensions’ manual.
Flavors: r-devel-linux-x86_64-debian-clang, r-devel-linux-x86_64-debian-gcc

Version: 0.1-40
Flags: --no-stop-on-test-error
Check: compiled code
Result: NOTE
    File ‘slam/libs/slam.so’:
     Found no calls to: ‘R_registerRoutines’, ‘R_useDynamicSymbols’
    
    It is good practice to register native routines and to disable symbol
    search.
    
    See ‘Writing portable packages’ in the ‘Writing R Extensions’ manual.
Flavors: r-devel-linux-x86_64-fedora-clang, r-devel-linux-x86_64-fedora-gcc, r-devel-macos-x86_64-clang