CRAN Package Check Results for Package slam

Last updated on 2017-08-23 09:47:38.

Flavor Version Tinstall Tcheck Ttotal Status Flags
r-devel-linux-x86_64-debian-clang 0.1-40 1.94 27.22 29.16 NOTE
r-devel-linux-x86_64-debian-gcc 0.1-40 1.78 27.12 28.90 NOTE
r-devel-linux-x86_64-fedora-clang 0.1-40 53.15 NOTE
r-devel-linux-x86_64-fedora-gcc 0.1-40 51.71 NOTE
r-devel-windows-ix86+x86_64 0.1-40 13.00 61.00 74.00 OK
r-patched-linux-x86_64 0.1-40 1.91 27.12 29.02 NOTE
r-patched-solaris-x86 0.1-40 69.10 OK
r-release-linux-x86_64 0.1-40 2.87 27.46 30.34 NOTE
r-release-windows-ix86+x86_64 0.1-40 12.00 65.00 77.00 OK
r-release-osx-x86_64 0.1-40 OK
r-oldrel-windows-ix86+x86_64 0.1-40 14.00 66.00 80.00 OK
r-oldrel-osx-x86_64 0.1-40 OK

Additional issues

rchk

Check Details

Version: 0.1-40
Check: compiled code
Result: NOTE
    File ‘slam/libs/slam.so’:
     Found no calls to: ‘R_registerRoutines’, ‘R_useDynamicSymbols’
    
    It is good practice to register native routines and to disable symbol
    search.
    
    See ‘Writing portable packages’ in the ‘Writing R Extensions’ manual.
Flavors: r-devel-linux-x86_64-debian-clang, r-devel-linux-x86_64-debian-gcc, r-devel-linux-x86_64-fedora-clang, r-devel-linux-x86_64-fedora-gcc, r-patched-linux-x86_64, r-release-linux-x86_64