CRAN Package Check Results for Package slam

Last updated on 2017-06-26 16:47:24.

Flavor Version Tinstall Tcheck Ttotal Status Flags
r-devel-linux-x86_64-debian-clang 0.1-40 2.06 26.16 28.22 NOTE
r-devel-linux-x86_64-debian-gcc 0.1-40 1.89 25.12 27.00 NOTE
r-devel-linux-x86_64-fedora-clang 0.1-40 50.28 NOTE
r-devel-linux-x86_64-fedora-gcc 0.1-40 45.98 NOTE
r-devel-windows-ix86+x86_64 0.1-40 20.00 61.00 81.00 OK
r-patched-linux-x86_64 0.1-40 1.83 25.92 27.75 NOTE
r-patched-solaris-sparc 0.1-40 289.40 OK
r-patched-solaris-x86 0.1-40 64.20 OK
r-release-linux-x86_64 0.1-40 1.96 27.58 29.54 NOTE
r-release-windows-ix86+x86_64 0.1-40 14.00 61.00 75.00 OK
r-release-osx-x86_64 0.1-40 OK
r-oldrel-windows-ix86+x86_64 0.1-40 14.00 66.00 80.00 OK
r-oldrel-osx-x86_64 0.1-40 OK

Additional issues

rchk

Check Details

Version: 0.1-40
Check: compiled code
Result: NOTE
    File ‘slam/libs/slam.so’:
     Found no calls to: ‘R_registerRoutines’, ‘R_useDynamicSymbols’
    
    It is good practice to register native routines and to disable symbol
    search.
    
    See ‘Writing portable packages’ in the ‘Writing R Extensions’ manual.
Flavors: r-devel-linux-x86_64-debian-clang, r-devel-linux-x86_64-debian-gcc, r-devel-linux-x86_64-fedora-clang, r-devel-linux-x86_64-fedora-gcc, r-patched-linux-x86_64, r-release-linux-x86_64