CRAN Package Check Results for Package slam

Last updated on 2017-04-27 05:52:09.

Flavor Version Tinstall Tcheck Ttotal Status Flags
r-devel-linux-x86_64-debian-clang 0.1-40 2.12 26.15 28.27 NOTE
r-devel-linux-x86_64-debian-gcc 0.1-40 1.79 26.70 28.49 NOTE
r-devel-linux-x86_64-fedora-clang 0.1-40 53.13 NOTE --no-stop-on-test-error
r-devel-linux-x86_64-fedora-gcc 0.1-40 46.07 NOTE --no-stop-on-test-error
r-devel-windows-ix86+x86_64 0.1-40 18.00 65.00 83.00 OK
r-patched-linux-x86_64 0.1-40 1.75 25.80 27.55 NOTE
r-patched-solaris-sparc 0.1-40 289.40 OK
r-patched-solaris-x86 0.1-40 64.60 OK
r-release-linux-x86_64 0.1-40 1.96 26.64 28.60 NOTE
r-release-windows-ix86+x86_64 0.1-40 14.00 61.00 75.00 OK
r-release-osx-x86_64 0.1-40 OK
r-oldrel-windows-ix86+x86_64 0.1-40 14.00 66.00 80.00 OK
r-oldrel-osx-x86_64 0.1-40 OK

Check Details

Version: 0.1-40
Check: compiled code
Result: NOTE
    File ‘slam/libs/slam.so’:
     Found no calls to: ‘R_registerRoutines’, ‘R_useDynamicSymbols’
    
    It is good practice to register native routines and to disable symbol
    search.
    
    See ‘Writing portable packages’ in the ‘Writing R Extensions’ manual.
Flavors: r-devel-linux-x86_64-debian-clang, r-devel-linux-x86_64-debian-gcc, r-patched-linux-x86_64, r-release-linux-x86_64

Version: 0.1-40
Flags: --no-stop-on-test-error
Check: compiled code
Result: NOTE
    File ‘slam/libs/slam.so’:
     Found no calls to: ‘R_registerRoutines’, ‘R_useDynamicSymbols’
    
    It is good practice to register native routines and to disable symbol
    search.
    
    See ‘Writing portable packages’ in the ‘Writing R Extensions’ manual.
Flavors: r-devel-linux-x86_64-fedora-clang, r-devel-linux-x86_64-fedora-gcc