CRAN Package Check Results for Package slam

Last updated on 2014-04-24 19:54:08.

Flavor Version Tinstall Tcheck Ttotal Status Flags
r-devel-linux-x86_64-debian-clang 0.1-32 1.69 19.94 21.63 OK
r-devel-linux-x86_64-debian-gcc 0.1-32 1.73 20.60 22.33 OK
r-devel-linux-x86_64-fedora-clang 0.1-32 41.69 OK
r-devel-linux-x86_64-fedora-gcc 0.1-32 40.60 OK
r-devel-osx-x86_64-clang 0.1-32 41.89 OK
r-devel-osx-x86_64-gcc 0.1-32 NOTE
r-devel-windows-ix86+x86_64 0.1-32 9.00 41.00 50.00 OK
r-patched-linux-x86_64 0.1-32 3.16 20.97 24.12 OK
r-patched-solaris-sparc 0.1-32 240.60 OK
r-patched-solaris-x86 0.1-32 59.00 OK
r-release-linux-ix86 0.1-32 4.00 39.00 43.00 OK
r-release-linux-x86_64 0.1-32 3.03 19.92 22.95 OK
r-release-osx-x86_64-mavericks 0.1-32 OK
r-release-osx-x86_64-snowleopard 0.1-32 OK
r-release-windows-ix86+x86_64 0.1-32 17.00 50.00 67.00 OK
r-oldrel-windows-ix86+x86_64 0.1-32 8.00 39.00 47.00 OK

Check Details

Version: 0.1-32
Check: package dependencies
Result: NOTE
    Package which this enhances but not available for checking: ‘spam’
Flavor: r-devel-osx-x86_64-gcc