CRAN Package Check Results for Package slam

Last updated on 2016-09-28 08:57:57.

Flavor Version Tinstall Tcheck Ttotal Status Flags
r-devel-linux-x86_64-debian-clang 0.1-38 1.90 19.46 21.35 OK
r-devel-linux-x86_64-debian-gcc 0.1-38 1.86 19.15 21.00 OK
r-devel-linux-x86_64-fedora-clang 0.1-38 36.67 OK
r-devel-linux-x86_64-fedora-gcc 0.1-38 35.38 OK
r-devel-macos-x86_64-clang 0.1-38 32.78 OK
r-devel-windows-ix86+x86_64 0.1-38 19.00 124.00 143.00 OK
r-patched-linux-x86_64 0.1-38 1.89 19.00 20.89 OK
r-patched-solaris-sparc 0.1-38 232.20 OK
r-patched-solaris-x86 0.1-38 48.70 OK
r-release-linux-x86_64 0.1-38 1.90 19.16 21.06 OK
r-release-osx-x86_64-mavericks 0.1-38 ERROR
r-release-windows-ix86+x86_64 0.1-38 10.00 50.00 60.00 OK
r-oldrel-windows-ix86+x86_64 0.1-37 13.00 62.00 75.00 OK

Check Details

Version: 0.1-38
Check: whether package can be installed
Result: ERROR
    Installation failed.
Flavor: r-release-osx-x86_64-mavericks