CRAN Package Check Results for Package slam

Last updated on 2016-08-29 10:47:30.

Flavor Version Tinstall Tcheck Ttotal Status Flags
r-devel-linux-x86_64-debian-clang 0.1-38 1.71 20.02 21.72 OK
r-devel-linux-x86_64-debian-gcc 0.1-38 1.75 20.11 21.86 OK
r-devel-linux-x86_64-fedora-clang 0.1-38 37.84 OK
r-devel-linux-x86_64-fedora-gcc 0.1-38 35.26 OK
r-devel-osx-x86_64-clang 0.1-38 33.14 OK
r-devel-windows-ix86+x86_64 0.1-38 12.00 123.00 135.00 OK
r-patched-linux-x86_64 0.1-38 1.74 19.77 21.51 OK
r-patched-solaris-sparc 0.1-38 229.50 OK
r-patched-solaris-x86 0.1-38 49.80 OK
r-release-linux-x86_64 0.1-38 1.84 19.50 21.33 OK
r-release-osx-x86_64-mavericks 0.1-38 ERROR
r-release-windows-ix86+x86_64 0.1-38 10.00 61.00 71.00 OK
r-oldrel-windows-ix86+x86_64 0.1-37 13.00 62.00 75.00 OK

Check Details

Version: 0.1-38
Check: whether package can be installed
Result: ERROR
    Installation failed.
Flavor: r-release-osx-x86_64-mavericks