CRAN Package Check Results for Package slam

Last updated on 2018-01-18 06:47:20 CET.

Flavor Version Tinstall Tcheck Ttotal Status Flags
r-devel-linux-x86_64-debian-clang 0.1-42 1.94 36.61 38.55 OK
r-devel-linux-x86_64-debian-gcc 0.1-42 2.10 31.34 33.44 OK
r-devel-linux-x86_64-fedora-clang 0.1-42 48.27 OK
r-devel-linux-x86_64-fedora-gcc 0.1-42 47.92 OK
r-devel-windows-ix86+x86_64 0.1-42 13.00 94.00 107.00 OK
r-patched-linux-x86_64 0.1-42 1.99 38.97 40.96 OK
r-patched-solaris-x86 0.1-42 72.60 OK
r-release-linux-x86_64 0.1-42 1.76 39.10 40.86 OK
r-release-windows-ix86+x86_64 0.1-42 19.00 79.00 98.00 OK
r-release-osx-x86_64 0.1-42 OK
r-oldrel-windows-ix86+x86_64 0.1-40 14.00 66.00 80.00 OK
r-oldrel-osx-x86_64 0.1-42 ERROR

Check Details

Version: 0.1-42
Check: whether package can be installed
Result: ERROR
    Installation failed.
Flavor: r-oldrel-osx-x86_64