CRAN Package Check Results for Package slasso

Last updated on 2022-05-20 14:52:40 CEST.

Flavor Version Tinstall Tcheck Ttotal Status Flags
r-devel-linux-x86_64-debian-clang 1.0.0 67.18 68.85 136.03 OK
r-devel-linux-x86_64-debian-gcc 1.0.0 54.40 52.09 106.49 OK
r-devel-linux-x86_64-fedora-clang 1.0.0 195.42 NOTE
r-devel-linux-x86_64-fedora-gcc 1.0.0 176.92 NOTE
r-devel-windows-x86_64 1.0.0 64.00 104.00 168.00 OK
r-patched-linux-x86_64 1.0.0 60.00 68.98 128.98 OK
r-release-linux-x86_64 1.0.0 57.21 66.57 123.78 OK
r-release-macos-arm64 1.0.0 47.00 NOTE
r-release-macos-x86_64 1.0.0 77.00 NOTE
r-release-windows-x86_64 1.0.0 65.00 107.00 172.00 OK
r-oldrel-macos-arm64 1.0.0 57.00 NOTE
r-oldrel-macos-x86_64 1.0.0 68.00 NOTE
r-oldrel-windows-ix86+x86_64 1.0.0 227.00 441.00 668.00 NOTE

Check Details

Version: 1.0.0
Check: dependencies in R code
Result: NOTE
    Namespace in Imports field not imported from: ‘RcppArmadillo’
     All declared Imports should be used.
Flavors: r-devel-linux-x86_64-fedora-clang, r-devel-linux-x86_64-fedora-gcc, r-release-macos-arm64, r-release-macos-x86_64, r-oldrel-macos-arm64, r-oldrel-macos-x86_64

Version: 1.0.0
Check: installed package size
Result: NOTE
     installed size is 5.1Mb
     sub-directories of 1Mb or more:
     R 2.0Mb
     libs 2.0Mb
Flavor: r-oldrel-windows-ix86+x86_64