CRAN Package Check Results for Package slca

Last updated on 2025-06-14 03:49:38 CEST.

Flavor Version Tinstall Tcheck Ttotal Status Flags
r-devel-linux-x86_64-debian-clang 1.3.0 40.59 65.71 106.30 OK
r-devel-linux-x86_64-debian-gcc 1.3.0 35.19 48.02 83.21 OK
r-devel-linux-x86_64-fedora-clang 1.3.0 199.64 OK
r-devel-linux-x86_64-fedora-gcc 1.3.0 180.68 OK
r-devel-windows-x86_64 1.3.0 49.00 111.00 160.00 OK
r-patched-linux-x86_64 1.3.0 48.56 61.08 109.64 OK
r-release-linux-x86_64 1.3.0 45.58 63.52 109.10 OK
r-release-macos-arm64 1.3.0 54.00 OK
r-release-macos-x86_64 1.3.0 118.00 OK
r-release-windows-x86_64 1.3.0 55.00 136.00 191.00 OK
r-oldrel-macos-arm64 1.3.0 54.00 NOTE
r-oldrel-macos-x86_64 1.3.0 83.00 NOTE
r-oldrel-windows-x86_64 1.3.0 65.00 134.00 199.00 NOTE

Check Details

Version: 1.3.0
Check: installed package size
Result: NOTE installed size is 6.6Mb sub-directories of 1Mb or more: data 3.8Mb libs 2.2Mb Flavors: r-oldrel-macos-arm64, r-oldrel-macos-x86_64, r-oldrel-windows-x86_64