CRAN Package Check Results for Package sleev

Last updated on 2022-12-02 07:53:34 CET.

Flavor Version Tinstall Tcheck Ttotal Status Flags
r-devel-linux-x86_64-debian-clang 1.0.2 118.88 107.51 226.39 OK
r-devel-linux-x86_64-debian-gcc 1.0.2 98.12 130.96 229.08 OK
r-devel-linux-x86_64-fedora-clang 1.0.2 312.52 OK
r-devel-linux-x86_64-fedora-gcc 1.0.2 295.18 OK
r-devel-windows-x86_64 1.0.2 87.00 140.00 227.00 OK
r-patched-linux-x86_64 1.0.2 96.79 107.41 204.20 OK
r-release-linux-x86_64 1.0.2 103.23 117.74 220.97 OK
r-release-macos-arm64 1.0.2 78.00 NOTE
r-release-macos-x86_64 1.0.2 88.00 NOTE
r-release-windows-x86_64 1.0.2 89.00 154.00 243.00 OK
r-oldrel-macos-arm64 1.0.2 75.00 NOTE
r-oldrel-macos-x86_64 1.0.2 87.00 NOTE
r-oldrel-windows-ix86+x86_64 1.0.2 259.00 200.00 459.00 OK

Check Details

Version: 1.0.2
Check: installed package size
Result: NOTE
     installed size is 22.7Mb
     sub-directories of 1Mb or more:
     libs 22.3Mb
Flavors: r-release-macos-arm64, r-release-macos-x86_64, r-oldrel-macos-arm64, r-oldrel-macos-x86_64