CRAN Package Check Results for Package slimrec

Last updated on 2019-01-22 17:50:29 CET.

Flavor Version Tinstall Tcheck Ttotal Status Flags
r-devel-linux-x86_64-debian-clang 0.1.0 4.26 63.63 67.89 OK
r-devel-linux-x86_64-debian-gcc 0.1.0 4.02 48.81 52.83 OK
r-devel-linux-x86_64-fedora-clang 0.1.0 79.91 OK
r-devel-linux-x86_64-fedora-gcc 0.1.0 76.17 OK
r-devel-windows-ix86+x86_64 0.1.0 10.00 83.00 93.00 OK
r-patched-linux-x86_64 0.1.0 4.17 58.21 62.38 NOTE
r-patched-solaris-x86 0.1.0 130.40 OK
r-release-linux-x86_64 0.1.0 4.57 58.74 63.31 NOTE
r-release-windows-ix86+x86_64 0.1.0 11.00 100.00 111.00 OK
r-release-osx-x86_64 0.1.0 OK
r-oldrel-windows-ix86+x86_64 0.1.0 11.00 70.00 81.00 OK
r-oldrel-osx-x86_64 0.1.0 OK

Check Details

Version: 0.1.0
Check: DESCRIPTION meta-information
Result: NOTE
    Dependence on R version ‘3.3.3’ not with patchlevel 0
Flavors: r-patched-linux-x86_64, r-release-linux-x86_64