CRAN Package Check Results for Package slimrec

Last updated on 2018-11-15 21:48:32 CET.

Flavor Version Tinstall Tcheck Ttotal Status Flags
r-devel-linux-x86_64-debian-clang 0.1.0 5.12 71.82 76.94 OK
r-devel-linux-x86_64-debian-gcc 0.1.0 4.72 57.69 62.41 OK
r-devel-linux-x86_64-fedora-clang 0.1.0 90.92 OK
r-devel-linux-x86_64-fedora-gcc 0.1.0 88.06 OK
r-devel-windows-ix86+x86_64 0.1.0 8.00 102.00 110.00 OK
r-patched-linux-x86_64 0.1.0 4.99 58.37 63.36 NOTE
r-patched-solaris-x86 0.1.0 131.00 OK
r-release-linux-x86_64 0.1.0 4.90 58.17 63.07 NOTE
r-release-windows-ix86+x86_64 0.1.0 11.00 94.00 105.00 OK
r-release-osx-x86_64 0.1.0 OK
r-oldrel-windows-ix86+x86_64 0.1.0 11.00 90.00 101.00 OK
r-oldrel-osx-x86_64 0.1.0 OK

Check Details

Version: 0.1.0
Check: DESCRIPTION meta-information
Result: NOTE
    Dependence on R version ‘3.3.3’ not with patchlevel 0
Flavors: r-patched-linux-x86_64, r-release-linux-x86_64