Last updated on 2023-11-29 13:52:30 CET.
Flavor | Version | Tinstall | Tcheck | Ttotal | Status | Flags |
---|---|---|---|---|---|---|
r-devel-linux-x86_64-debian-clang | 1.0-5 | 9.41 | 78.18 | 87.59 | NOTE | |
r-devel-linux-x86_64-debian-gcc | 1.0-5 | 8.04 | 59.76 | 67.80 | NOTE | |
r-devel-linux-x86_64-fedora-clang | 1.0-5 | 113.52 | NOTE | |||
r-devel-linux-x86_64-fedora-gcc | 1.0-5 | 108.26 | NOTE | |||
r-devel-windows-x86_64 | 1.0-5 | 10.00 | 82.00 | 92.00 | NOTE | |
r-patched-linux-x86_64 | 1.0-5 | 10.44 | 75.22 | 85.66 | NOTE | |
r-release-linux-x86_64 | 1.0-5 | 10.03 | 76.03 | 86.06 | NOTE | |
r-release-macos-arm64 | 1.0-5 | 38.00 | NOTE | |||
r-release-macos-x86_64 | 1.0-5 | 60.00 | NOTE | |||
r-release-windows-x86_64 | 1.0-5 | 13.00 | 101.00 | 114.00 | NOTE | |
r-oldrel-macos-arm64 | 1.0-5 | 37.00 | OK | |||
r-oldrel-macos-x86_64 | 1.0-5 | 51.00 | OK | |||
r-oldrel-windows-x86_64 | 1.0-5 | 13.00 | 99.00 | 112.00 | OK |
Version: 1.0-5
Check: Rd files
Result: NOTE
checkRd: (-1) slp-package.Rd:38: Escaped LaTeX specials: \&
Flavors: r-devel-linux-x86_64-debian-clang, r-devel-linux-x86_64-debian-gcc, r-devel-linux-x86_64-fedora-clang, r-devel-linux-x86_64-fedora-gcc, r-devel-windows-x86_64, r-patched-linux-x86_64, r-release-linux-x86_64, r-release-macos-arm64, r-release-macos-x86_64, r-release-windows-x86_64
Version: 1.0-5
Check: compiled code
Result: NOTE
File ‘slp/libs/slp.so’:
Found no calls to: ‘R_registerRoutines’, ‘R_useDynamicSymbols’
It is good practice to register native routines and to disable symbol
search.
See ‘Writing portable packages’ in the ‘Writing R Extensions’ manual.
Flavors: r-devel-linux-x86_64-fedora-clang, r-devel-linux-x86_64-fedora-gcc