CRAN Package Check Results for Package slp

Last updated on 2022-12-01 04:52:04 CET.

Flavor Version Tinstall Tcheck Ttotal Status Flags
r-devel-linux-x86_64-debian-clang 1.0-5 10.66 81.35 92.01 NOTE
r-devel-linux-x86_64-debian-gcc 1.0-5 7.25 61.60 68.85 NOTE
r-devel-linux-x86_64-fedora-clang 1.0-5 132.96 NOTE
r-devel-linux-x86_64-fedora-gcc 1.0-5 123.13 NOTE
r-devel-windows-x86_64 1.0-5 20.00 113.00 133.00 NOTE
r-patched-linux-x86_64 1.0-5 10.84 76.64 87.48 OK
r-release-linux-x86_64 1.0-5 8.78 76.78 85.56 OK
r-release-macos-arm64 1.0-5 37.00 OK
r-release-macos-x86_64 1.0-5 51.00 OK
r-release-windows-x86_64 1.0-5 15.00 117.00 132.00 OK
r-oldrel-macos-arm64 1.0-5 48.00 OK
r-oldrel-macos-x86_64 1.0-5 68.00 OK
r-oldrel-windows-ix86+x86_64 1.0-5 24.00 132.00 156.00 OK

Check Details

Version: 1.0-5
Check: Rd files
Result: NOTE
    checkRd: (-1) slp-package.Rd:38: Escaped LaTeX specials: \&
Flavors: r-devel-linux-x86_64-debian-clang, r-devel-linux-x86_64-debian-gcc, r-devel-linux-x86_64-fedora-clang, r-devel-linux-x86_64-fedora-gcc, r-devel-windows-x86_64

Version: 1.0-5
Check: compiled code
Result: NOTE
    File ‘slp/libs/slp.so’:
     Found no calls to: ‘R_registerRoutines’, ‘R_useDynamicSymbols’
    
    It is good practice to register native routines and to disable symbol
    search.
    
    See ‘Writing portable packages’ in the ‘Writing R Extensions’ manual.
Flavors: r-devel-linux-x86_64-fedora-clang, r-devel-linux-x86_64-fedora-gcc