CRAN Package Check Results for Package sltl

Last updated on 2014-07-24 03:48:56.

Flavor Version Tinstall Tcheck Ttotal Status Flags
r-devel-linux-x86_64-debian-clang 1.0 4.16 39.34 43.51 NOTE
r-devel-linux-x86_64-debian-gcc 1.0 3.26 37.41 40.67 NOTE
r-devel-linux-x86_64-fedora-clang 1.0 93.20 NOTE
r-devel-linux-x86_64-fedora-gcc 1.0 90.01 NOTE
r-devel-osx-x86_64-clang 1.0 84.21 NOTE
r-devel-windows-ix86+x86_64 1.0 11.00 62.00 73.00 NOTE
r-patched-linux-x86_64 1.0 3.34 38.62 41.96 NOTE
r-patched-solaris-sparc 1.0 501.50 NOTE
r-patched-solaris-x86 1.0 109.60 NOTE
r-release-linux-ix86 1.0 4.13 47.83 51.96 NOTE
r-release-linux-x86_64 1.0 3.41 39.54 42.95 NOTE
r-release-osx-x86_64-mavericks 1.0 NOTE
r-release-osx-x86_64-snowleopard 1.0 OK
r-release-windows-ix86+x86_64 1.0 11.00 58.00 69.00 NOTE
r-oldrel-windows-ix86+x86_64 1.0 11.00 57.00 68.00 NOTE

Check Details

Version: 1.0
Check: dependencies in R code
Result: NOTE
    Packages in Depends field not imported from:
     ‘FitAR’ ‘lubridate’ ‘timeSeries’
     These packages need to be imported from (in the NAMESPACE file)
     for when this namespace is loaded but not attached.
    See the information on DESCRIPTION files in the chapter ‘Creating R
    packages’ of the ‘Writing R Extensions’ manual.
Flavors: r-devel-linux-x86_64-debian-clang, r-devel-linux-x86_64-debian-gcc, r-devel-linux-x86_64-fedora-clang, r-devel-linux-x86_64-fedora-gcc, r-devel-osx-x86_64-clang, r-devel-windows-ix86+x86_64, r-patched-linux-x86_64, r-patched-solaris-sparc, r-patched-solaris-x86, r-release-linux-ix86, r-release-linux-x86_64, r-release-osx-x86_64-mavericks, r-release-windows-ix86+x86_64, r-oldrel-windows-ix86+x86_64

Version: 1.0
Check: Rd line widths
Result: NOTE
    Rd file 'plot.sltl.Rd':
     \usage lines wider than 90 characters:
     plot(x, labels = colnames(X), set.pars = list(mar = c(0, 6, 0, 6), oma = c(6, 0, 4, 0), tck = -0.01, mfrow = c(nplot, 1)), main = NULL, ... [TRUNCATED]
    
    Rd file 'sltl.Rd':
     \usage lines wider than 90 characters:
     sltl(x, c.window, c.degree = 1, Fm = 6, Fs = 0, searchQ = FALSE, ic = c("BIC", "AIC"), type = c("daily", "monthly"), filling = FALSE, n ... [TRUNCATED]
    
    These lines will be truncated in the PDF manual.
Flavors: r-devel-linux-x86_64-fedora-clang, r-devel-linux-x86_64-fedora-gcc