CRAN Package Check Results for Package sltl

Last updated on 2014-04-24 17:49:54.

Flavor Version Tinstall Tcheck Ttotal Status Flags
r-devel-linux-x86_64-debian-clang 1.0 3.56 41.12 44.68 NOTE
r-devel-linux-x86_64-debian-gcc 1.0 3.58 41.08 44.66 NOTE
r-devel-linux-x86_64-fedora-clang 1.0 93.82 NOTE
r-devel-linux-x86_64-fedora-gcc 1.0 90.24 NOTE
r-devel-osx-x86_64-clang 1.0 87.37 NOTE
r-devel-osx-x86_64-gcc 1.0 NOTE
r-devel-windows-ix86+x86_64 1.0 10.00 58.00 68.00 NOTE
r-patched-linux-x86_64 1.0 3.56 39.66 43.22 NOTE
r-patched-solaris-sparc 1.0 501.50 NOTE
r-patched-solaris-x86 1.0 110.70 NOTE
r-release-linux-ix86 1.0 5.00 65.00 70.00 NOTE
r-release-linux-x86_64 1.0 3.77 40.06 43.83 NOTE
r-release-osx-x86_64-mavericks 1.0 WARN
r-release-osx-x86_64-snowleopard 1.0 OK
r-release-windows-ix86+x86_64 1.0 11.00 60.00 71.00 NOTE
r-oldrel-windows-ix86+x86_64 1.0 12.00 56.00 68.00 NOTE

Check Details

Version: 1.0
Check: dependencies in R code
Result: NOTE
    Packages in Depends field not imported from:
     ‘FitAR’ ‘lubridate’ ‘timeSeries’
     These packages need to be imported from (in the NAMESPACE file)
     for when this namespace is loaded but not attached.
    See the information on DESCRIPTION files in the chapter ‘Creating R
    packages’ of the ‘Writing R Extensions’ manual.
Flavors: r-devel-linux-x86_64-debian-clang, r-devel-linux-x86_64-debian-gcc, r-devel-linux-x86_64-fedora-clang, r-devel-linux-x86_64-fedora-gcc, r-devel-osx-x86_64-clang, r-devel-osx-x86_64-gcc, r-devel-windows-ix86+x86_64, r-patched-linux-x86_64, r-patched-solaris-sparc, r-patched-solaris-x86, r-release-linux-ix86, r-release-linux-x86_64, r-release-osx-x86_64-mavericks, r-release-windows-ix86+x86_64, r-oldrel-windows-ix86+x86_64

Version: 1.0
Check: Rd line widths
Result: NOTE
    Rd file 'plot.sltl.Rd':
     \usage lines wider than 90 characters:
     plot(x, labels = colnames(X), set.pars = list(mar = c(0, 6, 0, 6), oma = c(6, 0, 4, 0), tck = -0.01, mfrow = c(nplot, 1)), main = NULL, ... [TRUNCATED]
    
    Rd file 'sltl.Rd':
     \usage lines wider than 90 characters:
     sltl(x, c.window, c.degree = 1, Fm = 6, Fs = 0, searchQ = FALSE, ic = c("BIC", "AIC"), type = c("daily", "monthly"), filling = FALSE, n ... [TRUNCATED]
    
    These lines will be truncated in the PDF manual.
Flavors: r-devel-linux-x86_64-fedora-clang, r-devel-linux-x86_64-fedora-gcc

Version: 1.0
Check: PDF version of manual
Result: WARNING
    LaTeX errors when creating PDF version.
    This typically indicates Rd problems.
    LaTeX errors found:
    ! LaTeX Error: File `upquote.sty' not found.
    
    Type X to quit or <RETURN> to proceed,
    or enter new name. (Default extension: sty)
    
    7a81d637/Rd2.tex:8: ==> Fatal error occurred, no output PDF file produced!
Flavor: r-release-osx-x86_64-mavericks