CRAN Package Check Results for Package sm

Last updated on 2015-05-30 13:47:35.

Flavor Version Tinstall Tcheck Ttotal Status Flags
r-devel-linux-x86_64-debian-clang 2.2-5.4 2.93 66.84 69.77 NOTE
r-devel-linux-x86_64-debian-gcc 2.2-5.4 2.75 64.04 66.78 NOTE
r-devel-linux-x86_64-fedora-clang 2.2-5.4 128.09 NOTE
r-devel-linux-x86_64-fedora-gcc 2.2-5.4 120.01 NOTE
r-devel-osx-x86_64-clang 2.2-5.4 113.63 NOTE
r-devel-windows-ix86+x86_64 2.2-5.4 14.00 147.00 161.00 NOTE
r-patched-linux-x86_64 2.2-5.4 2.80 63.98 66.78 NOTE
r-patched-solaris-sparc 2.2-5.4 921.50 NOTE
r-patched-solaris-x86 2.2-5.4 165.40 NOTE
r-release-linux-x86_64 2.2-5.4 2.84 66.13 68.97 NOTE
r-release-osx-x86_64-mavericks 2.2-5.4 NOTE
r-release-osx-x86_64-snowleopard 2.2-5.4 ERROR
r-release-windows-ix86+x86_64 2.2-5.4 13.00 147.00 160.00 NOTE
r-oldrel-windows-ix86+x86_64 2.2-5.4 14.00 141.00 155.00 NOTE

Check Details

Version: 2.2-5.4
Check: dependencies in R code
Result: NOTE
    'library' or 'require' calls in package code:
     ‘akima’ ‘misc3d’ ‘rgl’ ‘rpanel’ ‘tkrplot’
     Please use :: or requireNamespace() instead.
     See section 'Suggested packages' in the 'Writing R Extensions' manual.
Flavors: r-devel-linux-x86_64-debian-clang, r-devel-linux-x86_64-debian-gcc, r-devel-linux-x86_64-fedora-clang, r-devel-linux-x86_64-fedora-gcc, r-devel-osx-x86_64-clang, r-devel-windows-ix86+x86_64, r-patched-linux-x86_64, r-patched-solaris-sparc, r-patched-solaris-x86, r-release-linux-x86_64, r-release-osx-x86_64-mavericks, r-release-osx-x86_64-snowleopard, r-release-windows-ix86+x86_64, r-oldrel-windows-ix86+x86_64

Version: 2.2-5.4
Check: R code for possible problems
Result: NOTE
    britmap: no visible binding for global variable ‘britpts’
    plot.density2: no visible global function definition for ‘rgl.pop’
    plot.density3: no visible global function definition for ‘pop3d’
    plot.smooth2: no visible global function definition for ‘rgl.pop’
    replot.density1: no visible global function definition for
     ‘rp.tkrreplot’
    replot.density2: no visible global function definition for
     ‘rp.tkrreplot’
    replot.density3: no visible global function definition for
     ‘rp.tkrreplot’
    replot.smooth1: no visible global function definition for
     ‘rp.tkrreplot’
    replot.smooth2: no visible global function definition for
     ‘rp.tkrreplot’
    rp.density1: no visible global function definition for ‘rp.control’
    rp.density1: no visible global function definition for ‘rp.tkrplot’
    rp.density1: no visible global function definition for ‘rp.radiogroup’
    rp.density1: no visible global function definition for ‘rp.slider’
    rp.density1: no visible global function definition for ‘rp.checkbox’
    rp.density1: no visible global function definition for ‘rp.do’
    rp.density2: no visible global function definition for ‘rp.control’
    rp.density2: no visible global function definition for ‘rp.tkrplot’
    rp.density2: no visible global function definition for ‘rp.radiogroup’
    rp.density2: no visible global function definition for ‘rp.slider’
    rp.density3: no visible global function definition for ‘rp.control’
    rp.density3: no visible global function definition for ‘rp.tkrplot’
    rp.density3: no visible global function definition for ‘rp.radiogroup’
    rp.density3: no visible global function definition for ‘rp.slider’
    rp.smooth1: no visible global function definition for ‘rp.control’
    rp.smooth1: no visible global function definition for ‘rp.tkrplot’
    rp.smooth1: no visible global function definition for ‘rp.radiogroup’
    rp.smooth1: no visible global function definition for ‘rp.slider’
    rp.smooth1: no visible global function definition for ‘rp.checkbox’
    rp.smooth1: no visible global function definition for ‘rp.do’
    rp.smooth2: no visible global function definition for ‘rp.control’
    rp.smooth2: no visible global function definition for ‘rp.tkrplot’
    rp.smooth2: no visible global function definition for ‘rp.radiogroup’
    rp.smooth2: no visible global function definition for ‘rp.slider’
    rp.smooth2: no visible global function definition for ‘rp.checkbox’
    set.bandwidth: no visible global function definition for ‘rp.do’
    set.bandwidth.d: no visible global function definition for ‘rp.do’
    sm : sm.pam.redraw: no visible global function definition for
     ‘rp.tkrreplot’
    sm: no visible global function definition for ‘rp.control’
    sm: no visible global function definition for ‘rp.tkrplot’
    sm: no visible global function definition for ‘rp.slider’
    sm: no visible global function definition for ‘rp.checkbox’
    sm.density.eval.3d: no visible global function definition for
     ‘contour3d’
    sm.density.eval.3d: no visible global function definition for
     ‘rp.plot3d’
    sm.density.eval.3d: no visible global function definition for
     ‘triangles3d’
    sm.regression.2d: no visible global function definition for ‘rp.plot3d’
    sm.rglplot: no visible global function definition for ‘rp.plot3d’
    sm.surface3d: no visible global function definition for ‘triangles3d’
    sm.surface3d: no visible global function definition for ‘segments3d’
    sm.variogram: no visible global function definition for ‘interp’
Flavors: r-devel-linux-x86_64-debian-clang, r-devel-linux-x86_64-debian-gcc, r-devel-linux-x86_64-fedora-clang, r-devel-linux-x86_64-fedora-gcc, r-devel-osx-x86_64-clang, r-devel-windows-ix86+x86_64, r-patched-linux-x86_64, r-patched-solaris-sparc, r-patched-solaris-x86, r-release-linux-x86_64, r-release-osx-x86_64-mavericks, r-release-osx-x86_64-snowleopard, r-release-windows-ix86+x86_64, r-oldrel-windows-ix86+x86_64

Version: 2.2-5.4
Check: examples
Result: ERROR
    Running examples in ‘sm-Ex.R’ failed
    The error most likely occurred in:
    
    > ### Name: sm.surface3d
    > ### Title: Adding a regression surface to an rgl plot.
    > ### Aliases: sm.surface3d
    > ### Keywords: nonparametric regression smooth
    >
    > ### ** Examples
    >
    > with(trawl, {
    + Zone93 <- (Year == 1 & Zone == 1)
    + Position <- cbind(Longitude - 143, Latitude)
    + model1 <- sm.regression(Position[Zone93,], Score1[Zone93],
    + h= c(0.1, 0.1), display = "rgl", xlab="Longitude - 143")
    + model2 <- sm.regression(Position[Zone93,], Score1[Zone93],
    + h= c(0.2, 0.2), display = "none")
    + sm.surface3d(model2$eval.points, model2$est, model1$scaling, col = "red")
    + })
    Loading required package: rgl
    Loading required package: rpanel
    Loading required package: tcltk
    Package `rpanel', version 1.1-3: type help(rpanel) for summary information
    Fri Mar 20 16:48:25 hagal.research.att.com R[14237] <Error>: unknown error code: invalid pixel format
    Fri Mar 20 16:48:25 hagal.research.att.com R[14237] <Error>: kCGErrorFailure: Set a breakpoint @ CGErrorBreakpoint() to catch errors as they are logged.
    X Error of failed request: GLXBadContext
     Major opcode of failed request: 0 ()
     Serial number of failed request: 27
     Current serial number in output stream: 27
Flavor: r-release-osx-x86_64-snowleopard

Version: 2.2-5.4
Check: tests
Result: ERROR
    Running the tests in ‘tests/test_scripts.R’ failed.
    Last 13 lines of output:
     > with(geys3d, {
     + par(mfrow = c(1, 2))
     + plot(Waiting, Duration)
     + sm.density(geys3d)
     + par(mfrow = c(1, 1))
     + })
     Loading required package: misc3d
     Fri Mar 20 16:49:29 hagal.research.att.com R[16799] <Error>: unknown error code: invalid pixel format
     Fri Mar 20 16:49:29 hagal.research.att.com R[16799] <Error>: kCGErrorFailure: Set a breakpoint @ CGErrorBreakpoint() to catch errors as they are logged.
     X Error of failed request: GLXBadContext
     Major opcode of failed request: 0 ()
     Serial number of failed request: 27
     Current serial number in output stream: 27
Flavor: r-release-osx-x86_64-snowleopard