CRAN Package Check Results for Package sm

Last updated on 2014-12-20 16:49:10.

Flavor Version Tinstall Tcheck Ttotal Status Flags
r-devel-linux-x86_64-debian-clang 2.2-5.4 3.51 68.71 72.22 NOTE
r-devel-linux-x86_64-debian-gcc 2.2-5.4 2.82 69.34 72.16 NOTE
r-devel-linux-x86_64-fedora-clang 2.2-5.4 138.60 NOTE
r-devel-linux-x86_64-fedora-gcc 2.2-5.4 124.43 NOTE
r-devel-osx-x86_64-clang 2.2-5.4 118.03 NOTE
r-devel-windows-ix86+x86_64 2.2-5.4 13.00 136.00 149.00 NOTE
r-patched-linux-x86_64 2.2-5.4 3.11 71.47 74.58 NOTE
r-patched-solaris-sparc 2.2-5.4 921.30 NOTE
r-patched-solaris-x86 2.2-5.4 178.10 NOTE
r-release-linux-ix86 2.2-5.4 3.87 91.97 95.84 NOTE
r-release-linux-x86_64 2.2-5.4 2.82 70.29 73.12 NOTE
r-release-osx-x86_64-mavericks 2.2-5.4 OK
r-release-osx-x86_64-snowleopard 2.2-5.4 OK
r-release-windows-ix86+x86_64 2.2-5.4 14.00 146.00 160.00 NOTE
r-oldrel-windows-ix86+x86_64 2.2-5.4 15.00 165.00 180.00 OK

Check Details

Version: 2.2-5.4
Check: R code for possible problems
Result: NOTE
    britmap: no visible binding for global variable ‘britpts’
    plot.density2: no visible global function definition for ‘rgl.pop’
    plot.density3: no visible global function definition for ‘pop3d’
    plot.smooth2: no visible global function definition for ‘rgl.pop’
    replot.density1: no visible global function definition for
     ‘rp.tkrreplot’
    replot.density2: no visible global function definition for
     ‘rp.tkrreplot’
    replot.density3: no visible global function definition for
     ‘rp.tkrreplot’
    replot.smooth1: no visible global function definition for
     ‘rp.tkrreplot’
    replot.smooth2: no visible global function definition for
     ‘rp.tkrreplot’
    rp.density1: no visible global function definition for ‘rp.control’
    rp.density1: no visible global function definition for ‘rp.tkrplot’
    rp.density1: no visible global function definition for ‘rp.radiogroup’
    rp.density1: no visible global function definition for ‘rp.slider’
    rp.density1: no visible global function definition for ‘rp.checkbox’
    rp.density1: no visible global function definition for ‘rp.do’
    rp.density2: no visible global function definition for ‘rp.control’
    rp.density2: no visible global function definition for ‘rp.tkrplot’
    rp.density2: no visible global function definition for ‘rp.radiogroup’
    rp.density2: no visible global function definition for ‘rp.slider’
    rp.density3: no visible global function definition for ‘rp.control’
    rp.density3: no visible global function definition for ‘rp.tkrplot’
    rp.density3: no visible global function definition for ‘rp.radiogroup’
    rp.density3: no visible global function definition for ‘rp.slider’
    rp.smooth1: no visible global function definition for ‘rp.control’
    rp.smooth1: no visible global function definition for ‘rp.tkrplot’
    rp.smooth1: no visible global function definition for ‘rp.radiogroup’
    rp.smooth1: no visible global function definition for ‘rp.slider’
    rp.smooth1: no visible global function definition for ‘rp.checkbox’
    rp.smooth1: no visible global function definition for ‘rp.do’
    rp.smooth2: no visible global function definition for ‘rp.control’
    rp.smooth2: no visible global function definition for ‘rp.tkrplot’
    rp.smooth2: no visible global function definition for ‘rp.radiogroup’
    rp.smooth2: no visible global function definition for ‘rp.slider’
    rp.smooth2: no visible global function definition for ‘rp.checkbox’
    set.bandwidth: no visible global function definition for ‘rp.do’
    set.bandwidth.d: no visible global function definition for ‘rp.do’
    sm : sm.pam.redraw: no visible global function definition for
     ‘rp.tkrreplot’
    sm: no visible global function definition for ‘rp.control’
    sm: no visible global function definition for ‘rp.tkrplot’
    sm: no visible global function definition for ‘rp.slider’
    sm: no visible global function definition for ‘rp.checkbox’
    sm.density.eval.3d: no visible global function definition for
     ‘contour3d’
    sm.density.eval.3d: no visible global function definition for
     ‘rp.plot3d’
    sm.density.eval.3d: no visible global function definition for
     ‘triangles3d’
    sm.regression.2d: no visible global function definition for ‘rp.plot3d’
    sm.rglplot: no visible global function definition for ‘rp.plot3d’
    sm.surface3d: no visible global function definition for ‘triangles3d’
    sm.surface3d: no visible global function definition for ‘segments3d’
    sm.variogram: no visible global function definition for ‘interp’
Flavors: r-devel-linux-x86_64-debian-clang, r-devel-linux-x86_64-debian-gcc, r-devel-linux-x86_64-fedora-clang, r-devel-linux-x86_64-fedora-gcc, r-devel-osx-x86_64-clang, r-devel-windows-ix86+x86_64, r-patched-linux-x86_64, r-patched-solaris-sparc, r-patched-solaris-x86, r-release-linux-ix86, r-release-linux-x86_64, r-release-windows-ix86+x86_64