CRAN Package Check Results for Package sm

Last updated on 2014-04-23 12:48:28.

Flavor Version Tinstall Tcheck Ttotal Status Flags
r-devel-linux-x86_64-debian-clang 2.2-5.4 3.22 72.67 75.90 OK
r-devel-linux-x86_64-debian-gcc 2.2-5.4 3.12 70.48 73.60 OK
r-devel-linux-x86_64-fedora-clang 2.2-5.4 132.72 OK
r-devel-linux-x86_64-fedora-gcc 2.2-5.4 130.98 OK
r-devel-osx-x86_64-clang 2.2-5.4 140.95 OK
r-devel-osx-x86_64-gcc 2.2-5.4 OK
r-devel-windows-ix86+x86_64 2.2-5.4 11.00 135.00 146.00 OK
r-patched-linux-x86_64 2.2-5.4 3.31 70.91 74.22 OK
r-patched-solaris-sparc 2.2-5.4 912.90 OK
r-patched-solaris-x86 2.2-5.4 181.30 OK
r-release-linux-ix86 2.2-5.4 6.00 130.00 136.00 OK
r-release-linux-x86_64 2.2-5.4 3.13 73.75 76.88 OK
r-release-osx-x86_64-mavericks 2.2-5.4 ERROR
r-release-osx-x86_64-snowleopard 2.2-5.4 OK
r-release-windows-ix86+x86_64 2.2-5.4 12.00 143.00 155.00 OK
r-oldrel-windows-ix86+x86_64 2.2-5.4 12.00 157.00 169.00 OK

Check Details

Version: 2.2-5.4
Check: tests
Result: ERROR
    Running the tests in ‘tests/test_scripts.R’ failed.
    Last 13 lines of output:
     gam(formula = log(Density) ~ lo(log(mack.depth)) + lo(Temperature),
     data = mackerel)
    
     Degrees of Freedom: 278 total; 270.9924 Residual
     Residual Deviance: 335.5316
    
     > par(mfrow = c(2, 2))
    
     > plot.gam(model1, se = TRUE)
     Error in summary.gam(object, dispersion = dispersion) :
     could not find function "anova.lm"
     Calls: source ... NextMethod -> predict.glm -> summary -> summary.gam
     Execution halted
Flavor: r-release-osx-x86_64-mavericks