CRAN Package Check Results for Package sm

Last updated on 2015-03-29 08:49:22.

Flavor Version Tinstall Tcheck Ttotal Status Flags
r-devel-linux-x86_64-debian-clang 2.2-5.4 2.93 64.70 67.63 NOTE
r-devel-linux-x86_64-debian-gcc 2.2-5.4 2.86 65.20 68.07 NOTE
r-devel-linux-x86_64-fedora-clang 2.2-5.4 131.28 NOTE
r-devel-linux-x86_64-fedora-gcc 2.2-5.4 126.45 NOTE
r-devel-osx-x86_64-clang 2.2-5.4 121.51 NOTE
r-prerel-windows-ix86+x86_64 2.2-5.4 21.00 136.00 157.00 NOTE
r-prerel-linux-x86_64 2.2-5.4 2.86 66.38 69.24 NOTE
r-prerel-solaris-sparc 2.2-5.4 905.10 NOTE
r-prerel-solaris-x86 2.2-5.4 169.70 NOTE
r-release-linux-x86_64 2.2-5.4 3.60 69.64 73.24 NOTE
r-release-osx-x86_64-mavericks 2.2-5.4 NOTE
r-release-osx-x86_64-snowleopard 2.2-5.4 OK
r-release-windows-ix86+x86_64 2.2-5.4 14.00 141.00 155.00 NOTE
r-oldrel-windows-ix86+x86_64 2.2-5.4 14.00 149.00 163.00 OK

Check Details

Version: 2.2-5.4
Check: dependencies in R code
Result: NOTE
    'library' or 'require' calls in package code:
     ‘akima’ ‘misc3d’ ‘rgl’ ‘rpanel’ ‘tkrplot’
     Please use :: or requireNamespace() instead.
     See section 'Suggested packages' in the 'Writing R Extensions' manual.
Flavors: r-devel-linux-x86_64-debian-clang, r-devel-linux-x86_64-debian-gcc, r-devel-linux-x86_64-fedora-clang, r-devel-linux-x86_64-fedora-gcc, r-devel-osx-x86_64-clang, r-prerel-windows-ix86+x86_64, r-prerel-linux-x86_64, r-prerel-solaris-sparc, r-prerel-solaris-x86, r-release-linux-x86_64, r-release-windows-ix86+x86_64

Version: 2.2-5.4
Check: R code for possible problems
Result: NOTE
    britmap: no visible binding for global variable ‘britpts’
    plot.density2: no visible global function definition for ‘rgl.pop’
    plot.density3: no visible global function definition for ‘pop3d’
    plot.smooth2: no visible global function definition for ‘rgl.pop’
    replot.density1: no visible global function definition for
     ‘rp.tkrreplot’
    replot.density2: no visible global function definition for
     ‘rp.tkrreplot’
    replot.density3: no visible global function definition for
     ‘rp.tkrreplot’
    replot.smooth1: no visible global function definition for
     ‘rp.tkrreplot’
    replot.smooth2: no visible global function definition for
     ‘rp.tkrreplot’
    rp.density1: no visible global function definition for ‘rp.control’
    rp.density1: no visible global function definition for ‘rp.tkrplot’
    rp.density1: no visible global function definition for ‘rp.radiogroup’
    rp.density1: no visible global function definition for ‘rp.slider’
    rp.density1: no visible global function definition for ‘rp.checkbox’
    rp.density1: no visible global function definition for ‘rp.do’
    rp.density2: no visible global function definition for ‘rp.control’
    rp.density2: no visible global function definition for ‘rp.tkrplot’
    rp.density2: no visible global function definition for ‘rp.radiogroup’
    rp.density2: no visible global function definition for ‘rp.slider’
    rp.density3: no visible global function definition for ‘rp.control’
    rp.density3: no visible global function definition for ‘rp.tkrplot’
    rp.density3: no visible global function definition for ‘rp.radiogroup’
    rp.density3: no visible global function definition for ‘rp.slider’
    rp.smooth1: no visible global function definition for ‘rp.control’
    rp.smooth1: no visible global function definition for ‘rp.tkrplot’
    rp.smooth1: no visible global function definition for ‘rp.radiogroup’
    rp.smooth1: no visible global function definition for ‘rp.slider’
    rp.smooth1: no visible global function definition for ‘rp.checkbox’
    rp.smooth1: no visible global function definition for ‘rp.do’
    rp.smooth2: no visible global function definition for ‘rp.control’
    rp.smooth2: no visible global function definition for ‘rp.tkrplot’
    rp.smooth2: no visible global function definition for ‘rp.radiogroup’
    rp.smooth2: no visible global function definition for ‘rp.slider’
    rp.smooth2: no visible global function definition for ‘rp.checkbox’
    set.bandwidth: no visible global function definition for ‘rp.do’
    set.bandwidth.d: no visible global function definition for ‘rp.do’
    sm : sm.pam.redraw: no visible global function definition for
     ‘rp.tkrreplot’
    sm: no visible global function definition for ‘rp.control’
    sm: no visible global function definition for ‘rp.tkrplot’
    sm: no visible global function definition for ‘rp.slider’
    sm: no visible global function definition for ‘rp.checkbox’
    sm.density.eval.3d: no visible global function definition for
     ‘contour3d’
    sm.density.eval.3d: no visible global function definition for
     ‘rp.plot3d’
    sm.density.eval.3d: no visible global function definition for
     ‘triangles3d’
    sm.regression.2d: no visible global function definition for ‘rp.plot3d’
    sm.rglplot: no visible global function definition for ‘rp.plot3d’
    sm.surface3d: no visible global function definition for ‘triangles3d’
    sm.surface3d: no visible global function definition for ‘segments3d’
    sm.variogram: no visible global function definition for ‘interp’
Flavors: r-devel-linux-x86_64-debian-clang, r-devel-linux-x86_64-debian-gcc, r-devel-linux-x86_64-fedora-clang, r-devel-linux-x86_64-fedora-gcc, r-devel-osx-x86_64-clang, r-prerel-windows-ix86+x86_64, r-prerel-linux-x86_64, r-prerel-solaris-sparc, r-prerel-solaris-x86, r-release-linux-x86_64, r-release-osx-x86_64-mavericks, r-release-windows-ix86+x86_64