CRAN Package Check Results for Package sm

Last updated on 2015-08-28 19:47:31.

Flavor Version Tinstall Tcheck Ttotal Status Flags
r-devel-linux-x86_64-debian-clang 2.2-5.4 2.74 63.82 66.56 NOTE
r-devel-linux-x86_64-debian-gcc 2.2-5.4 2.73 65.23 67.96 NOTE
r-devel-linux-x86_64-fedora-clang 2.2-5.4 121.61 NOTE
r-devel-linux-x86_64-fedora-gcc 2.2-5.4 114.94 NOTE
r-devel-osx-x86_64-clang 2.2-5.4 103.45 NOTE
r-devel-windows-ix86+x86_64 2.2-5.4 23.00 156.00 179.00 NOTE
r-patched-linux-x86_64 2.2-5.4 3.04 64.70 67.74 NOTE
r-patched-solaris-sparc 2.2-5.4 939.50 NOTE
r-patched-solaris-x86 2.2-5.4 172.70 NOTE
r-release-linux-x86_64 2.2-5.4 3.00 64.54 67.54 NOTE
r-release-osx-x86_64-mavericks 2.2-5.4 NOTE
r-release-windows-ix86+x86_64 2.2-5.4 20.00 162.00 182.00 NOTE
r-oldrel-windows-ix86+x86_64 2.2-5.4 23.00 207.00 230.00 NOTE

Check Details

Version: 2.2-5.4
Check: dependencies in R code
Result: NOTE
    'library' or 'require' calls in package code:
     ‘akima’ ‘misc3d’ ‘rgl’ ‘rpanel’ ‘tkrplot’
     Please use :: or requireNamespace() instead.
     See section 'Suggested packages' in the 'Writing R Extensions' manual.
Flavors: r-devel-linux-x86_64-debian-clang, r-devel-linux-x86_64-debian-gcc, r-devel-linux-x86_64-fedora-clang, r-devel-linux-x86_64-fedora-gcc, r-devel-osx-x86_64-clang, r-devel-windows-ix86+x86_64, r-patched-linux-x86_64, r-patched-solaris-sparc, r-patched-solaris-x86, r-release-linux-x86_64, r-release-osx-x86_64-mavericks, r-release-windows-ix86+x86_64, r-oldrel-windows-ix86+x86_64

Version: 2.2-5.4
Check: R code for possible problems
Result: NOTE
    addplot: no visible global function definition for ‘par’
    addplot: no visible global function definition for ‘points’
    britmap: no visible binding for global variable ‘britpts’
    britmap: no visible global function definition for ‘lines’
    circle: no visible global function definition for ‘par’
    circle: no visible global function definition for ‘lines’
    cv: no visible global function definition for ‘dnorm’
    cv: no visible global function definition for ‘var’
    cv.crit.dens: no visible global function definition for ‘dnorm’
    h.select: no visible global function definition for ‘var’
    h.select: no visible global function definition for ‘optim’
    h.select: no visible global function definition for ‘optimise’
    hcv: no visible global function definition for ‘var’
    hcv: no visible global function definition for ‘plot’
    hcv: no visible global function definition for ‘lines’
    hidplot: no visible global function definition for ‘par’
    hidplot: no visible global function definition for ‘points’
    lambda.select: no visible global function definition for ‘uniroot’
    latlines: no visible global function definition for ‘par’
    latlines: no visible global function definition for ‘points’
    latlines.e: no visible global function definition for ‘par’
    latlines.e: no visible global function definition for ‘points’
    longlines: no visible global function definition for ‘par’
    longlines: no visible global function definition for ‘points’
    longlines.e: no visible global function definition for ‘par’
    longlines.e: no visible global function definition for ‘points’
    nise: no visible global function definition for ‘dnorm’
    nmise: no visible global function definition for ‘dnorm’
    nnbr: no visible global function definition for ‘var’
    normdens.band: no visible global function definition for ‘dnorm’
    normdens.band: no visible global function definition for ‘par’
    normdens.band: no visible global function definition for ‘polygon’
    p.quad.moment: no visible global function definition for ‘pchisq’
    p.quad.moment.adjusted: no visible global function definition for
     ‘pchisq’
    p.quad.moment.old: no visible global function definition for ‘pchisq’
    plot.density2: no visible global function definition for ‘rgl.pop’
    plot.density3: no visible global function definition for ‘pop3d’
    plot.smooth2: no visible global function definition for ‘rgl.pop’
    plot2: no visible global function definition for ‘par’
    plot2: no visible global function definition for ‘points’
    plot2: no visible global function definition for ‘text’
    plot2d: no visible global function definition for ‘par’
    plot2d: no visible global function definition for ‘plot’
    ps.normal: no visible global function definition for ‘uniroot’
    ps.normal: no visible global function definition for ‘plot’
    ps.normal: no visible global function definition for ‘lines’
    ps.normal: no visible global function definition for ‘persp’
    replot.density1: no visible global function definition for
     ‘rp.tkrreplot’
    replot.density1: no visible binding for global variable ‘plot’
    replot.density2: no visible global function definition for
     ‘rp.tkrreplot’
    replot.density3: no visible global function definition for
     ‘rp.tkrreplot’
    replot.smooth1: no visible global function definition for
     ‘rp.tkrreplot’
    replot.smooth1: no visible binding for global variable ‘plot’
    replot.smooth2: no visible global function definition for
     ‘rp.tkrreplot’
    rp.colour.chart: no visible global function definition for ‘plot’
    rp.colour.chart: no visible global function definition for ‘axis’
    rp.colour.chart: no visible global function definition for ‘rect’
    rp.colour.chart: no visible global function definition for ‘box’
    rp.density1: no visible global function definition for ‘rp.control’
    rp.density1: no visible global function definition for ‘rp.tkrplot’
    rp.density1: no visible binding for global variable ‘plot’
    rp.density1: no visible global function definition for ‘rp.radiogroup’
    rp.density1: no visible global function definition for ‘rp.slider’
    rp.density1: no visible global function definition for ‘rp.checkbox’
    rp.density1: no visible global function definition for ‘rp.do’
    rp.density2: no visible global function definition for ‘rp.control’
    rp.density2: no visible global function definition for ‘rp.tkrplot’
    rp.density2: no visible global function definition for ‘rp.radiogroup’
    rp.density2: no visible global function definition for ‘rp.slider’
    rp.density3: no visible global function definition for ‘rp.control’
    rp.density3: no visible global function definition for ‘rp.tkrplot’
    rp.density3: no visible global function definition for ‘rp.radiogroup’
    rp.density3: no visible global function definition for ‘rp.slider’
    rp.smooth1: no visible global function definition for ‘rp.control’
    rp.smooth1: no visible global function definition for ‘rp.tkrplot’
    rp.smooth1: no visible binding for global variable ‘plot’
    rp.smooth1: no visible global function definition for ‘rp.radiogroup’
    rp.smooth1: no visible global function definition for ‘rp.slider’
    rp.smooth1: no visible global function definition for ‘rp.checkbox’
    rp.smooth1: no visible global function definition for ‘rp.do’
    rp.smooth2: no visible global function definition for ‘rp.control’
    rp.smooth2: no visible global function definition for ‘rp.tkrplot’
    rp.smooth2: no visible global function definition for ‘rp.radiogroup’
    rp.smooth2: no visible global function definition for ‘rp.slider’
    rp.smooth2: no visible global function definition for ‘rp.checkbox’
    set.bandwidth: no visible global function definition for ‘rp.do’
    set.bandwidth.d: no visible global function definition for ‘rp.do’
    sig.trace: no visible global function definition for ‘plot’
    sig.trace: no visible global function definition for ‘lines’
    sj : phi6: no visible global function definition for ‘dnorm’
    sj : phi4: no visible global function definition for ‘dnorm’
    sj: no visible global function definition for ‘quantile’
    sj: no visible global function definition for ‘dnorm’
    sm: no visible global function definition for ‘terms’
    sm: no visible global function definition for ‘as.formula’
    sm: no visible global function definition for ‘model.matrix’
    sm: no visible global function definition for ‘approxfun’
    sm : sm.pam.draw: no visible global function definition for ‘plot’
    sm : sm.pam.draw: no visible global function definition for ‘title’
    sm : sm.pam.redraw: no visible global function definition for
     ‘rp.tkrreplot’
    sm : sm.pam.redraw: no visible binding for global variable ‘plot’
    sm: no visible global function definition for ‘rp.control’
    sm: no visible global function definition for ‘rp.tkrplot’
    sm: no visible binding for global variable ‘plot’
    sm: no visible global function definition for ‘rp.slider’
    sm: no visible global function definition for ‘rp.checkbox’
    sm: no visible global function definition for ‘plot’
    sm.ancova: no visible global function definition for ‘plot’
    sm.ancova: no visible global function definition for ‘text’
    sm.ancova: no visible global function definition for ‘par’
    sm.ancova: no visible global function definition for ‘polygon’
    sm.ancova: no visible global function definition for ‘lines’
    sm.autoregression : sm.autoregression.1d: no visible global function
     definition for ‘plot’
    sm.autoregression : sm.autoregression.1d: no visible global function
     definition for ‘lines’
    sm.autoregression : sm.autoregression.1d: no visible global function
     definition for ‘acf’
    sm.autoregression : sm.autoregression.1d: no visible global function
     definition for ‘title’
    sm.autoregression : sm.autoregression.2d: no visible global function
     definition for ‘quantile’
    sm.autoregression : sm.autoregression.2d: no visible global function
     definition for ‘persp’
    sm.autoregression : sm.autoregression.2d: no visible global function
     definition for ‘title’
    sm.binomial: no visible binding for global variable ‘nobs’
    sm.binomial: no visible global function definition for ‘plot’
    sm.binomial: no visible global function definition for ‘abline’
    sm.binomial: no visible global function definition for ‘points’
    sm.binomial: no visible global function definition for ‘binomial’
    sm.binomial: no visible global function definition for ‘lines’
    sm.binomial.bootstrap : rbetabinom: no visible global function
     definition for ‘rbeta’
    sm.binomial.bootstrap : rbetabinom: no visible global function
     definition for ‘rbinom’
    sm.binomial.bootstrap: no visible global function definition for
     ‘binomial’
    sm.binomial.bootstrap: no visible global function definition for ‘poly’
    sm.binomial.bootstrap: no visible global function definition for
     ‘glm.fit’
    sm.binomial.bootstrap: no visible global function definition for
     ‘fitted’
    sm.binomial.bootstrap: no visible global function definition for
     ‘residuals’
    sm.binomial.bootstrap: no visible global function definition for
     ‘lines’
    sm.check.data: no visible global function definition for ‘na.omit’
    sm.density.1d: no visible global function definition for ‘quantile’
    sm.density.1d: no visible global function definition for ‘plot’
    sm.density.1d: no visible global function definition for ‘dnorm’
    sm.density.2d: no visible global function definition for ‘dnorm’
    sm.density.3d: no visible global function definition for ‘topo.colors’
    sm.density.compare: no visible global function definition for ‘plot’
    sm.density.compare: no visible global function definition for ‘lines’
    sm.density.compare: no visible global function definition for ‘polygon’
    sm.density.eval.3d: no visible global function definition for
     ‘quantile’
    sm.density.eval.3d: no visible global function definition for
     ‘contour3d’
    sm.density.eval.3d: no visible global function definition for
     ‘rp.plot3d’
    sm.density.eval.3d: no visible global function definition for
     ‘triangles3d’
    sm.discontinuity: no visible binding for global variable ‘df’
    sm.discontinuity.1d: no visible global function definition for ‘plot’
    sm.discontinuity.1d: no visible global function definition for
     ‘polygon’
    sm.discontinuity.1d: no visible global function definition for ‘lines’
    sm.discontinuity.1d: no visible global function definition for ‘points’
    sm.discontinuity.2d: no visible global function definition for ‘chull’
    sm.discontinuity.2d: no visible global function definition for ‘plot’
    sm.discontinuity.2d: no visible global function definition for
     ‘contour’
    sm.glm: no visible global function definition for ‘glm.fit’
    sm.imageplot: no visible global function definition for ‘image’
    sm.mask: no visible global function definition for ‘chull’
    sm.monotonicity: no visible binding for global variable ‘df’
    sm.monotonicity: no visible global function definition for ‘var’
    sm.monotonicity: no visible global function definition for ‘plot’
    sm.monotonicity: no visible global function definition for ‘rbinom’
    sm.monotonicity: no visible global function definition for ‘lines’
    sm.pam.colour.chart: no visible global function definition for ‘par’
    sm.pca : <anonymous>: no visible global function definition for
     ‘quantile’
    sm.pca: no visible global function definition for ‘plot’
    sm.pca: no visible global function definition for ‘polygon’
    sm.pca: no visible global function definition for ‘lines’
    sm.pca: no visible global function definition for ‘col2rgb’
    sm.pca: no visible global function definition for ‘rgb’
    sm.pca: no visible global function definition for ‘segments’
    sm.pca: no visible binding for global variable ‘sd’
    sm.persplot: no visible global function definition for ‘persp’
    sm.poisson: no visible global function definition for ‘plot’
    sm.poisson: no visible global function definition for ‘points’
    sm.poisson: no visible global function definition for ‘poisson’
    sm.poisson: no visible global function definition for ‘lines’
    sm.poisson.bootstrap : rNegBin: no visible global function definition
     for ‘rgamma’
    sm.poisson.bootstrap : rNegBin: no visible global function definition
     for ‘rpois’
    sm.poisson.bootstrap: no visible global function definition for
     ‘poisson’
    sm.poisson.bootstrap: no visible global function definition for ‘poly’
    sm.poisson.bootstrap: no visible global function definition for
     ‘glm.fit’
    sm.poisson.bootstrap: no visible global function definition for
     ‘fitted’
    sm.poisson.bootstrap: no visible global function definition for ‘lines’
    sm.regression.1d: no visible global function definition for ‘plot’
    sm.regression.2d: no visible global function definition for ‘rainbow’
    sm.regression.2d: no visible global function definition for ‘image’
    sm.regression.2d: no visible global function definition for ‘contour’
    sm.regression.2d: no visible global function definition for ‘persp’
    sm.regression.2d: no visible global function definition for ‘rp.plot3d’
    sm.regression.autocor: no visible global function definition for ‘plot’
    sm.regression.autocor: no visible global function definition for
     ‘title’
    sm.regression.autocor: no visible global function definition for
     ‘lines’
    sm.regression.eval.2d: no visible global function definition for
     ‘chull’
    sm.rglplot: no visible global function definition for ‘rp.plot3d’
    sm.rm: no visible global function definition for ‘plot’
    sm.rm: no visible global function definition for ‘title’
    sm.rm: no visible global function definition for ‘lines’
    sm.rm: no visible global function definition for ‘optim’
    sm.sigma2: no visible global function definition for ‘chull’
    sm.sigma2: no visible global function definition for ‘var’
    sm.sigma2: no visible global function definition for ‘contour’
    sm.sigma2: no visible global function definition for ‘qchisq’
    sm.sigweight: no visible global function definition for ‘var’
    sm.sliceplot: no visible global function definition for ‘plot’
    sm.sliceplot: no visible global function definition for ‘points’
    sm.sliceplot: no visible global function definition for ‘quantile’
    sm.sliceplot: no visible global function definition for ‘contour’
    sm.sphere: no visible global function definition for ‘menu’
    sm.sphere: no visible global function definition for ‘par’
    sm.surface3d: no visible global function definition for ‘triangles3d’
    sm.surface3d: no visible global function definition for ‘segments3d’
    sm.survival: no visible global function definition for ‘plot’
    sm.survival: no visible global function definition for ‘text’
    sm.survival: no visible global function definition for ‘lines’
    sm.ts.pdf: no visible global function definition for ‘title’
    sm.variogram: no visible binding for global variable ‘df’
    sm.variogram: no visible global function definition for ‘var’
    sm.variogram: no visible global function definition for ‘plot’
    sm.variogram: no visible global function definition for ‘polygon’
    sm.variogram: no visible global function definition for ‘points’
    sm.variogram: no visible global function definition for ‘segments’
    sm.variogram: no visible global function definition for ‘lines’
    sm.variogram: no visible global function definition for ‘interp’
    sm.variogram: no visible global function definition for ‘contourLines’
    sm.variogram: no visible global function definition for
     ‘filled.contour’
    sm.variogram: no visible binding for global variable ‘topo.colors’
    sm.variogram: no visible global function definition for ‘axis’
    sm.variogram: no visible global function definition for ‘contour’
    smplot.density: no visible global function definition for ‘polygon’
    smplot.density: no visible global function definition for ‘par’
    smplot.density: no visible global function definition for ‘box’
    smplot.density: no visible global function definition for ‘lines’
    smplot.density: no visible global function definition for ‘rug’
    smplot.density: no visible global function definition for ‘dnorm’
    smplot.regression: no visible global function definition for ‘par’
    smplot.regression: no visible global function definition for ‘polygon’
    smplot.regression: no visible global function definition for ‘lines’
    smplot.regression: no visible global function definition for ‘points’
    smplot.regression: no visible global function definition for ‘box’
    sphimage: no visible global function definition for ‘image’
    sphimage: no visible global function definition for ‘polygon’
    Undefined global functions or variables:
     abline acf approxfun as.formula axis binomial box britpts chull
     col2rgb contour contour3d contourLines df dnorm filled.contour fitted
     glm.fit image interp lines menu model.matrix na.omit nobs optim
     optimise par pchisq persp plot points poisson poly polygon pop3d
     qchisq quantile rainbow rbeta rbinom rect residuals rgamma rgb
     rgl.pop rp.checkbox rp.control rp.do rp.plot3d rp.radiogroup
     rp.slider rp.tkrplot rp.tkrreplot rpois rug sd segments segments3d
     terms text title topo.colors triangles3d uniroot var
    Consider adding
     importFrom("grDevices", "chull", "col2rgb", "contourLines", "rainbow",
     "rgb", "topo.colors")
     importFrom("graphics", "abline", "axis", "box", "contour",
     "filled.contour", "image", "lines", "par", "persp", "plot",
     "points", "polygon", "rect", "rug", "segments", "text",
     "title")
     importFrom("stats", "acf", "approxfun", "as.formula", "binomial", "df",
     "dnorm", "fitted", "glm.fit", "model.matrix", "na.omit",
     "nobs", "optim", "optimise", "pchisq", "poisson", "poly",
     "qchisq", "quantile", "rbeta", "rbinom", "residuals",
     "rgamma", "rpois", "sd", "terms", "uniroot", "var")
     importFrom("utils", "menu")
    to your NAMESPACE.
Flavors: r-devel-linux-x86_64-debian-clang, r-devel-linux-x86_64-debian-gcc, r-devel-linux-x86_64-fedora-clang, r-devel-linux-x86_64-fedora-gcc, r-devel-windows-ix86+x86_64

Version: 2.2-5.4
Check: R code for possible problems
Result: NOTE
    britmap: no visible binding for global variable ‘britpts’
    plot.density2: no visible global function definition for ‘rgl.pop’
    plot.density3: no visible global function definition for ‘pop3d’
    plot.smooth2: no visible global function definition for ‘rgl.pop’
    replot.density1: no visible global function definition for
     ‘rp.tkrreplot’
    replot.density2: no visible global function definition for
     ‘rp.tkrreplot’
    replot.density3: no visible global function definition for
     ‘rp.tkrreplot’
    replot.smooth1: no visible global function definition for
     ‘rp.tkrreplot’
    replot.smooth2: no visible global function definition for
     ‘rp.tkrreplot’
    rp.density1: no visible global function definition for ‘rp.control’
    rp.density1: no visible global function definition for ‘rp.tkrplot’
    rp.density1: no visible global function definition for ‘rp.radiogroup’
    rp.density1: no visible global function definition for ‘rp.slider’
    rp.density1: no visible global function definition for ‘rp.checkbox’
    rp.density1: no visible global function definition for ‘rp.do’
    rp.density2: no visible global function definition for ‘rp.control’
    rp.density2: no visible global function definition for ‘rp.tkrplot’
    rp.density2: no visible global function definition for ‘rp.radiogroup’
    rp.density2: no visible global function definition for ‘rp.slider’
    rp.density3: no visible global function definition for ‘rp.control’
    rp.density3: no visible global function definition for ‘rp.tkrplot’
    rp.density3: no visible global function definition for ‘rp.radiogroup’
    rp.density3: no visible global function definition for ‘rp.slider’
    rp.smooth1: no visible global function definition for ‘rp.control’
    rp.smooth1: no visible global function definition for ‘rp.tkrplot’
    rp.smooth1: no visible global function definition for ‘rp.radiogroup’
    rp.smooth1: no visible global function definition for ‘rp.slider’
    rp.smooth1: no visible global function definition for ‘rp.checkbox’
    rp.smooth1: no visible global function definition for ‘rp.do’
    rp.smooth2: no visible global function definition for ‘rp.control’
    rp.smooth2: no visible global function definition for ‘rp.tkrplot’
    rp.smooth2: no visible global function definition for ‘rp.radiogroup’
    rp.smooth2: no visible global function definition for ‘rp.slider’
    rp.smooth2: no visible global function definition for ‘rp.checkbox’
    set.bandwidth: no visible global function definition for ‘rp.do’
    set.bandwidth.d: no visible global function definition for ‘rp.do’
    sm : sm.pam.redraw: no visible global function definition for
     ‘rp.tkrreplot’
    sm: no visible global function definition for ‘rp.control’
    sm: no visible global function definition for ‘rp.tkrplot’
    sm: no visible global function definition for ‘rp.slider’
    sm: no visible global function definition for ‘rp.checkbox’
    sm.density.eval.3d: no visible global function definition for
     ‘contour3d’
    sm.density.eval.3d: no visible global function definition for
     ‘rp.plot3d’
    sm.density.eval.3d: no visible global function definition for
     ‘triangles3d’
    sm.regression.2d: no visible global function definition for ‘rp.plot3d’
    sm.rglplot: no visible global function definition for ‘rp.plot3d’
    sm.surface3d: no visible global function definition for ‘triangles3d’
    sm.surface3d: no visible global function definition for ‘segments3d’
    sm.variogram: no visible global function definition for ‘interp’
    Undefined global functions or variables:
     britpts contour3d interp pop3d rgl.pop rp.checkbox rp.control rp.do
     rp.plot3d rp.radiogroup rp.slider rp.tkrplot rp.tkrreplot segments3d
     triangles3d
Flavor: r-devel-osx-x86_64-clang

Version: 2.2-5.4
Check: R code for possible problems
Result: NOTE
    britmap: no visible binding for global variable ‘britpts’
    plot.density2: no visible global function definition for ‘rgl.pop’
    plot.density3: no visible global function definition for ‘pop3d’
    plot.smooth2: no visible global function definition for ‘rgl.pop’
    replot.density1: no visible global function definition for
     ‘rp.tkrreplot’
    replot.density2: no visible global function definition for
     ‘rp.tkrreplot’
    replot.density3: no visible global function definition for
     ‘rp.tkrreplot’
    replot.smooth1: no visible global function definition for
     ‘rp.tkrreplot’
    replot.smooth2: no visible global function definition for
     ‘rp.tkrreplot’
    rp.density1: no visible global function definition for ‘rp.control’
    rp.density1: no visible global function definition for ‘rp.tkrplot’
    rp.density1: no visible global function definition for ‘rp.radiogroup’
    rp.density1: no visible global function definition for ‘rp.slider’
    rp.density1: no visible global function definition for ‘rp.checkbox’
    rp.density1: no visible global function definition for ‘rp.do’
    rp.density2: no visible global function definition for ‘rp.control’
    rp.density2: no visible global function definition for ‘rp.tkrplot’
    rp.density2: no visible global function definition for ‘rp.radiogroup’
    rp.density2: no visible global function definition for ‘rp.slider’
    rp.density3: no visible global function definition for ‘rp.control’
    rp.density3: no visible global function definition for ‘rp.tkrplot’
    rp.density3: no visible global function definition for ‘rp.radiogroup’
    rp.density3: no visible global function definition for ‘rp.slider’
    rp.smooth1: no visible global function definition for ‘rp.control’
    rp.smooth1: no visible global function definition for ‘rp.tkrplot’
    rp.smooth1: no visible global function definition for ‘rp.radiogroup’
    rp.smooth1: no visible global function definition for ‘rp.slider’
    rp.smooth1: no visible global function definition for ‘rp.checkbox’
    rp.smooth1: no visible global function definition for ‘rp.do’
    rp.smooth2: no visible global function definition for ‘rp.control’
    rp.smooth2: no visible global function definition for ‘rp.tkrplot’
    rp.smooth2: no visible global function definition for ‘rp.radiogroup’
    rp.smooth2: no visible global function definition for ‘rp.slider’
    rp.smooth2: no visible global function definition for ‘rp.checkbox’
    set.bandwidth: no visible global function definition for ‘rp.do’
    set.bandwidth.d: no visible global function definition for ‘rp.do’
    sm : sm.pam.redraw: no visible global function definition for
     ‘rp.tkrreplot’
    sm: no visible global function definition for ‘rp.control’
    sm: no visible global function definition for ‘rp.tkrplot’
    sm: no visible global function definition for ‘rp.slider’
    sm: no visible global function definition for ‘rp.checkbox’
    sm.density.eval.3d: no visible global function definition for
     ‘contour3d’
    sm.density.eval.3d: no visible global function definition for
     ‘rp.plot3d’
    sm.density.eval.3d: no visible global function definition for
     ‘triangles3d’
    sm.regression.2d: no visible global function definition for ‘rp.plot3d’
    sm.rglplot: no visible global function definition for ‘rp.plot3d’
    sm.surface3d: no visible global function definition for ‘triangles3d’
    sm.surface3d: no visible global function definition for ‘segments3d’
    sm.variogram: no visible global function definition for ‘interp’
Flavors: r-patched-linux-x86_64, r-patched-solaris-sparc, r-patched-solaris-x86, r-release-linux-x86_64, r-release-osx-x86_64-mavericks, r-release-windows-ix86+x86_64, r-oldrel-windows-ix86+x86_64