CRAN Package Check Results for Package sm

Last updated on 2018-06-21 23:50:41 CEST.

Flavor Version Tinstall Tcheck Ttotal Status Flags
r-devel-linux-x86_64-debian-clang 2.2-5.5 14.26 66.78 81.04 OK
r-devel-linux-x86_64-debian-gcc 2.2-5.5 11.37 55.39 66.76 OK
r-devel-linux-x86_64-fedora-clang 2.2-5.5 105.84 OK
r-devel-linux-x86_64-fedora-gcc 2.2-5.5 99.36 OK
r-devel-windows-ix86+x86_64 2.2-5.5 33.00 80.00 113.00 OK
r-patched-linux-x86_64 2.2-5.5 15.11 73.01 88.12 OK
r-patched-solaris-x86 2.2-5.5 144.30 OK
r-release-linux-x86_64 2.2-5.5 15.75 71.11 86.86 OK
r-release-windows-ix86+x86_64 2.2-5.5 27.00 81.00 108.00 OK
r-release-osx-x86_64 2.2-5.5 ERROR
r-oldrel-windows-ix86+x86_64 2.2-5.5 24.00 90.00 114.00 OK
r-oldrel-osx-x86_64 2.2-5.5 OK

Check Details

Version: 2.2-5.5
Check: package dependencies
Result: NOTE
    Package suggested but not available for checking: ‘rpanel’
Flavor: r-release-osx-x86_64

Version: 2.2-5.5
Check: examples
Result: ERROR
    Running examples in ‘sm-Ex.R’ failed
    The error most likely occurred in:
    
    > ### Name: sm.surface3d
    > ### Title: Adding a regression surface to an rgl plot.
    > ### Aliases: sm.surface3d
    > ### Keywords: nonparametric regression smooth
    >
    > ### ** Examples
    >
    > with(trawl, {
    + Zone93 <- (Year == 1 & Zone == 1)
    + Position <- cbind(Longitude - 143, Latitude)
    + model1 <- sm.regression(Position[Zone93,], Score1[Zone93],
    + h= c(0.1, 0.1), display = "rgl", xlab="Longitude - 143")
    + model2 <- sm.regression(Position[Zone93,], Score1[Zone93],
    + h= c(0.2, 0.2), display = "none")
    + sm.surface3d(model2$eval.points, model2$est, model1$scaling, col = "red")
    + })
    Error in sm.surface3d(model2$eval.points, model2$est, model1$scaling, :
     a scaling must be specified.
    Calls: with -> with.default -> eval -> eval -> sm.surface3d
    Execution halted
Flavor: r-release-osx-x86_64

Version: 2.2-5.5
Check: examples
Result: FAIL
    
Flavor: r-oldrel-osx-x86_64