CRAN Package Check Results for Package sm

Last updated on 2015-04-26 00:47:35.

Flavor Version Tinstall Tcheck Ttotal Status Flags
r-devel-linux-x86_64-debian-clang 2.2-5.4 2.86 67.56 70.42 NOTE
r-devel-linux-x86_64-debian-gcc 2.2-5.4 2.72 64.12 66.84 NOTE
r-devel-linux-x86_64-fedora-clang 2.2-5.4 127.46 NOTE
r-devel-linux-x86_64-fedora-gcc 2.2-5.4 123.60 NOTE
r-devel-osx-x86_64-clang 2.2-5.4 111.15 NOTE
r-devel-windows-ix86+x86_64 2.2-5.4 13.00 142.00 155.00 NOTE
r-patched-linux-x86_64 2.2-5.4 2.80 64.05 66.84 NOTE
r-patched-solaris-sparc 2.2-5.4 905.10 NOTE
r-patched-solaris-x86 2.2-5.4 167.30 NOTE
r-release-linux-x86_64 2.2-5.4 3.01 64.65 67.66 NOTE
r-release-osx-x86_64-mavericks 2.2-5.4 NOTE
r-release-osx-x86_64-snowleopard 2.2-5.4 ERROR
r-release-windows-ix86+x86_64 2.2-5.4 13.00 151.00 164.00 NOTE
r-oldrel-windows-ix86+x86_64 2.2-5.4 10.00 146.00 156.00 NOTE

Check Details

Version: 2.2-5.4
Check: dependencies in R code
Result: NOTE
    'library' or 'require' calls in package code:
     'akima' 'misc3d' 'rgl' 'rpanel' 'tkrplot'
     Please use :: or requireNamespace() instead.
     See section 'Suggested packages' in the 'Writing R Extensions' manual.
Flavors: r-devel-windows-ix86+x86_64, r-release-windows-ix86+x86_64, r-oldrel-windows-ix86+x86_64

Version: 2.2-5.4
Check: R code for possible problems
Result: NOTE
    britmap: no visible binding for global variable 'britpts'
    plot.density2: no visible global function definition for 'rgl.pop'
    plot.density3: no visible global function definition for 'pop3d'
    plot.smooth2: no visible global function definition for 'rgl.pop'
    replot.density1: no visible global function definition for
     'rp.tkrreplot'
    replot.density2: no visible global function definition for
     'rp.tkrreplot'
    replot.density3: no visible global function definition for
     'rp.tkrreplot'
    replot.smooth1: no visible global function definition for
     'rp.tkrreplot'
    replot.smooth2: no visible global function definition for
     'rp.tkrreplot'
    rp.density1: no visible global function definition for 'rp.control'
    rp.density1: no visible global function definition for 'rp.tkrplot'
    rp.density1: no visible global function definition for 'rp.radiogroup'
    rp.density1: no visible global function definition for 'rp.slider'
    rp.density1: no visible global function definition for 'rp.checkbox'
    rp.density1: no visible global function definition for 'rp.do'
    rp.density2: no visible global function definition for 'rp.control'
    rp.density2: no visible global function definition for 'rp.tkrplot'
    rp.density2: no visible global function definition for 'rp.radiogroup'
    rp.density2: no visible global function definition for 'rp.slider'
    rp.density3: no visible global function definition for 'rp.control'
    rp.density3: no visible global function definition for 'rp.tkrplot'
    rp.density3: no visible global function definition for 'rp.radiogroup'
    rp.density3: no visible global function definition for 'rp.slider'
    rp.smooth1: no visible global function definition for 'rp.control'
    rp.smooth1: no visible global function definition for 'rp.tkrplot'
    rp.smooth1: no visible global function definition for 'rp.radiogroup'
    rp.smooth1: no visible global function definition for 'rp.slider'
    rp.smooth1: no visible global function definition for 'rp.checkbox'
    rp.smooth1: no visible global function definition for 'rp.do'
    rp.smooth2: no visible global function definition for 'rp.control'
    rp.smooth2: no visible global function definition for 'rp.tkrplot'
    rp.smooth2: no visible global function definition for 'rp.radiogroup'
    rp.smooth2: no visible global function definition for 'rp.slider'
    rp.smooth2: no visible global function definition for 'rp.checkbox'
    set.bandwidth: no visible global function definition for 'rp.do'
    set.bandwidth.d: no visible global function definition for 'rp.do'
    sm : sm.pam.redraw: no visible global function definition for
     'rp.tkrreplot'
    sm: no visible global function definition for 'rp.control'
    sm: no visible global function definition for 'rp.tkrplot'
    sm: no visible global function definition for 'rp.slider'
    sm: no visible global function definition for 'rp.checkbox'
    sm.density.eval.3d: no visible global function definition for
     'contour3d'
    sm.density.eval.3d: no visible global function definition for
     'rp.plot3d'
    sm.density.eval.3d: no visible global function definition for
     'triangles3d'
    sm.regression.2d: no visible global function definition for 'rp.plot3d'
    sm.rglplot: no visible global function definition for 'rp.plot3d'
    sm.surface3d: no visible global function definition for 'triangles3d'
    sm.surface3d: no visible global function definition for 'segments3d'
    sm.variogram: no visible global function definition for 'interp'
Flavors: r-devel-windows-ix86+x86_64, r-release-windows-ix86+x86_64, r-oldrel-windows-ix86+x86_64