CRAN Package Check Results for Package smacof

Last updated on 2017-06-23 15:48:32.

Flavor Version Tinstall Tcheck Ttotal Status Flags
r-devel-linux-x86_64-debian-clang 1.9-6 9.07 107.64 116.72 OK
r-devel-linux-x86_64-debian-gcc 1.9-6 8.67 102.05 110.72 OK
r-devel-linux-x86_64-fedora-clang 1.9-6 229.73 NOTE
r-devel-linux-x86_64-fedora-gcc 1.9-6 222.92 NOTE
r-devel-windows-ix86+x86_64 1.9-6 39.00 340.00 379.00 OK
r-patched-linux-x86_64 1.9-6 9.00 110.77 119.77 OK
r-patched-solaris-sparc 1.9-6 1225.50 NOTE
r-patched-solaris-x86 1.9-6 281.20 NOTE
r-release-linux-x86_64 1.9-6 9.16 106.86 116.02 OK
r-release-windows-ix86+x86_64 1.9-6 27.00 373.00 400.00 OK
r-release-osx-x86_64 1.9-6 WARN
r-oldrel-windows-ix86+x86_64 1.9-6 43.00 362.00 405.00 OK
r-oldrel-osx-x86_64 1.9-6 WARN

Check Details

Version: 1.9-6
Check: data for non-ASCII characters
Result: NOTE
     Note: found 15 marked Latin-1 strings
     Note: found 2 marked UTF-8 strings
Flavors: r-devel-linux-x86_64-fedora-clang, r-devel-linux-x86_64-fedora-gcc, r-patched-solaris-sparc, r-patched-solaris-x86, r-release-osx-x86_64, r-oldrel-osx-x86_64

Version: 1.9-6
Check: re-building of vignette outputs
Result: WARN
    Error in re-building vignettes:
     ...
    See the pdftex.def package documentation for explanation.
    Type H <return> for immediate help.
    ! Package pdftex.def Error: File `figure/judge-plot1-1-eps-converted-to.pdf' no
    t found.
    
    See the pdftex.def package documentation for explanation.
    Type H <return> for immediate help.
    ! Package pdftex.def Error: File `figure/shepard-plot1-1-eps-converted-to.pdf'
    not found.
    
    See the pdftex.def package documentation for explanation.
    Type H <return> for immediate help.
    ! Package pdftex.def Error: File `figure/perm-plot1-1-eps-converted-to.pdf' not
     found.
    
    See the pdftex.def package documentation for explanation.
    Type H <return> for immediate help.
    ! Package pdftex.def Error: File `figure/spp-plot1-1-eps-converted-to.pdf' not
    found.
    
    See the pdftex.def package documentation for explanation.
    Type H <return> for immediate help.
    ! P
    Calls: buildVignettes -> texi2pdf -> texi2dvi
    Execution halted
Flavor: r-release-osx-x86_64

Version: 1.9-6
Check: re-building of vignette outputs
Result: WARN
    Error in re-building vignettes:
     ...
    Warning in grepl("(Rerun to get|biblatex.*\\(re\\)run)", readLines(log, :
     input string 438 is invalid in this locale
    Error in texi2dvi(file = file, pdf = TRUE, clean = clean, quiet = quiet, :
     Running 'texi2dvi' on 'smacof.tex' failed.
    LaTeX errors:
    ! LaTeX Error: Missing \begin{document}.
    
    See the LaTeX manual or LaTeX Companion for explanation.
    Type H <return> for immediate help.
     ...
    ! Missing $ inserted.
    <inserted text>
     $
    l.15 ...<a5>^^_<a0><af><fd>^^D}+<81><d0>B<a1>)^^T^^D<85><fa><cd>T^^T^^Y<e3>Bڻ )F<89>^
     <86>]-Eر3޵<e2><ec>ub<f9>><fc>аqbKJ<ac>$<d2><d5>...
    ! Undefined control sequence.
    l.19 ^^Y{<fd>҈#g<f2><9b>o<be>^^Y<d0><d0>w<ee><dc>^^QB<ec><ee><ee><ea><ba><fe><e3><8f>?^<bf>~<bd>P(\<bb>
     vM<fd>>{<f6>lcc<e3><87>^^_~<f0><OJ<d9>;<cc><f6>N#<ae><9c>o<8a>...
    The control sequence at the end of the top line
    of your error message was never \def'ed. If you have
    ! Undefined control sequence.
    l.21 ...<9a><a6>9<d0>8^^]4<96><de>K^^D{<e5><fb>~:<9d><a6>X<d6>^^H<b1>^^Y^^Q<f9><be>OD<b9>\NJ
    
    Calls: buildVignettes -> texi2pdf -> texi2dvi
    Execution halted
Flavor: r-oldrel-osx-x86_64