CRAN Package Check Results for Package smacof

Last updated on 2016-12-07 19:48:50.

Flavor Version Tinstall Tcheck Ttotal Status Flags
r-devel-linux-x86_64-debian-clang 1.8-13 6.80 90.31 97.11 OK
r-devel-linux-x86_64-debian-gcc 1.8-13 7.36 88.61 95.97 OK
r-devel-linux-x86_64-fedora-clang 1.8-13 198.73 NOTE --no-stop-on-test-error
r-devel-linux-x86_64-fedora-gcc 1.8-13 195.94 NOTE --no-stop-on-test-error
r-devel-macos-x86_64-clang 1.8-13 148.12 NOTE --no-stop-on-test-error
r-devel-windows-ix86+x86_64 1.8-13 32.00 302.00 334.00 OK
r-patched-linux-x86_64 1.8-13 6.83 83.41 90.24 OK
r-patched-solaris-sparc 1.8-13 1042.00 NOTE
r-patched-solaris-x86 1.8-13 214.00 NOTE
r-release-linux-x86_64 1.8-13 6.77 84.34 91.11 OK
r-release-osx-x86_64-mavericks 1.8-13 WARN
r-release-windows-ix86+x86_64 1.8-13 24.00 200.00 224.00 OK
r-oldrel-windows-ix86+x86_64 1.8-13 31.00 213.00 244.00 NOTE

Check Details

Version: 1.8-13
Flags: --no-stop-on-test-error
Check: data for non-ASCII characters
Result: NOTE
     Note: found 15 marked Latin-1 strings
     Note: found 2 marked UTF-8 strings
Flavors: r-devel-linux-x86_64-fedora-clang, r-devel-linux-x86_64-fedora-gcc, r-devel-macos-x86_64-clang

Version: 1.8-13
Check: data for non-ASCII characters
Result: NOTE
     Note: found 15 marked Latin-1 strings
     Note: found 2 marked UTF-8 strings
Flavors: r-patched-solaris-sparc, r-patched-solaris-x86, r-release-osx-x86_64-mavericks, r-oldrel-windows-ix86+x86_64

Version: 1.8-13
Check: re-building of vignette outputs
Result: WARN
    Error in re-building vignettes:
     ...
     input string 420 is invalid in this locale
    Warning in grepl("(Rerun to get|biblatex.*\\(re\\)run)", readLines(log, :
     input string 421 is invalid in this locale
    Warning in grepl("(Rerun to get|biblatex.*\\(re\\)run)", readLines(log, :
     input string 429 is invalid in this locale
    Error in texi2dvi(file = file, pdf = TRUE, clean = clean, quiet = quiet, :
     Running 'texi2dvi' on 'smacof.tex' failed.
    LaTeX errors:
    ! LaTeX Error: Missing \begin{document}.
    
    See the LaTeX manual or LaTeX Companion for explanation.
    Type H <return> for immediate help.
     ...
    ! Extra }, or forgotten \endgroup.
    l.22 ...<97><d7><de>׽<9d><f4><82><b1>~<c5><d3>u^^]R<f9><fd>~EQ8<e7>D<f4><f8><f1><e3><d5><d5>Uo3UU!9^^Q}
     <f1><c5>^^W^^X<d3><c6><c6><c6><ec><ec><ec><f2><f2><f2>^^O?<fc><b0><ba><ba>...
    I've deleted a group-closing symbol because it seems to be
    spurious, as in `$x}$'. But perhaps the } is legitimate and
    ! Extra }, or forgotten \endgroup.
    l.22 ...<f5><d5>W<90>jii <ed>!<c0><e3>Ǐ^^[<8d><c6><ed>۷!6^^Q<ed><ef><ef>omm<a9><aa><ba><b4><b4><d4><fb>h}
     o0 <ca>d2<9a><a6>a<82>^^F<84>7)<de>^^E`D-Ì<be>...
    I've deleted a group-closing symbol because it seems to be
    spurious, as in `$x}$'. But perhaps the } is legitimate
    Calls: buildVignettes -> texi2pdf -> texi2dvi
    Execution halted
Flavor: r-release-osx-x86_64-mavericks