CRAN Package Check Results for Package smacof

Last updated on 2016-05-29 03:48:35.

Flavor Version Tinstall Tcheck Ttotal Status Flags
r-devel-linux-x86_64-debian-gcc 1.8-13 7.37 81.00 88.36 OK
r-devel-linux-x86_64-fedora-clang 1.8-13 173.19 NOTE
r-devel-linux-x86_64-fedora-gcc 1.8-13 163.95 NOTE
r-devel-osx-x86_64-clang 1.8-13 183.31 NOTE
r-devel-windows-ix86+x86_64 1.8-13 18.00 234.00 252.00 OK
r-patched-linux-x86_64 1.8-13 6.49 80.04 86.53 OK
r-patched-solaris-sparc 1.8-13 1046.80 NOTE
r-patched-solaris-x86 1.8-13 201.60 NOTE
r-release-linux-x86_64 1.8-13 6.90 81.14 88.05 OK
r-release-osx-x86_64-mavericks 1.8-13 WARN
r-release-windows-ix86+x86_64 1.8-13 28.00 239.00 267.00 OK
r-oldrel-windows-ix86+x86_64 1.8-13 21.00 227.00 248.00 NOTE

Check Details

Version: 1.8-13
Check: data for non-ASCII characters
Result: NOTE
     Note: found 15 marked Latin-1 strings
     Note: found 2 marked UTF-8 strings
Flavors: r-devel-linux-x86_64-fedora-clang, r-devel-linux-x86_64-fedora-gcc, r-devel-osx-x86_64-clang, r-patched-solaris-sparc, r-patched-solaris-x86, r-release-osx-x86_64-mavericks, r-oldrel-windows-ix86+x86_64

Version: 1.8-13
Check: re-building of vignette outputs
Result: WARN
    Error in re-building vignettes:
     ...
     input string 420 is invalid in this locale
    Warning in grepl("(Rerun to get|biblatex.*\\(re\\)run)", readLines(log, :
     input string 421 is invalid in this locale
    Warning in grepl("(Rerun to get|biblatex.*\\(re\\)run)", readLines(log, :
     input string 429 is invalid in this locale
    Error in texi2dvi(file = file, pdf = TRUE, clean = clean, quiet = quiet, :
     Running 'texi2dvi' on 'smacof.tex' failed.
    LaTeX errors:
    ! LaTeX Error: Missing \begin{document}.
    
    See the LaTeX manual or LaTeX Companion for explanation.
    Type H <return> for immediate help.
     ...
    ! Extra }, or forgotten \endgroup.
    l.22 ...<97><d7><de>׽<9d><f4><82><b1>~<c5><d3>u^^]R<f9><fd>~EQ8<e7>D<f4><f8><f1><e3><d5><d5>Uo3UU!9^^Q}
     <f1><c5>^^W^^X<d3><c6><c6><c6><ec><ec><ec><f2><f2><f2>^^O?<fc><b0><ba><ba>...
    I've deleted a group-closing symbol because it seems to be
    spurious, as in `$x}$'. But perhaps the } is legitimate and
    ! Extra }, or forgotten \endgroup.
    l.22 ...<f5><d5>W<90>jii <ed>!<c0><e3>Ǐ^^[<8d><c6><ed>۷!6^^Q<ed><ef><ef>omm<a9><aa><ba><b4><b4><d4><fb>h}
     o0 <ca>d2<9a><a6>a<82>^^F<84>7)<de>^^E`D-Ì<be>...
    I've deleted a group-closing symbol because it seems to be
    spurious, as in `$x}$'. But perhaps the } is legitimate
    Calls: buildVignettes -> texi2pdf -> texi2dvi
    Execution halted
Flavor: r-release-osx-x86_64-mavericks