CRAN Package Check Results for Package smacof

Last updated on 2023-03-21 12:50:50 CET.

Flavor Version Tinstall Tcheck Ttotal Status Flags
r-devel-linux-x86_64-debian-clang 2.1-5 25.93 374.42 400.35 OK
r-devel-linux-x86_64-debian-gcc 2.1-5 20.32 275.78 296.10 OK
r-devel-linux-x86_64-fedora-clang 2.1-5 500.02 NOTE
r-devel-linux-x86_64-fedora-gcc 2.1-5 469.07 NOTE
r-patched-linux-x86_64 2.1-5 31.37 361.41 392.78 OK
r-release-linux-x86_64 2.1-5 22.14 359.60 381.74 OK
r-release-macos-arm64 2.1-5 88.00 NOTE
r-release-macos-x86_64 2.1-5 179.00 NOTE
r-release-windows-x86_64 2.1-5 84.00 424.00 508.00 OK
r-oldrel-macos-arm64 2.1-5 119.00 NOTE
r-oldrel-macos-x86_64 2.1-5 176.00 NOTE
r-oldrel-windows-ix86+x86_64 2.1-5 54.00 486.00 540.00 OK

Check Details

Version: 2.1-5
Check: data for non-ASCII characters
Result: NOTE
     Note: found 15 marked Latin-1 strings
     Note: found 2 marked UTF-8 strings
Flavors: r-devel-linux-x86_64-fedora-clang, r-devel-linux-x86_64-fedora-gcc, r-release-macos-arm64, r-release-macos-x86_64, r-oldrel-macos-arm64, r-oldrel-macos-x86_64