CRAN Package Check Results for Package smacof

Last updated on 2015-03-26 21:47:08.

Flavor Version Tinstall Tcheck Ttotal Status Flags
r-devel-linux-x86_64-debian-clang 1.6-2 4.04 35.96 39.99 NOTE
r-devel-linux-x86_64-debian-gcc 1.6-2 4.10 33.88 37.98 NOTE
r-devel-linux-x86_64-fedora-clang 1.6-2 77.02 NOTE
r-devel-linux-x86_64-fedora-gcc 1.6-2 77.46 NOTE
r-devel-osx-x86_64-clang 1.6-2 73.76 NOTE
r-prerel-windows-ix86+x86_64 1.6-2 15.00 74.00 89.00 NOTE
r-prerel-linux-x86_64 1.6-2 3.79 34.76 38.55 NOTE
r-prerel-solaris-sparc 1.6-2 450.60 NOTE
r-prerel-solaris-x86 1.6-2 102.30 NOTE
r-release-linux-x86_64 1.6-2 6.20 50.82 57.02 OK
r-release-osx-x86_64-mavericks 1.6-2 OK
r-release-osx-x86_64-snowleopard 1.6-2 ERROR
r-release-windows-ix86+x86_64 1.6-2 25.00 115.00 140.00 OK
r-oldrel-windows-ix86+x86_64 1.6-2 20.00 117.00 137.00 OK

Check Details

Version: 1.6-2
Check: DESCRIPTION meta-information
Result: NOTE
    Malformed Title field: should not end in a period.
Flavors: r-devel-linux-x86_64-debian-clang, r-devel-linux-x86_64-debian-gcc, r-devel-linux-x86_64-fedora-clang, r-devel-linux-x86_64-fedora-gcc, r-devel-osx-x86_64-clang, r-prerel-windows-ix86+x86_64, r-prerel-linux-x86_64, r-prerel-solaris-sparc, r-prerel-solaris-x86

Version: 1.6-2
Check: examples
Result: ERROR
    Running examples in ‘smacof-Ex.R’ failed
    The error most likely occurred in:
    
    > ### Name: plot3d.smacof
    > ### Title: 3D SMACOF plots
    > ### Aliases: plot3d.smacof plot3d.smacofR plot3d.smacofID plot3dstatic
    > ### plot3dstatic.smacof plot3dstatic.smacofR plot3dstatic.smacofID
    > ### Keywords: hplot
    >
    > ### ** Examples
    >
    >
    > ## 3D plot for spherical SMACOF
    > data(trading)
    > res <- smacofSphere(trading, ndim = 3, verbose = FALSE, itmax = 5000)
    > plot3d(res, plot.type = "confplot")
    Thu Mar 26 02:40:16 hagal.research.att.com R[13934] <Error>: unknown error code: invalid pixel format
    Thu Mar 26 02:40:16 hagal.research.att.com R[13934] <Error>: kCGErrorFailure: Set a breakpoint @ CGErrorBreakpoint() to catch errors as they are logged.
    X Error of failed request: GLXBadContext
     Major opcode of failed request: 0 ()
     Serial number of failed request: 27
     Current serial number in output stream: 27
Flavor: r-release-osx-x86_64-snowleopard