CRAN Package Check Results for Package smacof

Last updated on 2015-07-29 03:48:41.

Flavor Version Tinstall Tcheck Ttotal Status Flags
r-devel-linux-x86_64-debian-clang 1.6-2 4.23 38.22 42.44 NOTE
r-devel-linux-x86_64-debian-gcc 1.6-2 4.00 36.30 40.30 NOTE
r-devel-linux-x86_64-fedora-clang 1.6-2 77.44 NOTE
r-devel-linux-x86_64-fedora-gcc 1.6-2 74.48 NOTE
r-devel-osx-x86_64-clang 1.6-2 58.94 NOTE
r-devel-windows-ix86+x86_64 1.6-2 15.00 76.00 91.00 NOTE
r-patched-linux-x86_64 1.6-2 3.98 36.32 40.30 NOTE
r-patched-solaris-sparc 1.6-2 493.20 NOTE
r-patched-solaris-x86 1.6-2 109.30 NOTE
r-release-linux-x86_64 1.6-2 4.03 36.16 40.19 NOTE
r-release-osx-x86_64-mavericks 1.6-2 NOTE
r-release-windows-ix86+x86_64 1.6-2 24.00 76.00 100.00 NOTE
r-oldrel-windows-ix86+x86_64 1.6-2 26.00 132.00 158.00 OK

Check Details

Version: 1.6-2
Check: DESCRIPTION meta-information
Result: NOTE
    Malformed Title field: should not end in a period.
Flavors: r-devel-linux-x86_64-debian-clang, r-devel-linux-x86_64-debian-gcc, r-devel-linux-x86_64-fedora-clang, r-devel-linux-x86_64-fedora-gcc, r-devel-osx-x86_64-clang, r-devel-windows-ix86+x86_64, r-patched-linux-x86_64, r-patched-solaris-sparc, r-patched-solaris-x86, r-release-linux-x86_64, r-release-osx-x86_64-mavericks, r-release-windows-ix86+x86_64

Version: 1.6-2
Check: R code for possible problems
Result: NOTE
    plot.smacofR: no visible global function definition for ‘hcl’
    plot.smacofR: no visible global function definition for ‘dev.new’
    Undefined global functions or variables:
     dev.new hcl
    Consider adding
     importFrom("grDevices", "dev.new", "hcl")
    to your NAMESPACE.
Flavors: r-devel-linux-x86_64-debian-clang, r-devel-linux-x86_64-debian-gcc, r-devel-linux-x86_64-fedora-clang, r-devel-linux-x86_64-fedora-gcc, r-devel-windows-ix86+x86_64