CRAN Package Check Results for Package smacof

Last updated on 2018-06-25 16:50:14 CEST.

Flavor Version Tinstall Tcheck Ttotal Status Flags
r-devel-linux-x86_64-debian-clang 1.10-8 15.40 133.67 149.07 OK
r-devel-linux-x86_64-debian-gcc 1.10-8 14.20 114.31 128.51 OK
r-devel-linux-x86_64-fedora-clang 1.10-8 198.49 NOTE
r-devel-linux-x86_64-fedora-gcc 1.10-8 185.27 NOTE
r-devel-windows-ix86+x86_64 1.10-8 32.00 212.00 244.00 OK
r-patched-linux-x86_64 1.10-8 13.37 131.53 144.90 OK
r-patched-solaris-x86 1.10-8 257.20 NOTE
r-release-linux-x86_64 1.10-8 12.52 129.89 142.41 OK
r-release-windows-ix86+x86_64 1.10-8 43.00 177.00 220.00 OK
r-release-osx-x86_64 1.10-8 NOTE
r-oldrel-windows-ix86+x86_64 1.10-8 33.00 184.00 217.00 OK
r-oldrel-osx-x86_64 1.10-5 NOTE

Check Details

Version: 1.10-8
Check: data for non-ASCII characters
Result: NOTE
     Note: found 15 marked Latin-1 strings
     Note: found 2 marked UTF-8 strings
Flavors: r-devel-linux-x86_64-fedora-clang, r-devel-linux-x86_64-fedora-gcc, r-patched-solaris-x86, r-release-osx-x86_64

Version: 1.10-5
Check: data for non-ASCII characters
Result: NOTE
     Note: found 15 marked Latin-1 strings
     Note: found 2 marked UTF-8 strings
Flavor: r-oldrel-osx-x86_64