CRAN Package Check Results for Package smacof

Last updated on 2022-12-04 03:54:16 CET.

Flavor Version Tinstall Tcheck Ttotal Status Flags
r-devel-linux-x86_64-debian-clang 2.1-5 24.42 384.10 408.52 OK
r-devel-linux-x86_64-debian-gcc 2.1-5 19.85 277.89 297.74 OK
r-devel-linux-x86_64-fedora-clang 2.1-5 519.73 NOTE
r-devel-linux-x86_64-fedora-gcc 2.1-5 498.76 NOTE
r-devel-windows-x86_64 2.1-5 71.00 421.00 492.00 OK
r-patched-linux-x86_64 2.1-5 30.52 355.28 385.80 OK
r-release-linux-x86_64 2.1-5 23.00 335.29 358.29 OK
r-release-macos-arm64 2.1-5 88.00 NOTE
r-release-macos-x86_64 2.1-5 179.00 NOTE
r-release-windows-x86_64 2.1-5 83.00 441.00 524.00 OK
r-oldrel-macos-arm64 2.1-5 119.00 NOTE
r-oldrel-macos-x86_64 2.1-5 176.00 NOTE
r-oldrel-windows-ix86+x86_64 2.1-5 57.00 494.00 551.00 OK

Check Details

Version: 2.1-5
Check: data for non-ASCII characters
Result: NOTE
     Note: found 15 marked Latin-1 strings
     Note: found 2 marked UTF-8 strings
Flavors: r-devel-linux-x86_64-fedora-clang, r-devel-linux-x86_64-fedora-gcc, r-release-macos-arm64, r-release-macos-x86_64, r-oldrel-macos-arm64, r-oldrel-macos-x86_64