CRAN Package Check Results for Package smacof

Last updated on 2015-08-29 20:48:18.

Flavor Version Tinstall Tcheck Ttotal Status Flags
r-devel-linux-x86_64-debian-clang 1.7-0 4.29 53.83 58.12 OK
r-devel-linux-x86_64-debian-gcc 1.7-0 4.16 53.04 57.20 OK
r-devel-linux-x86_64-fedora-clang 1.7-0 116.82 NOTE
r-devel-linux-x86_64-fedora-gcc 1.7-0 110.09 NOTE
r-devel-osx-x86_64-clang 1.7-0 102.52 NOTE
r-devel-windows-ix86+x86_64 1.7-0 27.00 103.00 130.00 NOTE
r-patched-linux-x86_64 1.7-0 4.98 56.52 61.50 NOTE
r-patched-solaris-sparc 1.7-0 694.80 NOTE
r-patched-solaris-x86 1.7-0 158.10 NOTE
r-release-linux-x86_64 1.7-0 4.86 54.17 59.03 NOTE
r-release-osx-x86_64-mavericks 1.7-0 NOTE
r-release-windows-ix86+x86_64 1.7-0 26.00 102.00 128.00 NOTE
r-oldrel-windows-ix86+x86_64 1.7-0 37.00 180.00 217.00 NOTE

Check Details

Version: 1.7-0
Check: data for non-ASCII characters
Result: NOTE
     Note: found 15 marked Latin-1 strings
     Note: found 2 marked UTF-8 strings
Flavors: r-devel-linux-x86_64-fedora-clang, r-devel-linux-x86_64-fedora-gcc, r-devel-osx-x86_64-clang, r-patched-linux-x86_64, r-patched-solaris-sparc, r-patched-solaris-x86, r-release-linux-x86_64, r-release-osx-x86_64-mavericks, r-release-windows-ix86+x86_64, r-oldrel-windows-ix86+x86_64

Version: 1.7-0
Check: re-building of vignette outputs
Result: NOTE
    Error in re-building vignettes:
     ...
    LaTeX errors:
    ex:234: LaTeX Error: File `figure/france-plot1-1' not found.
    
    See the LaTeX manual or LaTeX Companion for explanation.
    Type H <return> for immediate help
    I could not locate the file with any of these extensions:
    ex:288: LaTeX Error: File `figure/judge-plot1-1' not found.
    
    See the LaTeX manual or LaTeX Companion for explanation.
    Type H <return> for immediate help
    I could not locate the file with any of these extensions:
    ex:374: LaTeX Error: File `figure/shepard-plot1-1' not found.
    
    See the LaTeX manual or LaTeX Companion for explanation.
    Type H <return> for immediate help
    I could not locate the file with any of these extensions:
    ex:527: LaTeX Error: File `figure/perm-plot1-1' not found.
    
    See the LaTeX manual or LaTeX Companion for explanation.
    Type H <return> for immediate help
    I could not locate the file with any of these extensions:
    ex:572: LaTeX Error: File `figure/spp-plot1-1' not found.
    
    See the LaTeX manual o
    Execution halted
Flavors: r-devel-windows-ix86+x86_64, r-release-windows-ix86+x86_64, r-oldrel-windows-ix86+x86_64

Version: 1.7-0
Check: re-building of vignette outputs
Result: NOTE
    Error in re-building vignettes:
     ...
    Error in texi2dvi(file = file, pdf = TRUE, clean = clean, quiet = quiet, :
     Running 'texi2dvi' on 'smacof.tex' failed.
    LaTeX errors:
    ! LaTeX Error: Missing \begin{document}.
    
    See the LaTeX manual or LaTeX Companion for explanation.
    Type H <return> for immediate help.
     ...
    ! Extra }, or forgotten \endgroup.
    l.17 5}
     q^^QA<aa>q<c1><e6>.])F<a9><ee>â<d5>R<d4>8<b6>G+;<ea><c4>q<e4><fb><f0><a1>a<ab>ؖ<fc>CN<e4><ea>{^^P<bb><ab><d9>ќ9g<be>3<e7><cc>Q<e0><e8>舮/<82><af>z^^@...
    I've deleted a group-closing symbol because it seems to be
    spurious, as in `$x}$'. But perhaps the } is legitimate and
    ! Missing $ inserted.
    <inserted text>
     $
    l.17 ...MD<b6>m۶-<84>^^PBX<96><d5><d1>L^^H῵<db><c0><ad><bf><bd>j<e9><ef><f9><fe><fd><fb><ea><da><ff><ba><bf><93>^
     0rV<f1>LӄT<c1>`P<d3>4<ce>9^^Q=|<f8>pee<c5><df>...
    ! Please use \mathaccent for accents in math mode.
    \add@accent ...@spacefactor \spacefactor }\accent
    
    Calls: buildVignettes -> texi2pdf -> texi2dvi
    Execution halted
Flavor: r-release-osx-x86_64-mavericks