CRAN Package Check Results for Package smacof

Last updated on 2015-04-27 21:46:47.

Flavor Version Tinstall Tcheck Ttotal Status Flags
r-devel-linux-x86_64-debian-clang 1.6-2 4.15 35.37 39.52 NOTE
r-devel-linux-x86_64-debian-gcc 1.6-2 3.96 34.21 38.17 NOTE
r-devel-linux-x86_64-fedora-clang 1.6-2 77.79 NOTE
r-devel-linux-x86_64-fedora-gcc 1.6-2 73.92 NOTE
r-devel-osx-x86_64-clang 1.6-2 66.65 NOTE
r-devel-windows-ix86+x86_64 1.6-2 17.00 77.00 94.00 NOTE
r-patched-linux-x86_64 1.6-2 4.75 35.29 40.04 NOTE
r-patched-solaris-sparc 1.6-2 450.60 NOTE
r-patched-solaris-x86 1.6-2 103.10 NOTE
r-release-linux-x86_64 1.6-2 3.80 35.18 38.97 NOTE
r-release-osx-x86_64-mavericks 1.6-2 NOTE
r-release-osx-x86_64-snowleopard 1.6-2 ERROR
r-release-windows-ix86+x86_64 1.6-2 20.00 112.00 132.00 NOTE
r-oldrel-windows-ix86+x86_64 1.6-2 20.00 119.00 139.00 OK

Check Details

Version: 1.6-2
Check: DESCRIPTION meta-information
Result: NOTE
    Malformed Title field: should not end in a period.
Flavors: r-devel-linux-x86_64-debian-clang, r-devel-linux-x86_64-debian-gcc, r-devel-linux-x86_64-fedora-clang, r-devel-linux-x86_64-fedora-gcc, r-devel-osx-x86_64-clang, r-devel-windows-ix86+x86_64, r-patched-solaris-sparc, r-patched-solaris-x86, r-release-linux-x86_64, r-release-osx-x86_64-mavericks, r-release-windows-ix86+x86_64

Version: 1.6-2
Check: package dependencies
Result: ERROR
    Package required but not available: ‘Hmisc’
    
    See section ‘The DESCRIPTION file’ in the ‘Writing R Extensions’
    manual.
Flavor: r-release-osx-x86_64-snowleopard