CRAN Package Check Results for Package smacof

Last updated on 2017-04-24 20:47:42.

Flavor Version Tinstall Tcheck Ttotal Status Flags
r-devel-linux-x86_64-debian-clang 1.8-13 7.17 92.54 99.71 NOTE
r-devel-linux-x86_64-debian-gcc 1.8-13 7.19 90.73 97.91 NOTE
r-devel-linux-x86_64-fedora-clang 1.8-13 227.76 NOTE --no-stop-on-test-error
r-devel-linux-x86_64-fedora-gcc 1.8-13 198.10 NOTE --no-stop-on-test-error
r-devel-windows-ix86+x86_64 1.8-13 OK
r-patched-linux-x86_64 1.8-13 6.98 90.28 97.26 NOTE
r-patched-solaris-sparc 1.8-13 1128.10 NOTE
r-patched-solaris-x86 1.8-13 252.40 NOTE
r-release-linux-x86_64 1.8-13 7.20 90.23 97.43 NOTE
r-release-windows-ix86+x86_64 1.8-13 24.00 242.00 266.00 OK
r-release-osx-x86_64 1.8-13 WARN
r-oldrel-windows-ix86+x86_64 1.8-13 19.00 213.00 232.00 OK
r-oldrel-osx-x86_64 1.8-13 WARN

Check Details

Version: 1.8-13
Check: compiled code
Result: NOTE
    File ‘smacof/libs/smacof.so’:
     Found no calls to: ‘R_registerRoutines’, ‘R_useDynamicSymbols’
    
    It is good practice to register native routines and to disable symbol
    search.
    
    See ‘Writing portable packages’ in the ‘Writing R Extensions’ manual.
Flavors: r-devel-linux-x86_64-debian-clang, r-devel-linux-x86_64-debian-gcc, r-patched-linux-x86_64, r-release-linux-x86_64

Version: 1.8-13
Flags: --no-stop-on-test-error
Check: data for non-ASCII characters
Result: NOTE
     Note: found 15 marked Latin-1 strings
     Note: found 2 marked UTF-8 strings
Flavors: r-devel-linux-x86_64-fedora-clang, r-devel-linux-x86_64-fedora-gcc

Version: 1.8-13
Flags: --no-stop-on-test-error
Check: compiled code
Result: NOTE
    File ‘smacof/libs/smacof.so’:
     Found no calls to: ‘R_registerRoutines’, ‘R_useDynamicSymbols’
    
    It is good practice to register native routines and to disable symbol
    search.
    
    See ‘Writing portable packages’ in the ‘Writing R Extensions’ manual.
Flavors: r-devel-linux-x86_64-fedora-clang, r-devel-linux-x86_64-fedora-gcc

Version: 1.8-13
Check: data for non-ASCII characters
Result: NOTE
     Note: found 15 marked Latin-1 strings
     Note: found 2 marked UTF-8 strings
Flavors: r-patched-solaris-sparc, r-patched-solaris-x86, r-release-osx-x86_64, r-oldrel-osx-x86_64

Version: 1.8-13
Check: re-building of vignette outputs
Result: WARN
    Error in re-building vignettes:
     ...
    See the pdftex.def package documentation for explanation.
    Type H <return> for immediate help.
    ! Package pdftex.def Error: File `figure/judge-plot1-1-eps-converted-to.pdf' no
    t found.
    
    See the pdftex.def package documentation for explanation.
    Type H <return> for immediate help.
    ! Package pdftex.def Error: File `figure/shepard-plot1-1-eps-converted-to.pdf'
    not found.
    
    See the pdftex.def package documentation for explanation.
    Type H <return> for immediate help.
    ! Package pdftex.def Error: File `figure/perm-plot1-1-eps-converted-to.pdf' not
     found.
    
    See the pdftex.def package documentation for explanation.
    Type H <return> for immediate help.
    ! Package pdftex.def Error: File `figure/spp-plot1-1-eps-converted-to.pdf' not
    found.
    
    See the pdftex.def package documentation for explanation.
    Type H <return> for immediate help.
    ! P
    Calls: buildVignettes -> texi2pdf -> texi2dvi
    Execution halted
Flavor: r-release-osx-x86_64

Version: 1.8-13
Check: re-building of vignette outputs
Result: WARN
    Error in re-building vignettes:
     ...
     input string 420 is invalid in this locale
    Warning in grepl("(Rerun to get|biblatex.*\\(re\\)run)", readLines(log, :
     input string 421 is invalid in this locale
    Warning in grepl("(Rerun to get|biblatex.*\\(re\\)run)", readLines(log, :
     input string 429 is invalid in this locale
    Error in texi2dvi(file = file, pdf = TRUE, clean = clean, quiet = quiet, :
     Running 'texi2dvi' on 'smacof.tex' failed.
    LaTeX errors:
    ! LaTeX Error: Missing \begin{document}.
    
    See the LaTeX manual or LaTeX Companion for explanation.
    Type H <return> for immediate help.
     ...
    ! Extra }, or forgotten \endgroup.
    l.22 ...<97><d7><de>׽<9d><f4><82><b1>~<c5><d3>u^^]R<f9><fd>~EQ8<e7>D<f4><f8><f1><e3><d5><d5>Uo3UU!9^^Q}
     <f1><c5>^^W^^X<d3><c6><c6><c6><ec><ec><ec><f2><f2><f2>^^O?<fc><b0><ba><ba>...
    I've deleted a group-closing symbol because it seems to be
    spurious, as in `$x}$'. But perhaps the } is legitimate and
    ! Extra }, or forgotten \endgroup.
    l.22 ...<f5><d5>W<90>jii <ed>!<c0><e3>Ǐ^^[<8d><c6><ed>۷!6^^Q<ed><ef><ef>omm<a9><aa><ba><b4><b4><d4><fb>h}
     o0 <ca>d2<9a><a6>a<82>^^F<84>7)<de>^^E`D-Ì<be>...
    I've deleted a group-closing symbol because it seems to be
    spurious, as in `$x}$'. But perhaps the } is legitimate
    Calls: buildVignettes -> texi2pdf -> texi2dvi
    Execution halted
Flavor: r-oldrel-osx-x86_64