CRAN Package Check Results for Package smacof

Last updated on 2015-05-26 15:47:43.

Flavor Version Tinstall Tcheck Ttotal Status Flags
r-devel-linux-x86_64-debian-clang 1.6-2 3.98 37.65 41.63 NOTE
r-devel-linux-x86_64-debian-gcc 1.6-2 3.84 36.16 40.00 NOTE
r-devel-linux-x86_64-fedora-clang 1.6-2 78.25 NOTE
r-devel-linux-x86_64-fedora-gcc 1.6-2 76.44 NOTE
r-devel-osx-x86_64-clang 1.6-2 67.90 NOTE
r-devel-windows-ix86+x86_64 1.6-2 16.00 75.00 91.00 NOTE
r-patched-linux-x86_64 1.6-2 3.80 34.93 38.72 NOTE
r-patched-solaris-sparc 1.6-2 470.40 NOTE
r-patched-solaris-x86 1.6-2 105.20 NOTE
r-release-linux-x86_64 1.6-2 3.86 35.60 39.46 NOTE
r-release-osx-x86_64-mavericks 1.6-2 NOTE
r-release-osx-x86_64-snowleopard 1.6-2 ERROR
r-release-windows-ix86+x86_64 1.6-2 15.00 76.00 91.00 NOTE
r-oldrel-windows-ix86+x86_64 1.6-2 25.00 127.00 152.00 OK

Check Details

Version: 1.6-2
Check: DESCRIPTION meta-information
Result: NOTE
    Malformed Title field: should not end in a period.
Flavors: r-devel-linux-x86_64-debian-clang, r-devel-linux-x86_64-debian-gcc, r-devel-linux-x86_64-fedora-clang, r-devel-linux-x86_64-fedora-gcc, r-devel-osx-x86_64-clang, r-devel-windows-ix86+x86_64, r-patched-linux-x86_64, r-patched-solaris-sparc, r-patched-solaris-x86, r-release-linux-x86_64, r-release-osx-x86_64-mavericks, r-release-windows-ix86+x86_64

Version: 1.6-2
Check: package dependencies
Result: ERROR
    Package required but not available: ‘Hmisc’
    
    See section ‘The DESCRIPTION file’ in the ‘Writing R Extensions’
    manual.
Flavor: r-release-osx-x86_64-snowleopard