CRAN Package Check Results for Package smacof

Last updated on 2022-07-05 11:50:04 CEST.

Flavor Version Tinstall Tcheck Ttotal Status Flags
r-devel-linux-x86_64-debian-clang 2.1-5 24.73 384.23 408.96 OK
r-devel-linux-x86_64-debian-gcc 2.1-5 21.49 271.58 293.07 OK
r-devel-linux-x86_64-fedora-clang 2.1-5 475.87 WARN
r-devel-linux-x86_64-fedora-gcc 2.1-5 474.22 WARN
r-devel-windows-x86_64 2.1-5 63.00 418.00 481.00 OK
r-patched-linux-x86_64 2.1-5 33.40 349.72 383.12 OK
r-release-linux-x86_64 2.1-5 22.77 355.37 378.14 OK
r-release-macos-arm64 2.1-5 88.00 NOTE
r-release-macos-x86_64 2.1-5 179.00 NOTE
r-release-windows-x86_64 2.1-5 68.00 428.00 496.00 OK
r-oldrel-macos-arm64 2.1-5 119.00 NOTE
r-oldrel-macos-x86_64 2.1-5 176.00 NOTE
r-oldrel-windows-ix86+x86_64 2.1-5 53.00 491.00 544.00 OK

Check Details

Version: 2.1-5
Check: package dependencies
Result: WARN
    Requires (indirectly) orphaned package: ‘gtools’
Flavors: r-devel-linux-x86_64-fedora-clang, r-devel-linux-x86_64-fedora-gcc

Version: 2.1-5
Check: data for non-ASCII characters
Result: NOTE
     Note: found 15 marked Latin-1 strings
     Note: found 2 marked UTF-8 strings
Flavors: r-devel-linux-x86_64-fedora-clang, r-devel-linux-x86_64-fedora-gcc, r-release-macos-arm64, r-release-macos-x86_64, r-oldrel-macos-arm64, r-oldrel-macos-x86_64