CRAN Package Check Results for Package smacof

Last updated on 2015-01-31 19:51:36.

Flavor Version Tinstall Tcheck Ttotal Status Flags
r-devel-linux-x86_64-debian-clang 1.6-2 3.70 31.56 35.25 OK
r-devel-linux-x86_64-debian-gcc 1.6-2 3.46 33.02 36.49 OK
r-devel-linux-x86_64-fedora-clang 1.6-2 76.21 OK
r-devel-linux-x86_64-fedora-gcc 1.6-2 71.31 OK
r-devel-osx-x86_64-clang 1.6-2 59.28 OK
r-devel-windows-ix86+x86_64 1.6-2 19.00 58.00 77.00 OK
r-patched-linux-x86_64 1.6-2 4.59 41.48 46.06 OK
r-patched-solaris-sparc 1.6-2 447.00 OK
r-patched-solaris-x86 1.6-2 94.90 OK
r-release-linux-ix86 1.6-2 5.41 50.77 56.18 OK
r-release-linux-x86_64 1.6-2 4.50 40.44 44.94 OK
r-release-osx-x86_64-mavericks 1.6-2 OK
r-release-osx-x86_64-snowleopard 1.6-2 ERROR
r-release-windows-ix86+x86_64 1.6-2 17.00 95.00 112.00 OK
r-oldrel-windows-ix86+x86_64 1.6-2 17.00 91.00 108.00 OK

Check Details

Version: 1.6-2
Check: examples
Result: ERROR
    Running examples in ‘smacof-Ex.R’ failed
    The error most likely occurred in:
    
    > ### Name: plot3d.smacof
    > ### Title: 3D SMACOF plots
    > ### Aliases: plot3d.smacof plot3d.smacofR plot3d.smacofID plot3dstatic
    > ### plot3dstatic.smacof plot3dstatic.smacofR plot3dstatic.smacofID
    > ### Keywords: hplot
    >
    > ### ** Examples
    >
    >
    > ## 3D plot for spherical SMACOF
    > data(trading)
    > res <- smacofSphere(trading, ndim = 3, verbose = FALSE, itmax = 5000)
    > plot3d(res, plot.type = "confplot")
    Sat Jan 31 08:30:25 hagal.research.att.com R[53555] <Error>: unknown error code: invalid pixel format
    Sat Jan 31 08:30:25 hagal.research.att.com R[53555] <Error>: kCGErrorFailure: Set a breakpoint @ CGErrorBreakpoint() to catch errors as they are logged.
    X Error of failed request: GLXBadContext
     Major opcode of failed request: 0 ()
     Serial number of failed request: 27
     Current serial number in output stream: 27
Flavor: r-release-osx-x86_64-snowleopard