CRAN Package Check Results for Package smacof

Last updated on 2014-04-23 12:48:28.

Flavor Version Tinstall Tcheck Ttotal Status Flags
r-devel-linux-x86_64-debian-clang 1.2-3 2.16 40.47 42.62 OK
r-devel-linux-x86_64-debian-gcc 1.2-3 2.24 40.92 43.16 OK
r-devel-linux-x86_64-fedora-clang 1.2-3 91.77 OK
r-devel-linux-x86_64-fedora-gcc 1.2-3 87.76 OK
r-devel-osx-x86_64-clang 1.2-3 79.92 OK
r-devel-osx-x86_64-gcc 1.2-3 ERROR
r-devel-windows-ix86+x86_64 1.2-3 7.00 55.00 62.00 OK
r-patched-linux-x86_64 1.2-3 2.22 39.94 42.17 OK
r-patched-solaris-sparc 1.2-3 440.70 OK
r-patched-solaris-x86 1.2-3 114.10 OK
r-release-linux-ix86 1.2-3 4.00 70.00 74.00 OK
r-release-linux-x86_64 1.2-3 2.25 40.33 42.58 OK
r-release-osx-x86_64-mavericks 1.2-3 WARN
r-release-osx-x86_64-snowleopard 1.2-3 OK
r-release-windows-ix86+x86_64 1.2-3 7.00 62.00 69.00 OK
r-oldrel-windows-ix86+x86_64 1.2-3 9.00 68.00 77.00 OK

Check Details

Version: 1.2-3
Check: package dependencies
Result: ERROR
    Package required but not available: ‘Hmisc’
    
    See the information on DESCRIPTION files in the chapter ‘Creating R
    packages’ of the ‘Writing R Extensions’ manual.
Flavor: r-devel-osx-x86_64-gcc

Version: 1.2-3
Check: PDF version of manual
Result: WARNING
    LaTeX errors when creating PDF version.
    This typically indicates Rd problems.
    LaTeX errors found:
    ! LaTeX Error: File `upquote.sty' not found.
    
    Type X to quit or <RETURN> to proceed,
    or enter new name. (Default extension: sty)
    
    4a7091a0/Rd2.tex:8: ==> Fatal error occurred, no output PDF file produced!
Flavor: r-release-osx-x86_64-mavericks