Last updated on 2018-04-25 08:51:43 CEST.
Flavor | Version | Tinstall | Tcheck | Ttotal | Status | Flags |
---|---|---|---|---|---|---|
r-devel-linux-x86_64-debian-clang | 1.10-5 | 11.64 | 161.76 | 173.40 | OK | |
r-devel-linux-x86_64-debian-gcc | 1.10-5 | 10.12 | 123.27 | 133.39 | OK | |
r-devel-linux-x86_64-fedora-clang | 1.10-5 | 223.95 | NOTE | |||
r-devel-linux-x86_64-fedora-gcc | 1.10-5 | 208.30 | NOTE | |||
r-devel-windows-ix86+x86_64 | 1.10-5 | 39.00 | 258.00 | 297.00 | OK | |
r-patched-linux-x86_64 | 1.10-5 | 12.10 | 163.72 | 175.82 | OK | |
r-patched-solaris-x86 | 1.10-5 | 313.90 | NOTE | |||
r-release-linux-x86_64 | 1.10-5 | 12.91 | 157.16 | 170.07 | OK | |
r-release-windows-ix86+x86_64 | 1.10-5 | 39.00 | 258.00 | 297.00 | OK | |
r-release-osx-x86_64 | 1.10-5 | NOTE | ||||
r-oldrel-windows-ix86+x86_64 | 1.10-5 | 26.00 | 272.00 | 298.00 | OK | |
r-oldrel-osx-x86_64 | 1.10-5 | NOTE |
Version: 1.10-5
Check: data for non-ASCII characters
Result: NOTE
Note: found 15 marked Latin-1 strings
Note: found 2 marked UTF-8 strings
Flavors: r-devel-linux-x86_64-fedora-clang, r-devel-linux-x86_64-fedora-gcc, r-patched-solaris-x86, r-release-osx-x86_64, r-oldrel-osx-x86_64