CRAN Package Check Results for Package smacof

Last updated on 2016-02-05 21:47:57.

Flavor Version Tinstall Tcheck Ttotal Status Flags
r-devel-linux-x86_64-debian-gcc 1.8-10 4.59 56.92 61.50 OK
r-devel-linux-x86_64-fedora-clang 1.8-10 121.01 NOTE
r-devel-linux-x86_64-fedora-gcc 1.8-10 116.01 NOTE
r-devel-osx-x86_64-clang 1.8-10 77.02 NOTE
r-devel-windows-ix86+x86_64 1.8-10 25.00 101.00 126.00 WARN
r-patched-linux-x86_64 1.8-10 4.81 58.76 63.57 NOTE
r-patched-solaris-sparc 1.8-10 727.00 NOTE
r-patched-solaris-x86 1.8-10 130.50 NOTE
r-release-linux-x86_64 1.8-10 5.04 59.23 64.26 NOTE
r-release-osx-x86_64-mavericks 1.8-10 NOTE
r-release-windows-ix86+x86_64 1.8-10 23.00 111.00 134.00 NOTE
r-oldrel-windows-ix86+x86_64 1.8-10 33.00 181.00 214.00 NOTE

Check Details

Version: 1.8-10
Check: data for non-ASCII characters
Result: NOTE
     Note: found 15 marked Latin-1 strings
     Note: found 2 marked UTF-8 strings
Flavors: r-devel-linux-x86_64-fedora-clang, r-devel-linux-x86_64-fedora-gcc, r-devel-osx-x86_64-clang, r-patched-linux-x86_64, r-patched-solaris-sparc, r-patched-solaris-x86, r-release-linux-x86_64, r-release-osx-x86_64-mavericks, r-release-windows-ix86+x86_64, r-oldrel-windows-ix86+x86_64

Version: 1.8-10
Check: re-building of vignette outputs
Result: WARN
    Error in re-building vignettes:
     ...
    LaTeX errors:
    ex:236: LaTeX Error: File `figure/france-plot1-1' not found.
    
    See the LaTeX manual or LaTeX Companion for explanation.
    Type H <return> for immediate help
    I could not locate the file with any of these extensions:
    ex:291: LaTeX Error: File `figure/judge-plot1-1' not found.
    
    See the LaTeX manual or LaTeX Companion for explanation.
    Type H <return> for immediate help
    I could not locate the file with any of these extensions:
    ex:377: LaTeX Error: File `figure/shepard-plot1-1' not found.
    
    See the LaTeX manual or LaTeX Companion for explanation.
    Type H <return> for immediate help
    I could not locate the file with any of these extensions:
    ex:530: LaTeX Error: File `figure/perm-plot1-1' not found.
    
    See the LaTeX manual or LaTeX Companion for explanation.
    Type H <return> for immediate help
    I could not locate the file with any of these extensions:
    ex:575: LaTeX Error: File `figure/spp-plot1-1' not found.
    
    See the LaTeX manual o
    Execution halted
Flavor: r-devel-windows-ix86+x86_64

Version: 1.8-10
Check: re-building of vignette outputs
Result: NOTE
    Error in re-building vignettes:
     ...
    Error in texi2dvi(file = file, pdf = TRUE, clean = clean, quiet = quiet, :
     Running 'texi2dvi' on 'smacof.tex' failed.
    LaTeX errors:
    ! LaTeX Error: Missing \begin{document}.
    
    See the LaTeX manual or LaTeX Companion for explanation.
    Type H <return> for immediate help.
     ...
    ! Extra }, or forgotten \endgroup.
    l.22 ...<97><d7><de>׽<9d><f4><82><b1>~<c5><d3>u^^]R<f9><fd>~EQ8<e7>D<f4><f8><f1><e3><d5><d5>Uo3UU!9^^Q}
     <f1><c5>^^W^^X<d3><c6><c6><c6><ec><ec><ec><f2><f2><f2>^^O?<fc><b0><ba><ba>...
    I've deleted a group-closing symbol because it seems to be
    spurious, as in `$x}$'. But perhaps the } is legitimate and
    ! Extra }, or forgotten \endgroup.
    l.22 ...<f5><d5>W<90>jii <ed>!<c0><e3>Ǐ^^[<8d><c6><ed>۷!6^^Q<ed><ef><ef>omm<a9><aa><ba><b4><b4><d4><fb>h}
     o0 <ca>d2<9a><a6>a<82>^^F<84>7)<de>^^E`D-Ì<be>...
    I've deleted a group-closing symbol because it seems to be
    spurious, as in `$x}$'. But perhaps the } is legitimate
    Calls: buildVignettes -> texi2pdf -> texi2dvi
    Execution halted
Flavor: r-release-osx-x86_64-mavericks

Version: 1.8-10
Check: re-building of vignette outputs
Result: NOTE
    Error in re-building vignettes:
     ...
    LaTeX errors:
    ex:236: LaTeX Error: File `figure/france-plot1-1' not found.
    
    See the LaTeX manual or LaTeX Companion for explanation.
    Type H <return> for immediate help
    I could not locate the file with any of these extensions:
    ex:291: LaTeX Error: File `figure/judge-plot1-1' not found.
    
    See the LaTeX manual or LaTeX Companion for explanation.
    Type H <return> for immediate help
    I could not locate the file with any of these extensions:
    ex:377: LaTeX Error: File `figure/shepard-plot1-1' not found.
    
    See the LaTeX manual or LaTeX Companion for explanation.
    Type H <return> for immediate help
    I could not locate the file with any of these extensions:
    ex:530: LaTeX Error: File `figure/perm-plot1-1' not found.
    
    See the LaTeX manual or LaTeX Companion for explanation.
    Type H <return> for immediate help
    I could not locate the file with any of these extensions:
    ex:575: LaTeX Error: File `figure/spp-plot1-1' not found.
    
    See the LaTeX manual o
    Execution halted
Flavors: r-release-windows-ix86+x86_64, r-oldrel-windows-ix86+x86_64