CRAN Package Check Results for Package smam

Last updated on 2014-08-29 17:47:44.

Flavor Version Tinstall Tcheck Ttotal Status Flags
r-devel-linux-x86_64-debian-clang 0.2-2 3.45 33.68 37.13 NOTE
r-devel-linux-x86_64-debian-gcc 0.2-2 3.38 33.38 36.76 NOTE
r-devel-linux-x86_64-fedora-clang 0.2-2 88.53 NOTE
r-devel-linux-x86_64-fedora-gcc 0.2-2 84.13 NOTE
r-devel-osx-x86_64-clang 0.2-2 71.35 NOTE
r-devel-windows-ix86+x86_64 0.2-2 11.00 64.00 75.00 NOTE
r-patched-linux-x86_64 0.2-2 3.48 35.00 38.48 NOTE
r-patched-solaris-sparc 0.2-2 493.30 NOTE
r-patched-solaris-x86 0.2-2 124.90 NOTE
r-release-linux-ix86 0.2-2 4.23 45.16 49.40 NOTE
r-release-linux-x86_64 0.2-2 3.40 36.43 39.83 NOTE
r-release-osx-x86_64-mavericks 0.2-2 NOTE
r-release-osx-x86_64-snowleopard 0.2-2 OK
r-release-windows-ix86+x86_64 0.2-2 10.00 66.00 76.00 NOTE
r-oldrel-windows-ix86+x86_64 0.2-2 11.00 89.00 100.00 NOTE

Check Details

Version: 0.2-2
Check: dependencies in R code
Result: NOTE
    Package in Depends field not imported from: ‘Matrix’
     These packages need to be imported from (in the NAMESPACE file)
     for when this namespace is loaded but not attached.
    See the information on DESCRIPTION files in the chapter ‘Creating R
    packages’ of the ‘Writing R Extensions’ manual.
Flavors: r-devel-linux-x86_64-debian-clang, r-devel-linux-x86_64-debian-gcc, r-devel-linux-x86_64-fedora-clang, r-devel-linux-x86_64-fedora-gcc, r-devel-osx-x86_64-clang, r-devel-windows-ix86+x86_64, r-patched-linux-x86_64, r-patched-solaris-sparc, r-patched-solaris-x86, r-release-linux-ix86, r-release-linux-x86_64, r-release-osx-x86_64-mavericks, r-release-windows-ix86+x86_64, r-oldrel-windows-ix86+x86_64

Version: 0.2-2
Check: R code for possible problems
Result: NOTE
    getSparseSigma: no visible global function definition for ‘bandSparse’
Flavors: r-devel-linux-x86_64-debian-clang, r-devel-linux-x86_64-debian-gcc, r-devel-linux-x86_64-fedora-clang, r-devel-linux-x86_64-fedora-gcc, r-devel-osx-x86_64-clang, r-devel-windows-ix86+x86_64