CRAN Package Check Results for Package smam

Last updated on 2015-01-31 04:48:06.

Flavor Version Tinstall Tcheck Ttotal Status Flags
r-devel-linux-x86_64-debian-clang 0.2-2 3.54 28.66 32.21 NOTE
r-devel-linux-x86_64-debian-gcc 0.2-2 2.72 27.54 30.27 NOTE
r-devel-linux-x86_64-fedora-clang 0.2-2 91.06 NOTE
r-devel-linux-x86_64-fedora-gcc 0.2-2 88.76 NOTE
r-devel-osx-x86_64-clang 0.2-2 73.82 NOTE
r-devel-windows-ix86+x86_64 0.2-2 14.00 60.00 74.00 NOTE
r-patched-linux-x86_64 0.2-2 3.52 34.58 38.09 NOTE
r-patched-solaris-sparc 0.2-2 491.10 NOTE
r-patched-solaris-x86 0.2-2 119.60 NOTE
r-release-linux-ix86 0.2-2 4.01 43.10 47.11 NOTE
r-release-linux-x86_64 0.2-2 3.56 34.49 38.05 NOTE
r-release-osx-x86_64-mavericks 0.2-2 NOTE
r-release-osx-x86_64-snowleopard 0.2-2 OK
r-release-windows-ix86+x86_64 0.2-2 12.00 66.00 78.00 NOTE
r-oldrel-windows-ix86+x86_64 0.2-2 10.00 63.00 73.00 NOTE

Check Details

Version: 0.2-2
Check: dependencies in R code
Result: NOTE
    Package in Depends field not imported from: ‘Matrix’
     These packages need to be imported from (in the NAMESPACE file)
     for when this namespace is loaded but not attached.
Flavors: r-devel-linux-x86_64-debian-clang, r-devel-linux-x86_64-debian-gcc, r-devel-linux-x86_64-fedora-clang, r-devel-linux-x86_64-fedora-gcc, r-devel-osx-x86_64-clang, r-devel-windows-ix86+x86_64

Version: 0.2-2
Check: R code for possible problems
Result: NOTE
    getSparseSigma: no visible global function definition for ‘bandSparse’
Flavors: r-devel-linux-x86_64-debian-clang, r-devel-linux-x86_64-debian-gcc, r-devel-linux-x86_64-fedora-clang, r-devel-linux-x86_64-fedora-gcc, r-devel-osx-x86_64-clang, r-devel-windows-ix86+x86_64, r-patched-linux-x86_64, r-patched-solaris-sparc, r-patched-solaris-x86, r-release-linux-ix86, r-release-linux-x86_64, r-release-osx-x86_64-mavericks, r-release-windows-ix86+x86_64

Version: 0.2-2
Check: dependencies in R code
Result: NOTE
    Package in Depends field not imported from: ‘Matrix’
     These packages need to be imported from (in the NAMESPACE file)
     for when this namespace is loaded but not attached.
    See the information on DESCRIPTION files in the chapter ‘Creating R
    packages’ of the ‘Writing R Extensions’ manual.
Flavors: r-patched-linux-x86_64, r-patched-solaris-sparc, r-patched-solaris-x86, r-release-linux-ix86, r-release-linux-x86_64, r-release-osx-x86_64-mavericks, r-release-windows-ix86+x86_64, r-oldrel-windows-ix86+x86_64