CRAN Package Check Results for Package smam

Last updated on 2014-10-25 19:47:48.

Flavor Version Tinstall Tcheck Ttotal Status Flags
r-devel-linux-x86_64-debian-clang 0.2-2 3.41 34.15 37.56 NOTE
r-devel-linux-x86_64-debian-gcc 0.2-2 3.22 33.66 36.88 NOTE
r-devel-linux-x86_64-fedora-clang 0.2-2 87.13 NOTE
r-devel-linux-x86_64-fedora-gcc 0.2-2 81.62 NOTE
r-devel-osx-x86_64-clang 0.2-2 73.60 NOTE
r-devel-windows-ix86+x86_64 0.2-2 11.00 61.00 72.00 NOTE
r-patched-linux-x86_64 0.2-2 3.53 34.32 37.84 NOTE
r-patched-solaris-sparc 0.2-2 490.60 NOTE
r-patched-solaris-x86 0.2-2 119.30 NOTE
r-release-linux-ix86 0.2-2 4.29 45.40 49.69 NOTE
r-release-linux-x86_64 0.2-2 3.43 36.81 40.24 NOTE
r-release-osx-x86_64-mavericks 0.2-2 NOTE
r-release-osx-x86_64-snowleopard 0.2-2 OK
r-release-windows-ix86+x86_64 0.2-2 10.00 69.00 79.00 NOTE
r-oldrel-windows-ix86+x86_64 0.2-2 11.00 65.00 76.00 NOTE

Check Details

Version: 0.2-2
Check: dependencies in R code
Result: NOTE
    Package in Depends field not imported from: ‘Matrix’
     These packages need to be imported from (in the NAMESPACE file)
     for when this namespace is loaded but not attached.
    See the information on DESCRIPTION files in the chapter ‘Creating R
    packages’ of the ‘Writing R Extensions’ manual.
Flavors: r-devel-linux-x86_64-debian-clang, r-devel-linux-x86_64-debian-gcc, r-devel-linux-x86_64-fedora-clang, r-devel-linux-x86_64-fedora-gcc, r-devel-osx-x86_64-clang, r-devel-windows-ix86+x86_64, r-patched-linux-x86_64, r-patched-solaris-sparc, r-patched-solaris-x86, r-release-linux-ix86, r-release-linux-x86_64, r-release-osx-x86_64-mavericks, r-release-windows-ix86+x86_64, r-oldrel-windows-ix86+x86_64

Version: 0.2-2
Check: R code for possible problems
Result: NOTE
    getSparseSigma: no visible global function definition for ‘bandSparse’
Flavors: r-devel-linux-x86_64-debian-clang, r-devel-linux-x86_64-debian-gcc, r-devel-linux-x86_64-fedora-clang, r-devel-linux-x86_64-fedora-gcc, r-devel-osx-x86_64-clang, r-devel-windows-ix86+x86_64, r-patched-linux-x86_64, r-patched-solaris-sparc, r-patched-solaris-x86