CRAN Package Check Results for Package smam

Last updated on 2017-06-24 10:49:02.

Flavor Version Tinstall Tcheck Ttotal Status Flags
r-devel-linux-x86_64-debian-clang 0.3-0 9.39 25.52 34.92 NOTE
r-devel-linux-x86_64-debian-gcc 0.3-0 9.88 24.64 34.52 NOTE
r-devel-linux-x86_64-fedora-clang 0.3-0 68.35 NOTE
r-devel-linux-x86_64-fedora-gcc 0.3-0 64.20 NOTE
r-devel-windows-ix86+x86_64 0.3-0 47.00 89.00 136.00 OK
r-patched-linux-x86_64 0.3-0 8.85 25.52 34.38 NOTE
r-patched-solaris-sparc 0.3-0 363.80 OK
r-patched-solaris-x86 0.3-0 76.70 OK
r-release-linux-x86_64 0.3-0 9.27 25.37 34.64 NOTE
r-release-windows-ix86+x86_64 0.3-0 50.00 93.00 143.00 OK
r-release-osx-x86_64 0.3-0 OK
r-oldrel-windows-ix86+x86_64 0.3-0 43.00 93.00 136.00 OK
r-oldrel-osx-x86_64 0.3-0 OK

Check Details

Version: 0.3-0
Check: compiled code
Result: NOTE
    File ‘smam/libs/smam.so’:
     Found no calls to: ‘R_registerRoutines’, ‘R_useDynamicSymbols’
    
    It is good practice to register native routines and to disable symbol
    search.
    
    See ‘Writing portable packages’ in the ‘Writing R Extensions’ manual.
Flavors: r-devel-linux-x86_64-debian-clang, r-devel-linux-x86_64-debian-gcc, r-devel-linux-x86_64-fedora-clang, r-devel-linux-x86_64-fedora-gcc, r-patched-linux-x86_64, r-release-linux-x86_64