CRAN Package Check Results for Package smam

Last updated on 2015-07-02 23:47:38.

Flavor Version Tinstall Tcheck Ttotal Status Flags
r-devel-linux-x86_64-debian-clang 0.2-2 3.15 26.24 29.39 NOTE
r-devel-linux-x86_64-debian-gcc 0.2-2 2.82 26.81 29.63 NOTE
r-devel-linux-x86_64-fedora-clang 0.2-2 61.31 NOTE
r-devel-linux-x86_64-fedora-gcc 0.2-2 59.50 NOTE
r-devel-osx-x86_64-clang 0.2-2 47.61 NOTE
r-devel-windows-ix86+x86_64 0.2-2 10.00 53.00 63.00 NOTE
r-patched-linux-x86_64 0.2-2 2.64 28.18 30.82 NOTE
r-patched-solaris-sparc 0.2-2 395.70 NOTE
r-patched-solaris-x86 0.2-2 89.80 NOTE
r-release-linux-x86_64 0.2-2 2.72 27.91 30.63 NOTE
r-release-osx-x86_64-mavericks 0.2-2 NOTE
r-release-windows-ix86+x86_64 0.2-2 11.00 56.00 67.00 NOTE
r-oldrel-windows-ix86+x86_64 0.2-2 14.00 63.00 77.00 NOTE

Check Details

Version: 0.2-2
Check: dependencies in R code
Result: NOTE
    Package in Depends field not imported from: ‘Matrix’
     These packages need to be imported from (in the NAMESPACE file)
     for when this namespace is loaded but not attached.
Flavors: r-devel-linux-x86_64-debian-clang, r-devel-linux-x86_64-debian-gcc, r-devel-linux-x86_64-fedora-clang, r-devel-linux-x86_64-fedora-gcc, r-devel-osx-x86_64-clang, r-devel-windows-ix86+x86_64, r-patched-linux-x86_64, r-patched-solaris-sparc, r-patched-solaris-x86, r-release-linux-x86_64, r-release-osx-x86_64-mavericks, r-release-windows-ix86+x86_64, r-oldrel-windows-ix86+x86_64

Version: 0.2-2
Check: R code for possible problems
Result: NOTE
    dbb.t.x: no visible global function definition for ‘dnorm’
    dbb.x: no visible global function definition for ‘integrate’
    dbmme.t.x: no visible global function definition for ‘dnorm’
    dbmme.x: no visible global function definition for ‘integrate’
    fitBmme: no visible global function definition for ‘optim’
    fitMovRes: no visible global function definition for ‘optim’
    getSparseSigma: no visible global function definition for ‘bandSparse’
    hmm: no visible global function definition for ‘dnorm’
    hmm : <anonymous> : f: no visible global function definition for
     ‘dnorm’
    hmm : <anonymous>: no visible global function definition for
     ‘integrate’
    hmr : <anonymous> : f: no visible global function definition for
     ‘dnorm’
    hmr : <anonymous>: no visible global function definition for
     ‘integrate’
    hrm : <anonymous> : f: no visible global function definition for
     ‘dnorm’
    hrm : <anonymous>: no visible global function definition for
     ‘integrate’
    hrr : <anonymous> : f: no visible global function definition for
     ‘dnorm’
    hrr : <anonymous>: no visible global function definition for
     ‘integrate’
    rMovRes: no visible global function definition for ‘tail’
    rbmme: no visible global function definition for ‘rnorm’
    sim1.bbz: no visible global function definition for ‘rnorm’
    sim1.times.bbz: no visible global function definition for ‘rexp’
    Undefined global functions or variables:
     bandSparse dnorm integrate optim rexp rnorm tail
Flavors: r-devel-linux-x86_64-debian-clang, r-devel-linux-x86_64-fedora-clang, r-devel-linux-x86_64-fedora-gcc, r-devel-windows-ix86+x86_64

Version: 0.2-2
Check: R code for possible problems
Result: NOTE
    dbb.t.x: no visible global function definition for ‘dnorm’
    dbb.x: no visible global function definition for ‘integrate’
    dbmme.t.x: no visible global function definition for ‘dnorm’
    dbmme.x: no visible global function definition for ‘integrate’
    fitBmme: no visible global function definition for ‘optim’
    fitMovRes: no visible global function definition for ‘optim’
    getSparseSigma: no visible global function definition for ‘bandSparse’
    hmm: no visible global function definition for ‘dnorm’
    hmm : <anonymous> : f: no visible global function definition for
     ‘dnorm’
    hmm : <anonymous>: no visible global function definition for
     ‘integrate’
    hmr : <anonymous> : f: no visible global function definition for
     ‘dnorm’
    hmr : <anonymous>: no visible global function definition for
     ‘integrate’
    hrm : <anonymous> : f: no visible global function definition for
     ‘dnorm’
    hrm : <anonymous>: no visible global function definition for
     ‘integrate’
    hrr : <anonymous> : f: no visible global function definition for
     ‘dnorm’
    hrr : <anonymous>: no visible global function definition for
     ‘integrate’
    rMovRes: no visible global function definition for ‘tail’
    rbmme: no visible global function definition for ‘rnorm’
    sim1.bbz: no visible global function definition for ‘rnorm’
    sim1.times.bbz: no visible global function definition for ‘rexp’
Flavor: r-devel-linux-x86_64-debian-gcc

Version: 0.2-2
Check: R code for possible problems
Result: NOTE
    getSparseSigma: no visible global function definition for ‘bandSparse’
    Undefined global functions or variables:
     bandSparse
Flavor: r-devel-osx-x86_64-clang

Version: 0.2-2
Check: R code for possible problems
Result: NOTE
    getSparseSigma: no visible global function definition for ‘bandSparse’
Flavors: r-patched-linux-x86_64, r-patched-solaris-sparc, r-patched-solaris-x86, r-release-linux-x86_64, r-release-osx-x86_64-mavericks, r-release-windows-ix86+x86_64, r-oldrel-windows-ix86+x86_64