CRAN Package Check Results for Package smam

Last updated on 2017-02-20 03:49:18.

Flavor Version Tinstall Tcheck Ttotal Status Flags
r-devel-linux-x86_64-debian-clang 0.3-0 8.81 25.39 34.21 NOTE
r-devel-linux-x86_64-debian-gcc 0.3-0 9.27 24.24 33.51 NOTE
r-devel-linux-x86_64-fedora-clang 0.3-0 63.96 NOTE --no-stop-on-test-error
r-devel-linux-x86_64-fedora-gcc 0.3-0 62.89 NOTE --no-stop-on-test-error
r-devel-macos-x86_64-clang 0.3-0 46.44 NOTE --no-stop-on-test-error
r-devel-windows-ix86+x86_64 0.3-0 46.00 73.00 119.00 OK
r-patched-linux-x86_64 0.3-0 7.51 21.72 29.23 OK
r-patched-solaris-sparc 0.3-0 348.20 OK
r-patched-solaris-x86 0.3-0 71.20 OK
r-release-linux-x86_64 0.3-0 7.59 21.16 28.75 OK
r-release-osx-x86_64-mavericks 0.3-0 OK
r-release-windows-ix86+x86_64 0.3-0 26.00 65.00 91.00 OK
r-oldrel-windows-ix86+x86_64 0.3-0 44.00 78.00 122.00 OK

Check Details

Version: 0.3-0
Check: compiled code
Result: NOTE
    File ‘smam/libs/smam.so’:
     Found no calls to: ‘R_registerRoutines’, ‘R_useDynamicSymbols’
    
    It is good practice to register native routines and to disable symbol
    search.
    
    See ‘Writing portable packages’ in the ‘Writing R Extensions’ manual.
Flavors: r-devel-linux-x86_64-debian-clang, r-devel-linux-x86_64-debian-gcc

Version: 0.3-0
Flags: --no-stop-on-test-error
Check: compiled code
Result: NOTE
    File ‘smam/libs/smam.so’:
     Found no calls to: ‘R_registerRoutines’, ‘R_useDynamicSymbols’
    
    It is good practice to register native routines and to disable symbol
    search.
    
    See ‘Writing portable packages’ in the ‘Writing R Extensions’ manual.
Flavors: r-devel-linux-x86_64-fedora-clang, r-devel-linux-x86_64-fedora-gcc, r-devel-macos-x86_64-clang