CRAN Package Check Results for Package smam

Last updated on 2016-06-26 05:47:06.

Flavor Version Tinstall Tcheck Ttotal Status Flags
r-devel-linux-x86_64-debian-gcc 0.2-2 3.11 27.54 30.64 NOTE
r-devel-linux-x86_64-fedora-clang 0.2-2 66.45 NOTE
r-devel-linux-x86_64-fedora-gcc 0.2-2 55.91 NOTE
r-devel-osx-x86_64-clang 0.2-2 33.16 NOTE
r-devel-windows-ix86+x86_64 0.2-2 12.00 83.00 95.00 NOTE
r-patched-linux-x86_64 0.2-2 2.66 28.57 31.22 NOTE
r-patched-solaris-sparc 0.2-2 346.50 NOTE
r-patched-solaris-x86 0.2-2 77.00 NOTE
r-release-linux-x86_64 0.2-2 3.14 27.75 30.88 NOTE
r-release-osx-x86_64-mavericks 0.2-2 NOTE
r-release-windows-ix86+x86_64 0.2-2 11.00 60.00 71.00 NOTE
r-oldrel-windows-ix86+x86_64 0.2-2 12.00 86.00 98.00 NOTE

Check Details

Version: 0.2-2
Check: dependencies in R code
Result: NOTE
    Package in Depends field not imported from: ‘Matrix’
     These packages need to be imported from (in the NAMESPACE file)
     for when this namespace is loaded but not attached.
Flavors: r-devel-linux-x86_64-debian-gcc, r-devel-linux-x86_64-fedora-clang, r-devel-linux-x86_64-fedora-gcc, r-devel-osx-x86_64-clang, r-devel-windows-ix86+x86_64, r-patched-linux-x86_64, r-patched-solaris-sparc, r-patched-solaris-x86, r-release-linux-x86_64, r-release-osx-x86_64-mavericks, r-release-windows-ix86+x86_64, r-oldrel-windows-ix86+x86_64

Version: 0.2-2
Check: R code for possible problems
Result: NOTE
    dbb.t.x: no visible global function definition for ‘dnorm’
    dbb.x: no visible global function definition for ‘integrate’
    dbmme.t.x: no visible global function definition for ‘dnorm’
    dbmme.x: no visible global function definition for ‘integrate’
    fitBmme: no visible global function definition for ‘optim’
    fitMovRes: no visible global function definition for ‘optim’
    getSparseSigma: no visible global function definition for ‘bandSparse’
    hmm: no visible global function definition for ‘dnorm’
    hmm : <anonymous> : f: no visible global function definition for
     ‘dnorm’
    hmm : <anonymous>: no visible global function definition for
     ‘integrate’
    hmr : <anonymous> : f: no visible global function definition for
     ‘dnorm’
    hmr : <anonymous>: no visible global function definition for
     ‘integrate’
    hrm : <anonymous> : f: no visible global function definition for
     ‘dnorm’
    hrm : <anonymous>: no visible global function definition for
     ‘integrate’
    hrr : <anonymous> : f: no visible global function definition for
     ‘dnorm’
    hrr : <anonymous>: no visible global function definition for
     ‘integrate’
    rMovRes: no visible global function definition for ‘tail’
    rbmme: no visible global function definition for ‘rnorm’
    sim1.bbz: no visible global function definition for ‘rnorm’
    sim1.times.bbz: no visible global function definition for ‘rexp’
    Undefined global functions or variables:
     bandSparse dnorm integrate optim rexp rnorm tail
    Consider adding
     importFrom("stats", "dnorm", "integrate", "optim", "rexp", "rnorm")
     importFrom("utils", "tail")
    to your NAMESPACE file.
Flavors: r-devel-linux-x86_64-debian-gcc, r-devel-linux-x86_64-fedora-clang, r-devel-linux-x86_64-fedora-gcc, r-devel-osx-x86_64-clang, r-devel-windows-ix86+x86_64, r-patched-linux-x86_64, r-patched-solaris-sparc, r-patched-solaris-x86, r-release-linux-x86_64, r-release-osx-x86_64-mavericks, r-release-windows-ix86+x86_64

Version: 0.2-2
Check: R code for possible problems
Result: NOTE
    getSparseSigma: no visible global function definition for 'bandSparse'
Flavor: r-oldrel-windows-ix86+x86_64