CRAN Package Check Results for Package smam

Last updated on 2017-03-29 03:50:57.

Flavor Version Tinstall Tcheck Ttotal Status Flags
r-devel-linux-x86_64-debian-clang 0.3-0 8.79 24.30 33.10 NOTE
r-devel-linux-x86_64-debian-gcc 0.3-0 9.01 24.31 33.32 NOTE
r-devel-linux-x86_64-fedora-clang 0.3-0 73.13 NOTE --no-stop-on-test-error
r-devel-linux-x86_64-fedora-gcc 0.3-0 63.49 NOTE --no-stop-on-test-error
r-devel-macos-x86_64-clang 0.3-0 46.09 NOTE --no-stop-on-test-error
r-devel-windows-ix86+x86_64 0.3-0 31.00 88.00 119.00 OK
r-patched-linux-x86_64 0.3-0 7.55 23.81 31.36 NOTE
r-patched-solaris-sparc 0.3-0 363.80 OK
r-patched-solaris-x86 0.3-0 79.20 OK
r-release-linux-x86_64 0.3-0 7.48 21.31 28.79 OK
r-release-osx-x86_64-mavericks 0.3-0 OK
r-release-windows-ix86+x86_64 0.3-0 40.00 115.00 155.00 OK
r-oldrel-windows-ix86+x86_64 0.3-0 28.00 86.00 114.00 OK

Check Details

Version: 0.3-0
Check: compiled code
Result: NOTE
    File ‘smam/libs/smam.so’:
     Found no calls to: ‘R_registerRoutines’, ‘R_useDynamicSymbols’
    
    It is good practice to register native routines and to disable symbol
    search.
    
    See ‘Writing portable packages’ in the ‘Writing R Extensions’ manual.
Flavors: r-devel-linux-x86_64-debian-clang, r-devel-linux-x86_64-debian-gcc, r-patched-linux-x86_64

Version: 0.3-0
Flags: --no-stop-on-test-error
Check: compiled code
Result: NOTE
    File ‘smam/libs/smam.so’:
     Found no calls to: ‘R_registerRoutines’, ‘R_useDynamicSymbols’
    
    It is good practice to register native routines and to disable symbol
    search.
    
    See ‘Writing portable packages’ in the ‘Writing R Extensions’ manual.
Flavors: r-devel-linux-x86_64-fedora-clang, r-devel-linux-x86_64-fedora-gcc, r-devel-macos-x86_64-clang