Last updated on 2022-05-19 02:49:23 CEST.
Flavor | Version | Tinstall | Tcheck | Ttotal | Status | Flags |
---|---|---|---|---|---|---|
r-devel-linux-x86_64-debian-clang | 0.6.0 | 87.46 | 65.43 | 152.89 | NOTE | |
r-devel-linux-x86_64-debian-gcc | 0.6.0 | 68.13 | 49.15 | 117.28 | NOTE | |
r-devel-linux-x86_64-fedora-clang | 0.6.0 | 220.45 | NOTE | |||
r-devel-linux-x86_64-fedora-gcc | 0.6.0 | 203.12 | NOTE | |||
r-devel-windows-x86_64 | 0.6.0 | 81.00 | 107.00 | 188.00 | NOTE | |
r-patched-linux-x86_64 | 0.6.0 | 73.02 | 62.33 | 135.35 | NOTE | |
r-release-linux-x86_64 | 0.6.0 | 69.49 | 61.68 | 131.17 | NOTE | |
r-release-macos-arm64 | 0.6.0 | 54.00 | NOTE | |||
r-release-macos-x86_64 | 0.6.0 | 90.00 | NOTE | |||
r-release-windows-x86_64 | 0.6.0 | 83.00 | 112.00 | 195.00 | NOTE | |
r-oldrel-macos-arm64 | 0.6.0 | 60.00 | NOTE | |||
r-oldrel-macos-x86_64 | 0.6.0 | 72.00 | NOTE | |||
r-oldrel-windows-ix86+x86_64 | 0.6.0 | 209.00 | 117.00 | 326.00 | NOTE |
Version: 0.6.0
Check: for GNU extensions in Makefiles
Result: NOTE
GNU make is a SystemRequirements.
Flavors: r-devel-linux-x86_64-debian-clang, r-devel-linux-x86_64-debian-gcc, r-devel-linux-x86_64-fedora-clang, r-devel-linux-x86_64-fedora-gcc, r-devel-windows-x86_64, r-patched-linux-x86_64, r-release-linux-x86_64, r-release-macos-arm64, r-release-macos-x86_64, r-release-windows-x86_64, r-oldrel-macos-arm64, r-oldrel-macos-x86_64, r-oldrel-windows-ix86+x86_64
Version: 0.6.0
Check: installed package size
Result: NOTE
installed size is 5.6Mb
sub-directories of 1Mb or more:
libs 5.0Mb
Flavors: r-release-macos-arm64, r-release-macos-x86_64, r-oldrel-macos-arm64, r-oldrel-macos-x86_64