CRAN Package Check Results for Package smam

Last updated on 2018-04-26 01:47:20 CEST.

Flavor Version Tinstall Tcheck Ttotal Status Flags
r-devel-linux-x86_64-debian-clang 0.3-0 15.08 32.76 47.84 NOTE
r-devel-linux-x86_64-debian-gcc 0.3-0 13.83 27.19 41.02 NOTE
r-devel-linux-x86_64-fedora-clang 0.3-0 66.45 NOTE
r-devel-linux-x86_64-fedora-gcc 0.3-0 63.45 NOTE
r-devel-windows-ix86+x86_64 0.3-0 45.00 66.00 111.00 OK
r-patched-linux-x86_64 0.3-0 16.31 33.61 49.92 NOTE
r-patched-solaris-x86 0.3-0 87.60 OK
r-release-linux-x86_64 0.3-0 17.73 33.60 51.33 NOTE
r-release-windows-ix86+x86_64 0.3-0 45.00 66.00 111.00 OK
r-release-osx-x86_64 0.3-0 OK
r-oldrel-windows-ix86+x86_64 0.3-0 34.00 88.00 122.00 OK
r-oldrel-osx-x86_64 0.3-0 OK

Check Details

Version: 0.3-0
Check: compiled code
Result: NOTE
    File ‘smam/libs/smam.so’:
     Found no calls to: ‘R_registerRoutines’, ‘R_useDynamicSymbols’
    
    It is good practice to register native routines and to disable symbol
    search.
    
    See ‘Writing portable packages’ in the ‘Writing R Extensions’ manual.
Flavors: r-devel-linux-x86_64-debian-clang, r-devel-linux-x86_64-debian-gcc, r-devel-linux-x86_64-fedora-clang, r-devel-linux-x86_64-fedora-gcc, r-patched-linux-x86_64, r-release-linux-x86_64