CRAN Package Check Results for Package smam

Last updated on 2018-02-20 08:48:33 CET.

Flavor Version Tinstall Tcheck Ttotal Status Flags
r-devel-linux-x86_64-debian-clang 0.3-0 15.89 33.41 49.30 NOTE
r-devel-linux-x86_64-debian-gcc 0.3-0 10.96 26.35 37.31 NOTE
r-devel-linux-x86_64-fedora-clang 0.3-0 67.28 NOTE
r-devel-linux-x86_64-fedora-gcc 0.3-0 61.36 NOTE
r-devel-windows-ix86+x86_64 0.3-0 31.00 76.00 107.00 OK
r-patched-linux-x86_64 0.3-0 16.08 35.29 51.37 NOTE
r-patched-solaris-x86 0.3-0 82.70 OK
r-release-linux-x86_64 0.3-0 14.42 35.77 50.19 NOTE
r-release-windows-ix86+x86_64 0.3-0 42.00 88.00 130.00 OK
r-release-osx-x86_64 0.3-0 OK
r-oldrel-windows-ix86+x86_64 0.3-0 42.00 85.00 127.00 OK
r-oldrel-osx-x86_64 0.3-0 OK

Check Details

Version: 0.3-0
Check: compiled code
Result: NOTE
    File ‘smam/libs/smam.so’:
     Found no calls to: ‘R_registerRoutines’, ‘R_useDynamicSymbols’
    
    It is good practice to register native routines and to disable symbol
    search.
    
    See ‘Writing portable packages’ in the ‘Writing R Extensions’ manual.
Flavors: r-devel-linux-x86_64-debian-clang, r-devel-linux-x86_64-debian-gcc, r-devel-linux-x86_64-fedora-clang, r-devel-linux-x86_64-fedora-gcc, r-patched-linux-x86_64, r-release-linux-x86_64