CRAN Package Check Results for Package smam

Last updated on 2017-08-22 05:47:23.

Flavor Version Tinstall Tcheck Ttotal Status Flags
r-devel-linux-x86_64-debian-clang 0.3-0 9.34 26.07 35.41 NOTE
r-devel-linux-x86_64-debian-gcc 0.3-0 10.29 25.36 35.65 NOTE
r-devel-linux-x86_64-fedora-clang 0.3-0 68.84 NOTE
r-devel-linux-x86_64-fedora-gcc 0.3-0 65.15 NOTE
r-devel-windows-ix86+x86_64 0.3-0 47.00 72.00 119.00 OK
r-patched-linux-x86_64 0.3-0 10.05 26.59 36.64 NOTE
r-patched-solaris-x86 0.3-0 83.00 OK
r-release-linux-x86_64 0.3-0 9.79 24.82 34.62 NOTE
r-release-windows-ix86+x86_64 0.3-0 33.00 85.00 118.00 OK
r-release-osx-x86_64 0.3-0 OK
r-oldrel-windows-ix86+x86_64 0.3-0 37.00 66.00 103.00 OK
r-oldrel-osx-x86_64 0.3-0 OK

Check Details

Version: 0.3-0
Check: compiled code
Result: NOTE
    File ‘smam/libs/smam.so’:
     Found no calls to: ‘R_registerRoutines’, ‘R_useDynamicSymbols’
    
    It is good practice to register native routines and to disable symbol
    search.
    
    See ‘Writing portable packages’ in the ‘Writing R Extensions’ manual.
Flavors: r-devel-linux-x86_64-debian-clang, r-devel-linux-x86_64-debian-gcc, r-devel-linux-x86_64-fedora-clang, r-devel-linux-x86_64-fedora-gcc, r-patched-linux-x86_64, r-release-linux-x86_64