CRAN Package Check Results for Package smam

Last updated on 2017-05-25 06:48:15.

Flavor Version Tinstall Tcheck Ttotal Status Flags
r-devel-linux-x86_64-debian-clang 0.3-0 9.63 24.60 34.23 NOTE
r-devel-linux-x86_64-debian-gcc 0.3-0 9.87 24.17 34.04 NOTE
r-devel-linux-x86_64-fedora-clang 0.3-0 68.64 NOTE --no-stop-on-test-error
r-devel-linux-x86_64-fedora-gcc 0.3-0 65.66 NOTE --no-stop-on-test-error
r-devel-windows-ix86+x86_64 0.3-0 32.00 97.00 129.00 OK
r-patched-linux-x86_64 0.3-0 8.65 23.97 32.63 NOTE
r-patched-solaris-sparc 0.3-0 363.80 OK
r-patched-solaris-x86 0.3-0 73.90 OK --no-stop-on-test-error
r-release-linux-x86_64 0.3-0 8.43 24.98 33.42 NOTE
r-release-windows-ix86+x86_64 0.3-0 45.00 70.00 115.00 OK
r-release-osx-x86_64 0.3-0 OK
r-oldrel-windows-ix86+x86_64 0.3-0 36.00 82.00 118.00 OK
r-oldrel-osx-x86_64 0.3-0 OK

Check Details

Version: 0.3-0
Check: compiled code
Result: NOTE
    File ‘smam/libs/smam.so’:
     Found no calls to: ‘R_registerRoutines’, ‘R_useDynamicSymbols’
    
    It is good practice to register native routines and to disable symbol
    search.
    
    See ‘Writing portable packages’ in the ‘Writing R Extensions’ manual.
Flavors: r-devel-linux-x86_64-debian-clang, r-devel-linux-x86_64-debian-gcc, r-patched-linux-x86_64, r-release-linux-x86_64

Version: 0.3-0
Flags: --no-stop-on-test-error
Check: compiled code
Result: NOTE
    File ‘smam/libs/smam.so’:
     Found no calls to: ‘R_registerRoutines’, ‘R_useDynamicSymbols’
    
    It is good practice to register native routines and to disable symbol
    search.
    
    See ‘Writing portable packages’ in the ‘Writing R Extensions’ manual.
Flavors: r-devel-linux-x86_64-fedora-clang, r-devel-linux-x86_64-fedora-gcc