CRAN Package Check Results for Package smam

Last updated on 2014-12-19 12:48:28.

Flavor Version Tinstall Tcheck Ttotal Status Flags
r-devel-linux-x86_64-debian-clang 0.2-2 3.46 33.79 37.25 NOTE
r-devel-linux-x86_64-debian-gcc 0.2-2 3.32 33.43 36.75 NOTE
r-devel-linux-x86_64-fedora-clang 0.2-2 90.37 NOTE
r-devel-linux-x86_64-fedora-gcc 0.2-2 85.00 NOTE
r-devel-osx-x86_64-clang 0.2-2 74.40 NOTE
r-devel-windows-ix86+x86_64 0.2-2 11.00 66.00 77.00 NOTE
r-patched-linux-x86_64 0.2-2 3.47 34.06 37.53 NOTE
r-patched-solaris-sparc 0.2-2 490.60 NOTE
r-patched-solaris-x86 0.2-2 120.00 NOTE
r-release-linux-ix86 0.2-2 4.09 43.08 47.17 NOTE
r-release-linux-x86_64 0.2-2 3.38 34.13 37.50 NOTE
r-release-osx-x86_64-mavericks 0.2-2 NOTE
r-release-osx-x86_64-snowleopard 0.2-2 OK
r-release-windows-ix86+x86_64 0.2-2 11.00 68.00 79.00 NOTE
r-oldrel-windows-ix86+x86_64 0.2-2 12.00 68.00 80.00 NOTE

Check Details

Version: 0.2-2
Check: dependencies in R code
Result: NOTE
    Package in Depends field not imported from: ‘Matrix’
     These packages need to be imported from (in the NAMESPACE file)
     for when this namespace is loaded but not attached.
    See the information on DESCRIPTION files in the chapter ‘Creating R
    packages’ of the ‘Writing R Extensions’ manual.
Flavors: r-devel-linux-x86_64-debian-clang, r-devel-linux-x86_64-debian-gcc, r-devel-linux-x86_64-fedora-clang, r-devel-linux-x86_64-fedora-gcc, r-devel-osx-x86_64-clang, r-devel-windows-ix86+x86_64, r-patched-linux-x86_64, r-patched-solaris-sparc, r-patched-solaris-x86, r-release-linux-ix86, r-release-linux-x86_64, r-release-osx-x86_64-mavericks, r-release-windows-ix86+x86_64, r-oldrel-windows-ix86+x86_64

Version: 0.2-2
Check: R code for possible problems
Result: NOTE
    getSparseSigma: no visible global function definition for ‘bandSparse’
Flavors: r-devel-linux-x86_64-debian-clang, r-devel-linux-x86_64-debian-gcc, r-devel-linux-x86_64-fedora-clang, r-devel-linux-x86_64-fedora-gcc, r-devel-osx-x86_64-clang, r-devel-windows-ix86+x86_64, r-patched-linux-x86_64, r-patched-solaris-sparc, r-patched-solaris-x86, r-release-linux-ix86, r-release-linux-x86_64, r-release-windows-ix86+x86_64