CRAN Package Check Results for Package smam

Last updated on 2015-05-25 23:47:37.

Flavor Version Tinstall Tcheck Ttotal Status Flags
r-devel-linux-x86_64-debian-clang 0.2-2 2.87 31.15 34.02 NOTE
r-devel-linux-x86_64-debian-gcc 0.2-2 2.65 28.06 30.71 NOTE
r-devel-linux-x86_64-fedora-clang 0.2-2 62.71 NOTE
r-devel-linux-x86_64-fedora-gcc 0.2-2 63.70 NOTE
r-devel-osx-x86_64-clang 0.2-2 56.43 NOTE
r-devel-windows-ix86+x86_64 0.2-2 11.00 59.00 70.00 NOTE
r-patched-linux-x86_64 0.2-2 2.64 28.42 31.06 NOTE
r-patched-solaris-sparc 0.2-2 395.70 NOTE
r-patched-solaris-x86 0.2-2 89.50 NOTE
r-release-linux-x86_64 0.2-2 2.81 28.33 31.14 NOTE
r-release-osx-x86_64-mavericks 0.2-2 NOTE
r-release-osx-x86_64-snowleopard 0.2-2 NOTE
r-release-windows-ix86+x86_64 0.2-2 10.00 54.00 64.00 NOTE
r-oldrel-windows-ix86+x86_64 0.2-2 10.00 92.00 102.00 NOTE

Check Details

Version: 0.2-2
Check: dependencies in R code
Result: NOTE
    Package in Depends field not imported from: ‘Matrix’
     These packages need to be imported from (in the NAMESPACE file)
     for when this namespace is loaded but not attached.
Flavors: r-devel-linux-x86_64-debian-clang, r-devel-linux-x86_64-debian-gcc, r-devel-linux-x86_64-fedora-clang, r-devel-linux-x86_64-fedora-gcc, r-devel-osx-x86_64-clang, r-devel-windows-ix86+x86_64, r-patched-linux-x86_64, r-patched-solaris-sparc, r-patched-solaris-x86, r-release-linux-x86_64, r-release-osx-x86_64-mavericks, r-release-osx-x86_64-snowleopard, r-release-windows-ix86+x86_64, r-oldrel-windows-ix86+x86_64

Version: 0.2-2
Check: R code for possible problems
Result: NOTE
    getSparseSigma: no visible global function definition for ‘bandSparse’
Flavors: r-devel-linux-x86_64-debian-clang, r-devel-linux-x86_64-debian-gcc, r-devel-linux-x86_64-fedora-clang, r-devel-linux-x86_64-fedora-gcc, r-devel-osx-x86_64-clang, r-devel-windows-ix86+x86_64, r-patched-linux-x86_64, r-patched-solaris-sparc, r-patched-solaris-x86, r-release-linux-x86_64, r-release-osx-x86_64-mavericks, r-release-osx-x86_64-snowleopard, r-release-windows-ix86+x86_64, r-oldrel-windows-ix86+x86_64