CRAN Package Check Results for Package smam

Last updated on 2014-04-18 11:47:26.

Flavor Version Tinstall Tcheck Ttotal Status Flags
r-devel-linux-x86_64-debian-clang 0.2-2 3.56 37.14 40.69 NOTE
r-devel-linux-x86_64-debian-gcc NOTE
r-devel-linux-x86_64-fedora-clang 0.2-2 92.91 NOTE
r-devel-linux-x86_64-fedora-gcc 0.2-2 89.14 NOTE
r-devel-macosx-x86_64-clang 0.2-2 82.20 NOTE
r-devel-macosx-x86_64-gcc 0.2-2 NOTE
r-devel-windows-ix86+x86_64 0.2-2 11.00 66.00 77.00 NOTE
r-patched-linux-x86_64 0.2-2 3.54 38.09 41.62 NOTE
r-patched-solaris-sparc 0.2-2 505.90 NOTE
r-patched-solaris-x86 0.2-2 122.70 NOTE
r-release-linux-ix86 0.2-2 8.00 62.00 70.00 NOTE
r-release-linux-x86_64 0.2-2 3.64 37.30 40.94 NOTE
r-release-macosx-x86_64 0.2-2 OK
r-release-windows-ix86+x86_64 0.2-2 9.00 65.00 74.00 NOTE
r-oldrel-windows-ix86+x86_64 0.2-2 9.00 64.00 73.00 NOTE

Check Details

Version: 0.2-2
Check: dependencies in R code
Result: NOTE
    Package in Depends field not imported from: ‘Matrix’
     These packages need to be imported from (in the NAMESPACE file)
     for when this namespace is loaded but not attached.
    See the information on DESCRIPTION files in the chapter ‘Creating R
    packages’ of the ‘Writing R Extensions’ manual.
Flavors: r-devel-linux-x86_64-debian-clang, r-devel-linux-x86_64-debian-gcc, r-devel-linux-x86_64-fedora-clang, r-devel-linux-x86_64-fedora-gcc, r-devel-macosx-x86_64-clang, r-devel-macosx-x86_64-gcc, r-devel-windows-ix86+x86_64, r-patched-linux-x86_64, r-patched-solaris-sparc, r-patched-solaris-x86, r-release-linux-ix86, r-release-linux-x86_64, r-release-windows-ix86+x86_64, r-oldrel-windows-ix86+x86_64