CRAN Package Check Results for Package smam

Last updated on 2014-09-17 19:47:45.

Flavor Version Tinstall Tcheck Ttotal Status Flags
r-devel-linux-x86_64-debian-clang 0.2-2 3.22 34.49 37.71 NOTE
r-devel-linux-x86_64-debian-gcc 0.2-2 3.21 32.78 35.99 NOTE
r-devel-linux-x86_64-fedora-clang 0.2-2 85.03 NOTE
r-devel-linux-x86_64-fedora-gcc 0.2-2 80.09 NOTE
r-devel-osx-x86_64-clang 0.2-2 71.66 NOTE
r-devel-windows-ix86+x86_64 0.2-2 10.00 61.00 71.00 NOTE
r-patched-linux-x86_64 0.2-2 3.47 36.14 39.62 NOTE
r-patched-solaris-sparc 0.2-2 493.30 NOTE
r-patched-solaris-x86 0.2-2 122.10 NOTE
r-release-linux-ix86 0.2-2 4.28 45.23 49.51 NOTE
r-release-linux-x86_64 0.2-2 3.43 36.19 39.62 NOTE
r-release-osx-x86_64-mavericks 0.2-2 NOTE
r-release-osx-x86_64-snowleopard 0.2-2 OK
r-release-windows-ix86+x86_64 0.2-2 10.00 65.00 75.00 NOTE
r-oldrel-windows-ix86+x86_64 0.2-2 11.00 62.00 73.00 NOTE

Check Details

Version: 0.2-2
Check: dependencies in R code
Result: NOTE
    Package in Depends field not imported from: ‘Matrix’
     These packages need to be imported from (in the NAMESPACE file)
     for when this namespace is loaded but not attached.
    See the information on DESCRIPTION files in the chapter ‘Creating R
    packages’ of the ‘Writing R Extensions’ manual.
Flavors: r-devel-linux-x86_64-debian-clang, r-devel-linux-x86_64-debian-gcc, r-devel-linux-x86_64-fedora-clang, r-devel-linux-x86_64-fedora-gcc, r-devel-osx-x86_64-clang, r-devel-windows-ix86+x86_64, r-patched-linux-x86_64, r-patched-solaris-sparc, r-patched-solaris-x86, r-release-linux-ix86, r-release-linux-x86_64, r-release-osx-x86_64-mavericks, r-release-windows-ix86+x86_64, r-oldrel-windows-ix86+x86_64

Version: 0.2-2
Check: R code for possible problems
Result: NOTE
    getSparseSigma: no visible global function definition for ‘bandSparse’
Flavors: r-devel-linux-x86_64-debian-clang, r-devel-linux-x86_64-debian-gcc, r-devel-linux-x86_64-fedora-clang, r-devel-linux-x86_64-fedora-gcc, r-devel-osx-x86_64-clang, r-devel-windows-ix86+x86_64