CRAN Package Check Results for Package smam

Last updated on 2017-12-11 02:49:01 CET.

Flavor Version Tinstall Tcheck Ttotal Status Flags
r-devel-linux-x86_64-debian-clang 0.3-0 13.86 29.04 42.90 NOTE
r-devel-linux-x86_64-debian-gcc 0.3-0 11.25 25.55 36.80 NOTE
r-devel-linux-x86_64-fedora-clang 0.3-0 60.35 NOTE
r-devel-linux-x86_64-fedora-gcc 0.3-0 57.02 NOTE
r-devel-windows-ix86+x86_64 0.3-0 48.00 68.00 116.00 OK
r-patched-linux-x86_64 0.3-0 14.21 35.18 49.39 NOTE
r-patched-solaris-x86 0.3-0 80.20 OK
r-release-linux-x86_64 0.3-0 13.91 36.69 50.60 NOTE
r-release-windows-ix86+x86_64 0.3-0 35.00 93.00 128.00 OK
r-release-osx-x86_64 0.3-0 OK
r-oldrel-windows-ix86+x86_64 0.3-0 44.00 86.00 130.00 OK
r-oldrel-osx-x86_64 0.3-0 OK

Check Details

Version: 0.3-0
Check: compiled code
Result: NOTE
    File ‘smam/libs/smam.so’:
     Found no calls to: ‘R_registerRoutines’, ‘R_useDynamicSymbols’
    
    It is good practice to register native routines and to disable symbol
    search.
    
    See ‘Writing portable packages’ in the ‘Writing R Extensions’ manual.
Flavors: r-devel-linux-x86_64-debian-clang, r-devel-linux-x86_64-debian-gcc, r-devel-linux-x86_64-fedora-clang, r-devel-linux-x86_64-fedora-gcc, r-patched-linux-x86_64, r-release-linux-x86_64