CRAN Package Check Results for Package smam

Last updated on 2017-10-20 06:49:08.

Flavor Version Tinstall Tcheck Ttotal Status Flags
r-devel-linux-x86_64-debian-clang 0.3-0 9.48 23.79 33.27 NOTE
r-devel-linux-x86_64-debian-gcc 0.3-0 10.66 24.02 34.68 NOTE
r-devel-linux-x86_64-fedora-clang 0.3-0 66.01 NOTE
r-devel-linux-x86_64-fedora-gcc 0.3-0 62.49 NOTE
r-devel-windows-ix86+x86_64 0.3-0 42.00 69.00 111.00 OK
r-patched-linux-x86_64 0.3-0 10.05 24.93 34.98 NOTE
r-patched-solaris-x86 0.3-0 85.10 OK
r-release-linux-x86_64 0.3-0 9.93 25.20 35.13 NOTE
r-release-windows-ix86+x86_64 0.3-0 42.00 70.00 112.00 OK
r-release-osx-x86_64 0.3-0 OK
r-oldrel-windows-ix86+x86_64 0.3-0 32.00 82.00 114.00 OK
r-oldrel-osx-x86_64 0.3-0 OK

Check Details

Version: 0.3-0
Check: compiled code
Result: NOTE
    File ‘smam/libs/smam.so’:
     Found no calls to: ‘R_registerRoutines’, ‘R_useDynamicSymbols’
    
    It is good practice to register native routines and to disable symbol
    search.
    
    See ‘Writing portable packages’ in the ‘Writing R Extensions’ manual.
Flavors: r-devel-linux-x86_64-debian-clang, r-devel-linux-x86_64-debian-gcc, r-devel-linux-x86_64-fedora-clang, r-devel-linux-x86_64-fedora-gcc, r-patched-linux-x86_64, r-release-linux-x86_64