CRAN Package Check Results for Package smam

Last updated on 2018-06-20 06:47:06 CEST.

Flavor Version Tinstall Tcheck Ttotal Status Flags
r-devel-linux-x86_64-debian-clang 0.3-0 17.45 38.47 55.92 NOTE
r-devel-linux-x86_64-debian-gcc 0.3-0 12.48 28.91 41.39 NOTE
r-devel-linux-x86_64-fedora-clang 0.3-0 69.53 NOTE
r-devel-linux-x86_64-fedora-gcc 0.3-0 65.63 NOTE
r-devel-windows-ix86+x86_64 0.3-0 48.00 73.00 121.00 OK
r-patched-linux-x86_64 0.3-0 17.39 34.04 51.43 NOTE
r-patched-solaris-x86 0.3-0 85.40 OK
r-release-linux-x86_64 0.3-0 15.51 33.37 48.88 NOTE
r-release-windows-ix86+x86_64 0.3-0 33.00 95.00 128.00 OK
r-release-osx-x86_64 0.3-0 OK
r-oldrel-windows-ix86+x86_64 0.3-0 45.00 68.00 113.00 OK
r-oldrel-osx-x86_64 0.3-0 OK

Check Details

Version: 0.3-0
Check: compiled code
Result: NOTE
    File ‘smam/libs/smam.so’:
     Found no calls to: ‘R_registerRoutines’, ‘R_useDynamicSymbols’
    
    It is good practice to register native routines and to disable symbol
    search.
    
    See ‘Writing portable packages’ in the ‘Writing R Extensions’ manual.
Flavors: r-devel-linux-x86_64-debian-clang, r-devel-linux-x86_64-debian-gcc, r-devel-linux-x86_64-fedora-clang, r-devel-linux-x86_64-fedora-gcc, r-patched-linux-x86_64, r-release-linux-x86_64