CRAN Package Check Results for Package smam

Last updated on 2014-11-28 11:50:32.

Flavor Version Tinstall Tcheck Ttotal Status Flags
r-devel-linux-x86_64-debian-clang 0.2-2 3.19 33.51 36.70 NOTE
r-devel-linux-x86_64-debian-gcc 0.2-2 3.14 33.31 36.45 NOTE
r-devel-linux-x86_64-fedora-clang 0.2-2 93.11 NOTE
r-devel-linux-x86_64-fedora-gcc 0.2-2 86.03 NOTE
r-devel-osx-x86_64-clang 0.2-2 74.19 NOTE
r-devel-windows-ix86+x86_64 0.2-2 11.00 65.00 76.00 NOTE
r-patched-linux-x86_64 0.2-2 3.72 33.85 37.56 NOTE
r-patched-solaris-sparc 0.2-2 490.60 NOTE
r-patched-solaris-x86 0.2-2 121.60 NOTE
r-release-linux-ix86 0.2-2 4.08 43.05 47.13 NOTE
r-release-linux-x86_64 0.2-2 3.59 33.85 37.44 NOTE
r-release-osx-x86_64-mavericks 0.2-2 NOTE
r-release-osx-x86_64-snowleopard 0.2-2 OK
r-release-windows-ix86+x86_64 0.2-2 11.00 67.00 78.00 NOTE
r-oldrel-windows-ix86+x86_64 0.2-2 11.00 66.00 77.00 NOTE

Check Details

Version: 0.2-2
Check: dependencies in R code
Result: NOTE
    Package in Depends field not imported from: ‘Matrix’
     These packages need to be imported from (in the NAMESPACE file)
     for when this namespace is loaded but not attached.
    See the information on DESCRIPTION files in the chapter ‘Creating R
    packages’ of the ‘Writing R Extensions’ manual.
Flavors: r-devel-linux-x86_64-debian-clang, r-devel-linux-x86_64-debian-gcc, r-devel-linux-x86_64-fedora-clang, r-devel-linux-x86_64-fedora-gcc, r-devel-osx-x86_64-clang, r-devel-windows-ix86+x86_64, r-patched-linux-x86_64, r-patched-solaris-sparc, r-patched-solaris-x86, r-release-linux-ix86, r-release-linux-x86_64, r-release-osx-x86_64-mavericks, r-release-windows-ix86+x86_64, r-oldrel-windows-ix86+x86_64

Version: 0.2-2
Check: R code for possible problems
Result: NOTE
    getSparseSigma: no visible global function definition for ‘bandSparse’
Flavors: r-devel-linux-x86_64-debian-clang, r-devel-linux-x86_64-debian-gcc, r-devel-linux-x86_64-fedora-clang, r-devel-linux-x86_64-fedora-gcc, r-devel-osx-x86_64-clang, r-devel-windows-ix86+x86_64, r-patched-linux-x86_64, r-patched-solaris-sparc, r-patched-solaris-x86, r-release-linux-ix86, r-release-linux-x86_64, r-release-windows-ix86+x86_64